{"id":314909,"date":"2024-07-25T12:04:00","date_gmt":"2024-07-25T10:04:00","guid":{"rendered":"https:\/\/en3s.fr\/formation-professionnelle\/?page_id=314909"},"modified":"2024-09-30T12:00:55","modified_gmt":"2024-09-30T10:00:55","slug":"elles-sont-cap","status":"publish","type":"page","link":"https:\/\/en3s.fr\/formation-professionnelle\/formations-professionnelles\/formations-de-branches-et-reseaux\/elles-sont-cap\/","title":{"rendered":"Elles sont cap"},"content":{"rendered":"<p><img loading=\"lazy\" decoding=\"async\" class=\"wp-image-313733 alignright\" src=\"https:\/\/en3s.fr\/formation-professionnelle\/wp-content\/uploads\/sites\/3\/2023\/06\/logo-en3s.jpg\" alt=\"\" width=\"95\" height=\"74\" srcset=\"https:\/\/en3s.fr\/formation-professionnelle\/wp-content\/uploads\/sites\/3\/2023\/06\/logo-en3s.jpg 600w, https:\/\/en3s.fr\/formation-professionnelle\/wp-content\/uploads\/sites\/3\/2023\/06\/logo-en3s-275x215.jpg 275w, https:\/\/en3s.fr\/formation-professionnelle\/wp-content\/uploads\/sites\/3\/2023\/06\/logo-en3s-500x390.jpg 500w, https:\/\/en3s.fr\/formation-professionnelle\/wp-content\/uploads\/sites\/3\/2023\/06\/logo-en3s-230x179.jpg 230w\" sizes=\"auto, (max-width: 95px) 100vw, 95px\" \/><img loading=\"lazy\" decoding=\"async\" class=\"wp-image-314911 alignright\" src=\"https:\/\/en3s.fr\/formation-professionnelle\/wp-content\/uploads\/sites\/3\/2024\/07\/logo-ucanss.png\" alt=\"\" width=\"147\" height=\"51\" srcset=\"https:\/\/en3s.fr\/formation-professionnelle\/wp-content\/uploads\/sites\/3\/2024\/07\/logo-ucanss.png 338w, https:\/\/en3s.fr\/formation-professionnelle\/wp-content\/uploads\/sites\/3\/2024\/07\/logo-ucanss-275x94.png 275w, https:\/\/en3s.fr\/formation-professionnelle\/wp-content\/uploads\/sites\/3\/2024\/07\/logo-ucanss-230x78.png 230w\" sizes=\"auto, (max-width: 147px) 100vw, 147px\" \/><\/p>\n<p>L\u2019UCANSS et l\u2019EN3S s\u2019associent pour lancer le programme \u00ab Elles sont cap\u2019 \u00bb, dispositif visant \u00e0 soutenir les femmes agents de direction dans leur progression vers&nbsp;des postes de pleine direction.<\/p>\n<p>Le principal constat qui a \u00e9t\u00e9 \u00e0 l\u2019origine du lancement de cette d\u00e9marche est que les hommes sont plus nombreux que les femmes \u00e0 des postes de directeurs. Lorsqu\u2019elles candidatent, elles sont nomm\u00e9es dans les m\u00eames proportions que les hommes mais&#8230; elles candidatent moins ! En mars 2023, l\u2019UCANSS a lanc\u00e9 une enqu\u00eate nationale, interrogeant les agents de direction autour des freins \u00e0 l\u2019accession aux postes de directeurs et parmi les r\u00e9sultats de cette enqu\u00eate, plusieurs freins ont \u00e9t\u00e9 identifi\u00e9s tels que la difficult\u00e9 \u00e0 concilier la vie professionnelle et la vie personnelle, la difficult\u00e9 \u00e0 \u00eatre mobile g\u00e9ographiquement, le manque d\u2019accompagnement ou la difficult\u00e9 \u00e0 appr\u00e9hender les crit\u00e8res de recrutement et de s\u00e9lection des directeurs.&nbsp;&nbsp;<br \/>\nEn lien avec les Caisses nationales, les contours d\u2019un programme sp\u00e9cifique en faveur des femmes agents de direction, potentielles candidates \u00e0 des postes de pleine direction, ont donc \u00e9t\u00e9 dessin\u00e9s et ont donn\u00e9 naissance \u00e0 la d\u00e9marche \u201cElles sont Cap\u2019\u201d.&nbsp;<\/p>\n","protected":false},"excerpt":{"rendered":"<p>accompagner les femmes cadres dirigeants de la s\u00e9curit\u00e9 sociale dans leur projet de carri\u00e8re<\/p>\n","protected":false},"author":4,"featured_media":0,"parent":1223,"menu_order":0,"comment_status":"closed","ping_status":"closed","template":"partials\/template-formation.php","meta":{"ngg_post_thumbnail":0,"footnotes":""},"class_list":["post-314909","page","type-page","status-publish","hentry"],"yoast_head":"<!-- This site is optimized with the Yoast SEO plugin v24.9 - https:\/\/yoast.com\/wordpress\/plugins\/seo\/ -->\n<title>Elles sont cap - Formations professionnelles de l&#039;EN3S<\/title>\n<meta name=\"description\" content=\"accompagner les femmes cadres dirigeants de la s\u00e9curit\u00e9 sociale dans leur projet de carri\u00e8re\" \/>\n<meta name=\"robots\" content=\"index, follow, max-snippet:-1, max-image-preview:large, max-video-preview:-1\" \/>\n<link rel=\"canonical\" href=\"https:\/\/en3s.fr\/formation-professionnelle\/formations-professionnelles\/formations-de-branches-et-reseaux\/elles-sont-cap\/\" \/>\n<meta property=\"og:locale\" content=\"fr_FR\" \/>\n<meta property=\"og:type\" content=\"article\" \/>\n<meta property=\"og:title\" content=\"Elles sont cap - Formations professionnelles de l&#039;EN3S\" \/>\n<meta property=\"og:description\" content=\"accompagner les femmes cadres dirigeants de la s\u00e9curit\u00e9 sociale dans leur projet de carri\u00e8re\" \/>\n<meta property=\"og:url\" content=\"https:\/\/en3s.fr\/formation-professionnelle\/formations-professionnelles\/formations-de-branches-et-reseaux\/elles-sont-cap\/\" \/>\n<meta property=\"og:site_name\" content=\"Formations professionnelles de l&#039;EN3S\" \/>\n<meta property=\"article:modified_time\" content=\"2024-09-30T10:00:55+00:00\" \/>\n<meta property=\"og:image\" content=\"https:\/\/en3s.fr\/formation-professionnelle\/wp-content\/uploads\/sites\/3\/2023\/06\/logo-en3s.jpg\" \/>\n<meta name=\"twitter:card\" content=\"summary_large_image\" \/>\n<meta name=\"twitter:label1\" content=\"Dur\u00e9e de lecture estim\u00e9e\" \/>\n\t<meta name=\"twitter:data1\" content=\"2 minutes\" \/>\n<script type=\"application\/ld+json\" class=\"yoast-schema-graph\">{\"@context\":\"https:\/\/schema.org\",\"@graph\":[{\"@type\":\"WebPage\",\"@id\":\"https:\/\/en3s.fr\/formation-professionnelle\/formations-professionnelles\/formations-de-branches-et-reseaux\/elles-sont-cap\/\",\"url\":\"https:\/\/en3s.fr\/formation-professionnelle\/formations-professionnelles\/formations-de-branches-et-reseaux\/elles-sont-cap\/\",\"name\":\"Elles sont cap - Formations professionnelles de l&#039;EN3S\",\"isPartOf\":{\"@id\":\"https:\/\/en3s.fr\/formation-professionnelle\/#website\"},\"primaryImageOfPage\":{\"@id\":\"https:\/\/en3s.fr\/formation-professionnelle\/formations-professionnelles\/formations-de-branches-et-reseaux\/elles-sont-cap\/#primaryimage\"},\"image\":{\"@id\":\"https:\/\/en3s.fr\/formation-professionnelle\/formations-professionnelles\/formations-de-branches-et-reseaux\/elles-sont-cap\/#primaryimage\"},\"thumbnailUrl\":\"https:\/\/en3s.fr\/formation-professionnelle\/wp-content\/uploads\/sites\/3\/2023\/06\/logo-en3s.jpg\",\"datePublished\":\"2024-07-25T10:04:00+00:00\",\"dateModified\":\"2024-09-30T10:00:55+00:00\",\"description\":\"accompagner les femmes cadres dirigeants de la s\u00e9curit\u00e9 sociale dans leur projet de carri\u00e8re\",\"breadcrumb\":{\"@id\":\"https:\/\/en3s.fr\/formation-professionnelle\/formations-professionnelles\/formations-de-branches-et-reseaux\/elles-sont-cap\/#breadcrumb\"},\"inLanguage\":\"fr-FR\",\"potentialAction\":[{\"@type\":\"ReadAction\",\"target\":[\"https:\/\/en3s.fr\/formation-professionnelle\/formations-professionnelles\/formations-de-branches-et-reseaux\/elles-sont-cap\/\"]}]},{\"@type\":\"ImageObject\",\"inLanguage\":\"fr-FR\",\"@id\":\"https:\/\/en3s.fr\/formation-professionnelle\/formations-professionnelles\/formations-de-branches-et-reseaux\/elles-sont-cap\/#primaryimage\",\"url\":\"https:\/\/en3s.fr\/formation-professionnelle\/wp-content\/uploads\/sites\/3\/2023\/06\/logo-en3s.jpg\",\"contentUrl\":\"https:\/\/en3s.fr\/formation-professionnelle\/wp-content\/uploads\/sites\/3\/2023\/06\/logo-en3s.jpg\",\"width\":600,\"height\":468},{\"@type\":\"BreadcrumbList\",\"@id\":\"https:\/\/en3s.fr\/formation-professionnelle\/formations-professionnelles\/formations-de-branches-et-reseaux\/elles-sont-cap\/#breadcrumb\",\"itemListElement\":[{\"@type\":\"ListItem\",\"position\":1,\"name\":\"Accueil\",\"item\":\"https:\/\/en3s.fr\/formation-professionnelle\/\"},{\"@type\":\"ListItem\",\"position\":2,\"name\":\"Formations professionnelles\",\"item\":\"https:\/\/en3s.fr\/formation-professionnelle\/formations-professionnelles\/\"},{\"@type\":\"ListItem\",\"position\":3,\"name\":\"Formations de branches et r\u00e9seaux\",\"item\":\"https:\/\/en3s.fr\/formation-professionnelle\/formations-professionnelles\/formations-de-branches-et-reseaux\/\"},{\"@type\":\"ListItem\",\"position\":4,\"name\":\"Elles sont cap\"}]},{\"@type\":\"WebSite\",\"@id\":\"https:\/\/en3s.fr\/formation-professionnelle\/#website\",\"url\":\"https:\/\/en3s.fr\/formation-professionnelle\/\",\"name\":\"Formations professionnelles de l&#039;EN3S\",\"description\":\"Site des formations professionnelles de l&#039;EN3S\",\"potentialAction\":[{\"@type\":\"SearchAction\",\"target\":{\"@type\":\"EntryPoint\",\"urlTemplate\":\"https:\/\/en3s.fr\/formation-professionnelle\/?s={search_term_string}\"},\"query-input\":{\"@type\":\"PropertyValueSpecification\",\"valueRequired\":true,\"valueName\":\"search_term_string\"}}],\"inLanguage\":\"fr-FR\"}]}<\/script>\n<!-- \/ Yoast SEO plugin. -->","yoast_head_json":{"title":"Elles sont cap - Formations professionnelles de l&#039;EN3S","description":"accompagner les femmes cadres dirigeants de la s\u00e9curit\u00e9 sociale dans leur projet de carri\u00e8re","robots":{"index":"index","follow":"follow","max-snippet":"max-snippet:-1","max-image-preview":"max-image-preview:large","max-video-preview":"max-video-preview:-1"},"canonical":"https:\/\/en3s.fr\/formation-professionnelle\/formations-professionnelles\/formations-de-branches-et-reseaux\/elles-sont-cap\/","og_locale":"fr_FR","og_type":"article","og_title":"Elles sont cap - Formations professionnelles de l&#039;EN3S","og_description":"accompagner les femmes cadres dirigeants de la s\u00e9curit\u00e9 sociale dans leur projet de carri\u00e8re","og_url":"https:\/\/en3s.fr\/formation-professionnelle\/formations-professionnelles\/formations-de-branches-et-reseaux\/elles-sont-cap\/","og_site_name":"Formations professionnelles de l&#039;EN3S","article_modified_time":"2024-09-30T10:00:55+00:00","og_image":[{"url":"https:\/\/en3s.fr\/formation-professionnelle\/wp-content\/uploads\/sites\/3\/2023\/06\/logo-en3s.jpg","type":"","width":"","height":""}],"twitter_card":"summary_large_image","twitter_misc":{"Dur\u00e9e de lecture estim\u00e9e":"2 minutes"},"schema":{"@context":"https:\/\/schema.org","@graph":[{"@type":"WebPage","@id":"https:\/\/en3s.fr\/formation-professionnelle\/formations-professionnelles\/formations-de-branches-et-reseaux\/elles-sont-cap\/","url":"https:\/\/en3s.fr\/formation-professionnelle\/formations-professionnelles\/formations-de-branches-et-reseaux\/elles-sont-cap\/","name":"Elles sont cap - Formations professionnelles de l&#039;EN3S","isPartOf":{"@id":"https:\/\/en3s.fr\/formation-professionnelle\/#website"},"primaryImageOfPage":{"@id":"https:\/\/en3s.fr\/formation-professionnelle\/formations-professionnelles\/formations-de-branches-et-reseaux\/elles-sont-cap\/#primaryimage"},"image":{"@id":"https:\/\/en3s.fr\/formation-professionnelle\/formations-professionnelles\/formations-de-branches-et-reseaux\/elles-sont-cap\/#primaryimage"},"thumbnailUrl":"https:\/\/en3s.fr\/formation-professionnelle\/wp-content\/uploads\/sites\/3\/2023\/06\/logo-en3s.jpg","datePublished":"2024-07-25T10:04:00+00:00","dateModified":"2024-09-30T10:00:55+00:00","description":"accompagner les femmes cadres dirigeants de la s\u00e9curit\u00e9 sociale dans leur projet de carri\u00e8re","breadcrumb":{"@id":"https:\/\/en3s.fr\/formation-professionnelle\/formations-professionnelles\/formations-de-branches-et-reseaux\/elles-sont-cap\/#breadcrumb"},"inLanguage":"fr-FR","potentialAction":[{"@type":"ReadAction","target":["https:\/\/en3s.fr\/formation-professionnelle\/formations-professionnelles\/formations-de-branches-et-reseaux\/elles-sont-cap\/"]}]},{"@type":"ImageObject","inLanguage":"fr-FR","@id":"https:\/\/en3s.fr\/formation-professionnelle\/formations-professionnelles\/formations-de-branches-et-reseaux\/elles-sont-cap\/#primaryimage","url":"https:\/\/en3s.fr\/formation-professionnelle\/wp-content\/uploads\/sites\/3\/2023\/06\/logo-en3s.jpg","contentUrl":"https:\/\/en3s.fr\/formation-professionnelle\/wp-content\/uploads\/sites\/3\/2023\/06\/logo-en3s.jpg","width":600,"height":468},{"@type":"BreadcrumbList","@id":"https:\/\/en3s.fr\/formation-professionnelle\/formations-professionnelles\/formations-de-branches-et-reseaux\/elles-sont-cap\/#breadcrumb","itemListElement":[{"@type":"ListItem","position":1,"name":"Accueil","item":"https:\/\/en3s.fr\/formation-professionnelle\/"},{"@type":"ListItem","position":2,"name":"Formations professionnelles","item":"https:\/\/en3s.fr\/formation-professionnelle\/formations-professionnelles\/"},{"@type":"ListItem","position":3,"name":"Formations de branches et r\u00e9seaux","item":"https:\/\/en3s.fr\/formation-professionnelle\/formations-professionnelles\/formations-de-branches-et-reseaux\/"},{"@type":"ListItem","position":4,"name":"Elles sont cap"}]},{"@type":"WebSite","@id":"https:\/\/en3s.fr\/formation-professionnelle\/#website","url":"https:\/\/en3s.fr\/formation-professionnelle\/","name":"Formations professionnelles de l&#039;EN3S","description":"Site des formations professionnelles de l&#039;EN3S","potentialAction":[{"@type":"SearchAction","target":{"@type":"EntryPoint","urlTemplate":"https:\/\/en3s.fr\/formation-professionnelle\/?s={search_term_string}"},"query-input":{"@type":"PropertyValueSpecification","valueRequired":true,"valueName":"search_term_string"}}],"inLanguage":"fr-FR"}]}},"_links":{"self":[{"href":"https:\/\/en3s.fr\/formation-professionnelle\/wp-json\/wp\/v2\/pages\/314909","targetHints":{"allow":["GET"]}}],"collection":[{"href":"https:\/\/en3s.fr\/formation-professionnelle\/wp-json\/wp\/v2\/pages"}],"about":[{"href":"https:\/\/en3s.fr\/formation-professionnelle\/wp-json\/wp\/v2\/types\/page"}],"author":[{"embeddable":true,"href":"https:\/\/en3s.fr\/formation-professionnelle\/wp-json\/wp\/v2\/users\/4"}],"replies":[{"embeddable":true,"href":"https:\/\/en3s.fr\/formation-professionnelle\/wp-json\/wp\/v2\/comments?post=314909"}],"version-history":[{"count":0,"href":"https:\/\/en3s.fr\/formation-professionnelle\/wp-json\/wp\/v2\/pages\/314909\/revisions"}],"up":[{"embeddable":true,"href":"https:\/\/en3s.fr\/formation-professionnelle\/wp-json\/wp\/v2\/pages\/1223"}],"wp:attachment":[{"href":"https:\/\/en3s.fr\/formation-professionnelle\/wp-json\/wp\/v2\/media?parent=314909"}],"curies":[{"name":"wp","href":"https:\/\/api.w.org\/{rel}","templated":true}]}}