{"id":315008,"date":"2024-09-23T13:09:37","date_gmt":"2024-09-23T11:09:37","guid":{"rendered":"https:\/\/en3s.fr\/formation-professionnelle\/?page_id=315008"},"modified":"2024-10-24T12:06:58","modified_gmt":"2024-10-24T10:06:58","slug":"intelligence-artificielle-usages-et-deploiement-dans-les-organismes-de-securite-sociale","status":"publish","type":"page","link":"https:\/\/en3s.fr\/formation-professionnelle\/formations-professionnelles\/formations-de-branches-et-reseaux\/intelligence-artificielle-usages-et-deploiement-dans-les-organismes-de-securite-sociale\/","title":{"rendered":"Intelligence artificielle : Usages et d\u00e9ploiement dans les Organismes de S\u00e9curit\u00e9 Sociale"},"content":{"rendered":"<p><img loading=\"lazy\" decoding=\"async\" class=\"wp-image-315009 alignright\" src=\"https:\/\/en3s.fr\/formation-professionnelle\/wp-content\/uploads\/sites\/3\/2024\/09\/logo-cousinade-ops-midipy.png\" alt=\"\" width=\"127\" height=\"73\" srcset=\"https:\/\/en3s.fr\/formation-professionnelle\/wp-content\/uploads\/sites\/3\/2024\/09\/logo-cousinade-ops-midipy.png 1193w, https:\/\/en3s.fr\/formation-professionnelle\/wp-content\/uploads\/sites\/3\/2024\/09\/logo-cousinade-ops-midipy-768x440.png 768w, https:\/\/en3s.fr\/formation-professionnelle\/wp-content\/uploads\/sites\/3\/2024\/09\/logo-cousinade-ops-midipy-275x158.png 275w, https:\/\/en3s.fr\/formation-professionnelle\/wp-content\/uploads\/sites\/3\/2024\/09\/logo-cousinade-ops-midipy-680x390.png 680w, https:\/\/en3s.fr\/formation-professionnelle\/wp-content\/uploads\/sites\/3\/2024\/09\/logo-cousinade-ops-midipy-230x132.png 230w\" sizes=\"auto, (max-width: 127px) 100vw, 127px\" \/><img loading=\"lazy\" decoding=\"async\" class=\"wp-image-313733 alignright\" src=\"https:\/\/en3s.fr\/formation-professionnelle\/wp-content\/uploads\/sites\/3\/2023\/06\/logo-en3s.jpg\" alt=\"\" width=\"88\" height=\"69\" srcset=\"https:\/\/en3s.fr\/formation-professionnelle\/wp-content\/uploads\/sites\/3\/2023\/06\/logo-en3s.jpg 600w, https:\/\/en3s.fr\/formation-professionnelle\/wp-content\/uploads\/sites\/3\/2023\/06\/logo-en3s-275x215.jpg 275w, https:\/\/en3s.fr\/formation-professionnelle\/wp-content\/uploads\/sites\/3\/2023\/06\/logo-en3s-500x390.jpg 500w, https:\/\/en3s.fr\/formation-professionnelle\/wp-content\/uploads\/sites\/3\/2023\/06\/logo-en3s-230x179.jpg 230w\" sizes=\"auto, (max-width: 88px) 100vw, 88px\" \/><\/p>\n<p>La \u201cCousinade\u201d est une r\u00e9union de famille pas comme les autres. Cette d\u00e9marche voulue par les organismes de protection sociale de Midi-Pyr\u00e9n\u00e9es rassemble la CPAM et la CAF de Haute-Garonne, l\u2019Urssaf et la Carsat Midi-Pyr\u00e9n\u00e9es, la MSA Midi-Pyr\u00e9n\u00e9es Sud\/IMSA, ainsi que les centres informatique iMSA, CTI CPAM, UCN Lab\u00e8ge et Ucanss. L\u2019EN3S s\u2019associe \u00e0 la d\u00e9marche cousinade et vous propose une nouvelle journ\u00e9e de conf\u00e9rence. Sur la th\u00e9matique de l&rsquo;IA, l&rsquo;EN3S propose \u00e9galement des formations <a href=\"https:\/\/en3s.fr\/formation-professionnelle\/formations-professionnelles\/formations-courtes\/ia-langages-prompt-usages-opportunites\/\" target=\"_blank\" rel=\"noopener\">\u00ab langages, usages, opportunit\u00e9s \u00bb<\/a> dans le prolongement de la mission d&rsquo;\u00e9tude \u00ab\u00a0usages pr\u00e9sents et futurs\u00a0\u00bb de Nicolas Amar.<\/p>\n","protected":false},"excerpt":{"rendered":"<p>La \u201cCousinade\u201d est une r\u00e9union de famille pas comme les autres. Cette d\u00e9marche voulue par les organismes de protection sociale de Midi-Pyr\u00e9n\u00e9es rassemble la CPAM et la CAF de Haute-Garonne, l\u2019Urssaf et la Carsat Midi-Pyr\u00e9n\u00e9es, la MSA Midi-Pyr\u00e9n\u00e9es Sud\/IMSA, ainsi que les centres informatique iMSA, CTI CPAM, UCN Lab\u00e8ge et Ucanss. L\u2019EN3S s\u2019associe \u00e0 la [&hellip;]<\/p>\n","protected":false},"author":4,"featured_media":0,"parent":1223,"menu_order":0,"comment_status":"closed","ping_status":"closed","template":"partials\/template-formation.php","meta":{"ngg_post_thumbnail":0,"footnotes":""},"class_list":["post-315008","page","type-page","status-publish","hentry"],"yoast_head":"<!-- This site is optimized with the Yoast SEO plugin v24.9 - https:\/\/yoast.com\/wordpress\/plugins\/seo\/ -->\n<title>Intelligence artificielle : Usages et d\u00e9ploiement dans les Organismes de S\u00e9curit\u00e9 Sociale - Formations professionnelles de l&#039;EN3S<\/title>\n<meta name=\"description\" content=\"La \u201cCousinade\u201d est une r\u00e9union de famille pas comme les autres. Cette d\u00e9marche voulue par les organismes de protection sociale de Midi-Pyr\u00e9n\u00e9es rassemble\" \/>\n<meta name=\"robots\" content=\"index, follow, max-snippet:-1, max-image-preview:large, max-video-preview:-1\" \/>\n<link rel=\"canonical\" href=\"https:\/\/en3s.fr\/formation-professionnelle\/formations-professionnelles\/formations-de-branches-et-reseaux\/intelligence-artificielle-usages-et-deploiement-dans-les-organismes-de-securite-sociale\/\" \/>\n<meta property=\"og:locale\" content=\"fr_FR\" \/>\n<meta property=\"og:type\" content=\"article\" \/>\n<meta property=\"og:title\" content=\"Intelligence artificielle : Usages et d\u00e9ploiement dans les Organismes de S\u00e9curit\u00e9 Sociale - Formations professionnelles de l&#039;EN3S\" \/>\n<meta property=\"og:description\" content=\"La \u201cCousinade\u201d est une r\u00e9union de famille pas comme les autres. Cette d\u00e9marche voulue par les organismes de protection sociale de Midi-Pyr\u00e9n\u00e9es rassemble\" \/>\n<meta property=\"og:url\" content=\"https:\/\/en3s.fr\/formation-professionnelle\/formations-professionnelles\/formations-de-branches-et-reseaux\/intelligence-artificielle-usages-et-deploiement-dans-les-organismes-de-securite-sociale\/\" \/>\n<meta property=\"og:site_name\" content=\"Formations professionnelles de l&#039;EN3S\" \/>\n<meta property=\"article:modified_time\" content=\"2024-10-24T10:06:58+00:00\" \/>\n<meta property=\"og:image\" content=\"https:\/\/en3s.fr\/formation-professionnelle\/wp-content\/uploads\/sites\/3\/2024\/09\/logo-cousinade-ops-midipy.png\" \/>\n\t<meta property=\"og:image:width\" content=\"1193\" \/>\n\t<meta property=\"og:image:height\" content=\"684\" \/>\n\t<meta property=\"og:image:type\" content=\"image\/png\" \/>\n<meta name=\"twitter:card\" content=\"summary_large_image\" \/>\n<meta name=\"twitter:label1\" content=\"Dur\u00e9e de lecture estim\u00e9e\" \/>\n\t<meta name=\"twitter:data1\" content=\"1 minute\" \/>\n<script type=\"application\/ld+json\" class=\"yoast-schema-graph\">{\"@context\":\"https:\/\/schema.org\",\"@graph\":[{\"@type\":\"WebPage\",\"@id\":\"https:\/\/en3s.fr\/formation-professionnelle\/formations-professionnelles\/formations-de-branches-et-reseaux\/intelligence-artificielle-usages-et-deploiement-dans-les-organismes-de-securite-sociale\/\",\"url\":\"https:\/\/en3s.fr\/formation-professionnelle\/formations-professionnelles\/formations-de-branches-et-reseaux\/intelligence-artificielle-usages-et-deploiement-dans-les-organismes-de-securite-sociale\/\",\"name\":\"Intelligence artificielle : Usages et d\u00e9ploiement dans les Organismes de S\u00e9curit\u00e9 Sociale - Formations professionnelles de l&#039;EN3S\",\"isPartOf\":{\"@id\":\"https:\/\/en3s.fr\/formation-professionnelle\/#website\"},\"primaryImageOfPage\":{\"@id\":\"https:\/\/en3s.fr\/formation-professionnelle\/formations-professionnelles\/formations-de-branches-et-reseaux\/intelligence-artificielle-usages-et-deploiement-dans-les-organismes-de-securite-sociale\/#primaryimage\"},\"image\":{\"@id\":\"https:\/\/en3s.fr\/formation-professionnelle\/formations-professionnelles\/formations-de-branches-et-reseaux\/intelligence-artificielle-usages-et-deploiement-dans-les-organismes-de-securite-sociale\/#primaryimage\"},\"thumbnailUrl\":\"https:\/\/en3s.fr\/formation-professionnelle\/wp-content\/uploads\/sites\/3\/2024\/09\/logo-cousinade-ops-midipy.png\",\"datePublished\":\"2024-09-23T11:09:37+00:00\",\"dateModified\":\"2024-10-24T10:06:58+00:00\",\"description\":\"La \u201cCousinade\u201d est une r\u00e9union de famille pas comme les autres. Cette d\u00e9marche voulue par les organismes de protection sociale de Midi-Pyr\u00e9n\u00e9es rassemble\",\"breadcrumb\":{\"@id\":\"https:\/\/en3s.fr\/formation-professionnelle\/formations-professionnelles\/formations-de-branches-et-reseaux\/intelligence-artificielle-usages-et-deploiement-dans-les-organismes-de-securite-sociale\/#breadcrumb\"},\"inLanguage\":\"fr-FR\",\"potentialAction\":[{\"@type\":\"ReadAction\",\"target\":[\"https:\/\/en3s.fr\/formation-professionnelle\/formations-professionnelles\/formations-de-branches-et-reseaux\/intelligence-artificielle-usages-et-deploiement-dans-les-organismes-de-securite-sociale\/\"]}]},{\"@type\":\"ImageObject\",\"inLanguage\":\"fr-FR\",\"@id\":\"https:\/\/en3s.fr\/formation-professionnelle\/formations-professionnelles\/formations-de-branches-et-reseaux\/intelligence-artificielle-usages-et-deploiement-dans-les-organismes-de-securite-sociale\/#primaryimage\",\"url\":\"https:\/\/en3s.fr\/formation-professionnelle\/wp-content\/uploads\/sites\/3\/2024\/09\/logo-cousinade-ops-midipy.png\",\"contentUrl\":\"https:\/\/en3s.fr\/formation-professionnelle\/wp-content\/uploads\/sites\/3\/2024\/09\/logo-cousinade-ops-midipy.png\",\"width\":1193,\"height\":684},{\"@type\":\"BreadcrumbList\",\"@id\":\"https:\/\/en3s.fr\/formation-professionnelle\/formations-professionnelles\/formations-de-branches-et-reseaux\/intelligence-artificielle-usages-et-deploiement-dans-les-organismes-de-securite-sociale\/#breadcrumb\",\"itemListElement\":[{\"@type\":\"ListItem\",\"position\":1,\"name\":\"Accueil\",\"item\":\"https:\/\/en3s.fr\/formation-professionnelle\/\"},{\"@type\":\"ListItem\",\"position\":2,\"name\":\"Formations professionnelles\",\"item\":\"https:\/\/en3s.fr\/formation-professionnelle\/formations-professionnelles\/\"},{\"@type\":\"ListItem\",\"position\":3,\"name\":\"Formations de branches et r\u00e9seaux\",\"item\":\"https:\/\/en3s.fr\/formation-professionnelle\/formations-professionnelles\/formations-de-branches-et-reseaux\/\"},{\"@type\":\"ListItem\",\"position\":4,\"name\":\"Intelligence artificielle : Usages et d\u00e9ploiement dans les Organismes de S\u00e9curit\u00e9 Sociale\"}]},{\"@type\":\"WebSite\",\"@id\":\"https:\/\/en3s.fr\/formation-professionnelle\/#website\",\"url\":\"https:\/\/en3s.fr\/formation-professionnelle\/\",\"name\":\"Formations professionnelles de l&#039;EN3S\",\"description\":\"Site des formations professionnelles de l&#039;EN3S\",\"potentialAction\":[{\"@type\":\"SearchAction\",\"target\":{\"@type\":\"EntryPoint\",\"urlTemplate\":\"https:\/\/en3s.fr\/formation-professionnelle\/?s={search_term_string}\"},\"query-input\":{\"@type\":\"PropertyValueSpecification\",\"valueRequired\":true,\"valueName\":\"search_term_string\"}}],\"inLanguage\":\"fr-FR\"}]}<\/script>\n<!-- \/ Yoast SEO plugin. -->","yoast_head_json":{"title":"Intelligence artificielle : Usages et d\u00e9ploiement dans les Organismes de S\u00e9curit\u00e9 Sociale - Formations professionnelles de l&#039;EN3S","description":"La \u201cCousinade\u201d est une r\u00e9union de famille pas comme les autres. Cette d\u00e9marche voulue par les organismes de protection sociale de Midi-Pyr\u00e9n\u00e9es rassemble","robots":{"index":"index","follow":"follow","max-snippet":"max-snippet:-1","max-image-preview":"max-image-preview:large","max-video-preview":"max-video-preview:-1"},"canonical":"https:\/\/en3s.fr\/formation-professionnelle\/formations-professionnelles\/formations-de-branches-et-reseaux\/intelligence-artificielle-usages-et-deploiement-dans-les-organismes-de-securite-sociale\/","og_locale":"fr_FR","og_type":"article","og_title":"Intelligence artificielle : Usages et d\u00e9ploiement dans les Organismes de S\u00e9curit\u00e9 Sociale - Formations professionnelles de l&#039;EN3S","og_description":"La \u201cCousinade\u201d est une r\u00e9union de famille pas comme les autres. Cette d\u00e9marche voulue par les organismes de protection sociale de Midi-Pyr\u00e9n\u00e9es rassemble","og_url":"https:\/\/en3s.fr\/formation-professionnelle\/formations-professionnelles\/formations-de-branches-et-reseaux\/intelligence-artificielle-usages-et-deploiement-dans-les-organismes-de-securite-sociale\/","og_site_name":"Formations professionnelles de l&#039;EN3S","article_modified_time":"2024-10-24T10:06:58+00:00","og_image":[{"width":1193,"height":684,"url":"https:\/\/en3s.fr\/formation-professionnelle\/wp-content\/uploads\/sites\/3\/2024\/09\/logo-cousinade-ops-midipy.png","type":"image\/png"}],"twitter_card":"summary_large_image","twitter_misc":{"Dur\u00e9e de lecture estim\u00e9e":"1 minute"},"schema":{"@context":"https:\/\/schema.org","@graph":[{"@type":"WebPage","@id":"https:\/\/en3s.fr\/formation-professionnelle\/formations-professionnelles\/formations-de-branches-et-reseaux\/intelligence-artificielle-usages-et-deploiement-dans-les-organismes-de-securite-sociale\/","url":"https:\/\/en3s.fr\/formation-professionnelle\/formations-professionnelles\/formations-de-branches-et-reseaux\/intelligence-artificielle-usages-et-deploiement-dans-les-organismes-de-securite-sociale\/","name":"Intelligence artificielle : Usages et d\u00e9ploiement dans les Organismes de S\u00e9curit\u00e9 Sociale - Formations professionnelles de l&#039;EN3S","isPartOf":{"@id":"https:\/\/en3s.fr\/formation-professionnelle\/#website"},"primaryImageOfPage":{"@id":"https:\/\/en3s.fr\/formation-professionnelle\/formations-professionnelles\/formations-de-branches-et-reseaux\/intelligence-artificielle-usages-et-deploiement-dans-les-organismes-de-securite-sociale\/#primaryimage"},"image":{"@id":"https:\/\/en3s.fr\/formation-professionnelle\/formations-professionnelles\/formations-de-branches-et-reseaux\/intelligence-artificielle-usages-et-deploiement-dans-les-organismes-de-securite-sociale\/#primaryimage"},"thumbnailUrl":"https:\/\/en3s.fr\/formation-professionnelle\/wp-content\/uploads\/sites\/3\/2024\/09\/logo-cousinade-ops-midipy.png","datePublished":"2024-09-23T11:09:37+00:00","dateModified":"2024-10-24T10:06:58+00:00","description":"La \u201cCousinade\u201d est une r\u00e9union de famille pas comme les autres. Cette d\u00e9marche voulue par les organismes de protection sociale de Midi-Pyr\u00e9n\u00e9es rassemble","breadcrumb":{"@id":"https:\/\/en3s.fr\/formation-professionnelle\/formations-professionnelles\/formations-de-branches-et-reseaux\/intelligence-artificielle-usages-et-deploiement-dans-les-organismes-de-securite-sociale\/#breadcrumb"},"inLanguage":"fr-FR","potentialAction":[{"@type":"ReadAction","target":["https:\/\/en3s.fr\/formation-professionnelle\/formations-professionnelles\/formations-de-branches-et-reseaux\/intelligence-artificielle-usages-et-deploiement-dans-les-organismes-de-securite-sociale\/"]}]},{"@type":"ImageObject","inLanguage":"fr-FR","@id":"https:\/\/en3s.fr\/formation-professionnelle\/formations-professionnelles\/formations-de-branches-et-reseaux\/intelligence-artificielle-usages-et-deploiement-dans-les-organismes-de-securite-sociale\/#primaryimage","url":"https:\/\/en3s.fr\/formation-professionnelle\/wp-content\/uploads\/sites\/3\/2024\/09\/logo-cousinade-ops-midipy.png","contentUrl":"https:\/\/en3s.fr\/formation-professionnelle\/wp-content\/uploads\/sites\/3\/2024\/09\/logo-cousinade-ops-midipy.png","width":1193,"height":684},{"@type":"BreadcrumbList","@id":"https:\/\/en3s.fr\/formation-professionnelle\/formations-professionnelles\/formations-de-branches-et-reseaux\/intelligence-artificielle-usages-et-deploiement-dans-les-organismes-de-securite-sociale\/#breadcrumb","itemListElement":[{"@type":"ListItem","position":1,"name":"Accueil","item":"https:\/\/en3s.fr\/formation-professionnelle\/"},{"@type":"ListItem","position":2,"name":"Formations professionnelles","item":"https:\/\/en3s.fr\/formation-professionnelle\/formations-professionnelles\/"},{"@type":"ListItem","position":3,"name":"Formations de branches et r\u00e9seaux","item":"https:\/\/en3s.fr\/formation-professionnelle\/formations-professionnelles\/formations-de-branches-et-reseaux\/"},{"@type":"ListItem","position":4,"name":"Intelligence artificielle : Usages et d\u00e9ploiement dans les Organismes de S\u00e9curit\u00e9 Sociale"}]},{"@type":"WebSite","@id":"https:\/\/en3s.fr\/formation-professionnelle\/#website","url":"https:\/\/en3s.fr\/formation-professionnelle\/","name":"Formations professionnelles de l&#039;EN3S","description":"Site des formations professionnelles de l&#039;EN3S","potentialAction":[{"@type":"SearchAction","target":{"@type":"EntryPoint","urlTemplate":"https:\/\/en3s.fr\/formation-professionnelle\/?s={search_term_string}"},"query-input":{"@type":"PropertyValueSpecification","valueRequired":true,"valueName":"search_term_string"}}],"inLanguage":"fr-FR"}]}},"_links":{"self":[{"href":"https:\/\/en3s.fr\/formation-professionnelle\/wp-json\/wp\/v2\/pages\/315008","targetHints":{"allow":["GET"]}}],"collection":[{"href":"https:\/\/en3s.fr\/formation-professionnelle\/wp-json\/wp\/v2\/pages"}],"about":[{"href":"https:\/\/en3s.fr\/formation-professionnelle\/wp-json\/wp\/v2\/types\/page"}],"author":[{"embeddable":true,"href":"https:\/\/en3s.fr\/formation-professionnelle\/wp-json\/wp\/v2\/users\/4"}],"replies":[{"embeddable":true,"href":"https:\/\/en3s.fr\/formation-professionnelle\/wp-json\/wp\/v2\/comments?post=315008"}],"version-history":[{"count":0,"href":"https:\/\/en3s.fr\/formation-professionnelle\/wp-json\/wp\/v2\/pages\/315008\/revisions"}],"up":[{"embeddable":true,"href":"https:\/\/en3s.fr\/formation-professionnelle\/wp-json\/wp\/v2\/pages\/1223"}],"wp:attachment":[{"href":"https:\/\/en3s.fr\/formation-professionnelle\/wp-json\/wp\/v2\/media?parent=315008"}],"curies":[{"name":"wp","href":"https:\/\/api.w.org\/{rel}","templated":true}]}}