{"id":315103,"date":"2024-10-04T13:15:50","date_gmt":"2024-10-04T11:15:50","guid":{"rendered":"https:\/\/en3s.fr\/formation-professionnelle\/?page_id=315103"},"modified":"2025-12-12T09:49:22","modified_gmt":"2025-12-12T08:49:22","slug":"developper-la-prevention","status":"publish","type":"page","link":"https:\/\/en3s.fr\/formation-professionnelle\/formations-professionnelles\/formations-courtes\/developper-la-prevention\/","title":{"rendered":"D\u00e9velopper la pr\u00e9vention pour favoriser la sant\u00e9 et infl\u00e9chir les d\u00e9penses de sant\u00e9"},"content":{"rendered":"<p><span data-teams=\"true\"><span class=\"ui-provider a b c d e f g h i j k l m n o p q r s t u v w x y z ab ac ae af ag ah ai aj ak\" dir=\"ltr\">Modifier les comportements et infl\u00e9chir les d\u00e9penses de sant\u00e9<img loading=\"lazy\" decoding=\"async\" class=\"wp-image-316210 alignright\" src=\"https:\/\/en3s.fr\/formation-professionnelle\/wp-content\/uploads\/sites\/3\/2025\/09\/logo-federation-promotion-sante.jpg\" alt=\"\" width=\"188\" height=\"68\" srcset=\"https:\/\/en3s.fr\/formation-professionnelle\/wp-content\/uploads\/sites\/3\/2025\/09\/logo-federation-promotion-sante.jpg 374w, https:\/\/en3s.fr\/formation-professionnelle\/wp-content\/uploads\/sites\/3\/2025\/09\/logo-federation-promotion-sante-275x99.jpg 275w, https:\/\/en3s.fr\/formation-professionnelle\/wp-content\/uploads\/sites\/3\/2025\/09\/logo-federation-promotion-sante-230x83.jpg 230w\" sizes=\"auto, (max-width: 188px) 100vw, 188px\" \/><\/span><\/span><\/p>\n","protected":false},"excerpt":{"rendered":"<p>Cycle GDR Gestion du risque maladie &#8211; Modifier les comportements et infl\u00e9chir les d\u00e9penses de sant\u00e9<\/p>\n","protected":false},"author":4,"featured_media":0,"parent":425,"menu_order":10,"comment_status":"closed","ping_status":"closed","template":"partials\/template-formation.php","meta":{"ngg_post_thumbnail":0,"footnotes":""},"class_list":["post-315103","page","type-page","status-publish","hentry","cycle_formation-cycle-sante-publique-gestion-du-risque-maladie"],"yoast_head":"<!-- This site is optimized with the Yoast SEO plugin v24.9 - https:\/\/yoast.com\/wordpress\/plugins\/seo\/ -->\n<title>D\u00e9velopper la pr\u00e9vention pour favoriser la sant\u00e9 et infl\u00e9chir les d\u00e9penses de sant\u00e9 - Formations professionnelles de l&#039;EN3S<\/title>\n<meta name=\"description\" content=\"Cycle GDR Gestion du risque maladie - Modifier les comportements et infl\u00e9chir les d\u00e9penses de sant\u00e9\" \/>\n<meta name=\"robots\" content=\"index, follow, max-snippet:-1, max-image-preview:large, max-video-preview:-1\" \/>\n<link rel=\"canonical\" href=\"https:\/\/en3s.fr\/formation-professionnelle\/formations-professionnelles\/formations-courtes\/developper-la-prevention\/\" \/>\n<meta property=\"og:locale\" content=\"fr_FR\" \/>\n<meta property=\"og:type\" content=\"article\" \/>\n<meta property=\"og:title\" content=\"D\u00e9velopper la pr\u00e9vention pour favoriser la sant\u00e9 et infl\u00e9chir les d\u00e9penses de sant\u00e9 - Formations professionnelles de l&#039;EN3S\" \/>\n<meta property=\"og:description\" content=\"Cycle GDR Gestion du risque maladie - Modifier les comportements et infl\u00e9chir les d\u00e9penses de sant\u00e9\" \/>\n<meta property=\"og:url\" content=\"https:\/\/en3s.fr\/formation-professionnelle\/formations-professionnelles\/formations-courtes\/developper-la-prevention\/\" \/>\n<meta property=\"og:site_name\" content=\"Formations professionnelles de l&#039;EN3S\" \/>\n<meta property=\"article:modified_time\" content=\"2025-12-12T08:49:22+00:00\" \/>\n<meta property=\"og:image\" content=\"https:\/\/en3s.fr\/formation-professionnelle\/wp-content\/uploads\/sites\/3\/2025\/09\/logo-federation-promotion-sante.jpg\" \/>\n\t<meta property=\"og:image:width\" content=\"374\" \/>\n\t<meta property=\"og:image:height\" content=\"135\" \/>\n\t<meta property=\"og:image:type\" content=\"image\/jpeg\" \/>\n<meta name=\"twitter:card\" content=\"summary_large_image\" \/>\n<meta name=\"twitter:label1\" content=\"Dur\u00e9e de lecture estim\u00e9e\" \/>\n\t<meta name=\"twitter:data1\" content=\"1 minute\" \/>\n<script type=\"application\/ld+json\" class=\"yoast-schema-graph\">{\"@context\":\"https:\/\/schema.org\",\"@graph\":[{\"@type\":\"WebPage\",\"@id\":\"https:\/\/en3s.fr\/formation-professionnelle\/formations-professionnelles\/formations-courtes\/developper-la-prevention\/\",\"url\":\"https:\/\/en3s.fr\/formation-professionnelle\/formations-professionnelles\/formations-courtes\/developper-la-prevention\/\",\"name\":\"D\u00e9velopper la pr\u00e9vention pour favoriser la sant\u00e9 et infl\u00e9chir les d\u00e9penses de sant\u00e9 - Formations professionnelles de l&#039;EN3S\",\"isPartOf\":{\"@id\":\"https:\/\/en3s.fr\/formation-professionnelle\/#website\"},\"primaryImageOfPage\":{\"@id\":\"https:\/\/en3s.fr\/formation-professionnelle\/formations-professionnelles\/formations-courtes\/developper-la-prevention\/#primaryimage\"},\"image\":{\"@id\":\"https:\/\/en3s.fr\/formation-professionnelle\/formations-professionnelles\/formations-courtes\/developper-la-prevention\/#primaryimage\"},\"thumbnailUrl\":\"https:\/\/en3s.fr\/formation-professionnelle\/wp-content\/uploads\/sites\/3\/2025\/09\/logo-federation-promotion-sante.jpg\",\"datePublished\":\"2024-10-04T11:15:50+00:00\",\"dateModified\":\"2025-12-12T08:49:22+00:00\",\"description\":\"Cycle GDR Gestion du risque maladie - Modifier les comportements et infl\u00e9chir les d\u00e9penses de sant\u00e9\",\"breadcrumb\":{\"@id\":\"https:\/\/en3s.fr\/formation-professionnelle\/formations-professionnelles\/formations-courtes\/developper-la-prevention\/#breadcrumb\"},\"inLanguage\":\"fr-FR\",\"potentialAction\":[{\"@type\":\"ReadAction\",\"target\":[\"https:\/\/en3s.fr\/formation-professionnelle\/formations-professionnelles\/formations-courtes\/developper-la-prevention\/\"]}]},{\"@type\":\"ImageObject\",\"inLanguage\":\"fr-FR\",\"@id\":\"https:\/\/en3s.fr\/formation-professionnelle\/formations-professionnelles\/formations-courtes\/developper-la-prevention\/#primaryimage\",\"url\":\"https:\/\/en3s.fr\/formation-professionnelle\/wp-content\/uploads\/sites\/3\/2025\/09\/logo-federation-promotion-sante.jpg\",\"contentUrl\":\"https:\/\/en3s.fr\/formation-professionnelle\/wp-content\/uploads\/sites\/3\/2025\/09\/logo-federation-promotion-sante.jpg\",\"width\":374,\"height\":135},{\"@type\":\"BreadcrumbList\",\"@id\":\"https:\/\/en3s.fr\/formation-professionnelle\/formations-professionnelles\/formations-courtes\/developper-la-prevention\/#breadcrumb\",\"itemListElement\":[{\"@type\":\"ListItem\",\"position\":1,\"name\":\"Accueil\",\"item\":\"https:\/\/en3s.fr\/formation-professionnelle\/\"},{\"@type\":\"ListItem\",\"position\":2,\"name\":\"Formations professionnelles\",\"item\":\"https:\/\/en3s.fr\/formation-professionnelle\/formations-professionnelles\/\"},{\"@type\":\"ListItem\",\"position\":3,\"name\":\"Formations courtes\",\"item\":\"https:\/\/en3s.fr\/formation-professionnelle\/formations-professionnelles\/formations-courtes\/\"},{\"@type\":\"ListItem\",\"position\":4,\"name\":\"D\u00e9velopper la pr\u00e9vention pour favoriser la sant\u00e9 et infl\u00e9chir les d\u00e9penses de sant\u00e9\"}]},{\"@type\":\"WebSite\",\"@id\":\"https:\/\/en3s.fr\/formation-professionnelle\/#website\",\"url\":\"https:\/\/en3s.fr\/formation-professionnelle\/\",\"name\":\"Formations professionnelles de l&#039;EN3S\",\"description\":\"Site des formations professionnelles de l&#039;EN3S\",\"potentialAction\":[{\"@type\":\"SearchAction\",\"target\":{\"@type\":\"EntryPoint\",\"urlTemplate\":\"https:\/\/en3s.fr\/formation-professionnelle\/?s={search_term_string}\"},\"query-input\":{\"@type\":\"PropertyValueSpecification\",\"valueRequired\":true,\"valueName\":\"search_term_string\"}}],\"inLanguage\":\"fr-FR\"}]}<\/script>\n<!-- \/ Yoast SEO plugin. -->","yoast_head_json":{"title":"D\u00e9velopper la pr\u00e9vention pour favoriser la sant\u00e9 et infl\u00e9chir les d\u00e9penses de sant\u00e9 - Formations professionnelles de l&#039;EN3S","description":"Cycle GDR Gestion du risque maladie - Modifier les comportements et infl\u00e9chir les d\u00e9penses de sant\u00e9","robots":{"index":"index","follow":"follow","max-snippet":"max-snippet:-1","max-image-preview":"max-image-preview:large","max-video-preview":"max-video-preview:-1"},"canonical":"https:\/\/en3s.fr\/formation-professionnelle\/formations-professionnelles\/formations-courtes\/developper-la-prevention\/","og_locale":"fr_FR","og_type":"article","og_title":"D\u00e9velopper la pr\u00e9vention pour favoriser la sant\u00e9 et infl\u00e9chir les d\u00e9penses de sant\u00e9 - Formations professionnelles de l&#039;EN3S","og_description":"Cycle GDR Gestion du risque maladie - Modifier les comportements et infl\u00e9chir les d\u00e9penses de sant\u00e9","og_url":"https:\/\/en3s.fr\/formation-professionnelle\/formations-professionnelles\/formations-courtes\/developper-la-prevention\/","og_site_name":"Formations professionnelles de l&#039;EN3S","article_modified_time":"2025-12-12T08:49:22+00:00","og_image":[{"width":374,"height":135,"url":"https:\/\/en3s.fr\/formation-professionnelle\/wp-content\/uploads\/sites\/3\/2025\/09\/logo-federation-promotion-sante.jpg","type":"image\/jpeg"}],"twitter_card":"summary_large_image","twitter_misc":{"Dur\u00e9e de lecture estim\u00e9e":"1 minute"},"schema":{"@context":"https:\/\/schema.org","@graph":[{"@type":"WebPage","@id":"https:\/\/en3s.fr\/formation-professionnelle\/formations-professionnelles\/formations-courtes\/developper-la-prevention\/","url":"https:\/\/en3s.fr\/formation-professionnelle\/formations-professionnelles\/formations-courtes\/developper-la-prevention\/","name":"D\u00e9velopper la pr\u00e9vention pour favoriser la sant\u00e9 et infl\u00e9chir les d\u00e9penses de sant\u00e9 - Formations professionnelles de l&#039;EN3S","isPartOf":{"@id":"https:\/\/en3s.fr\/formation-professionnelle\/#website"},"primaryImageOfPage":{"@id":"https:\/\/en3s.fr\/formation-professionnelle\/formations-professionnelles\/formations-courtes\/developper-la-prevention\/#primaryimage"},"image":{"@id":"https:\/\/en3s.fr\/formation-professionnelle\/formations-professionnelles\/formations-courtes\/developper-la-prevention\/#primaryimage"},"thumbnailUrl":"https:\/\/en3s.fr\/formation-professionnelle\/wp-content\/uploads\/sites\/3\/2025\/09\/logo-federation-promotion-sante.jpg","datePublished":"2024-10-04T11:15:50+00:00","dateModified":"2025-12-12T08:49:22+00:00","description":"Cycle GDR Gestion du risque maladie - Modifier les comportements et infl\u00e9chir les d\u00e9penses de sant\u00e9","breadcrumb":{"@id":"https:\/\/en3s.fr\/formation-professionnelle\/formations-professionnelles\/formations-courtes\/developper-la-prevention\/#breadcrumb"},"inLanguage":"fr-FR","potentialAction":[{"@type":"ReadAction","target":["https:\/\/en3s.fr\/formation-professionnelle\/formations-professionnelles\/formations-courtes\/developper-la-prevention\/"]}]},{"@type":"ImageObject","inLanguage":"fr-FR","@id":"https:\/\/en3s.fr\/formation-professionnelle\/formations-professionnelles\/formations-courtes\/developper-la-prevention\/#primaryimage","url":"https:\/\/en3s.fr\/formation-professionnelle\/wp-content\/uploads\/sites\/3\/2025\/09\/logo-federation-promotion-sante.jpg","contentUrl":"https:\/\/en3s.fr\/formation-professionnelle\/wp-content\/uploads\/sites\/3\/2025\/09\/logo-federation-promotion-sante.jpg","width":374,"height":135},{"@type":"BreadcrumbList","@id":"https:\/\/en3s.fr\/formation-professionnelle\/formations-professionnelles\/formations-courtes\/developper-la-prevention\/#breadcrumb","itemListElement":[{"@type":"ListItem","position":1,"name":"Accueil","item":"https:\/\/en3s.fr\/formation-professionnelle\/"},{"@type":"ListItem","position":2,"name":"Formations professionnelles","item":"https:\/\/en3s.fr\/formation-professionnelle\/formations-professionnelles\/"},{"@type":"ListItem","position":3,"name":"Formations courtes","item":"https:\/\/en3s.fr\/formation-professionnelle\/formations-professionnelles\/formations-courtes\/"},{"@type":"ListItem","position":4,"name":"D\u00e9velopper la pr\u00e9vention pour favoriser la sant\u00e9 et infl\u00e9chir les d\u00e9penses de sant\u00e9"}]},{"@type":"WebSite","@id":"https:\/\/en3s.fr\/formation-professionnelle\/#website","url":"https:\/\/en3s.fr\/formation-professionnelle\/","name":"Formations professionnelles de l&#039;EN3S","description":"Site des formations professionnelles de l&#039;EN3S","potentialAction":[{"@type":"SearchAction","target":{"@type":"EntryPoint","urlTemplate":"https:\/\/en3s.fr\/formation-professionnelle\/?s={search_term_string}"},"query-input":{"@type":"PropertyValueSpecification","valueRequired":true,"valueName":"search_term_string"}}],"inLanguage":"fr-FR"}]}},"_links":{"self":[{"href":"https:\/\/en3s.fr\/formation-professionnelle\/wp-json\/wp\/v2\/pages\/315103","targetHints":{"allow":["GET"]}}],"collection":[{"href":"https:\/\/en3s.fr\/formation-professionnelle\/wp-json\/wp\/v2\/pages"}],"about":[{"href":"https:\/\/en3s.fr\/formation-professionnelle\/wp-json\/wp\/v2\/types\/page"}],"author":[{"embeddable":true,"href":"https:\/\/en3s.fr\/formation-professionnelle\/wp-json\/wp\/v2\/users\/4"}],"replies":[{"embeddable":true,"href":"https:\/\/en3s.fr\/formation-professionnelle\/wp-json\/wp\/v2\/comments?post=315103"}],"version-history":[{"count":6,"href":"https:\/\/en3s.fr\/formation-professionnelle\/wp-json\/wp\/v2\/pages\/315103\/revisions"}],"predecessor-version":[{"id":316722,"href":"https:\/\/en3s.fr\/formation-professionnelle\/wp-json\/wp\/v2\/pages\/315103\/revisions\/316722"}],"up":[{"embeddable":true,"href":"https:\/\/en3s.fr\/formation-professionnelle\/wp-json\/wp\/v2\/pages\/425"}],"wp:attachment":[{"href":"https:\/\/en3s.fr\/formation-professionnelle\/wp-json\/wp\/v2\/media?parent=315103"}],"curies":[{"name":"wp","href":"https:\/\/api.w.org\/{rel}","templated":true}]}}