{"id":315340,"date":"2024-10-25T17:31:18","date_gmt":"2024-10-25T15:31:18","guid":{"rendered":"https:\/\/en3s.fr\/formation-professionnelle\/?page_id=315340"},"modified":"2025-10-10T16:19:45","modified_gmt":"2025-10-10T14:19:45","slug":"anticiper-limprevu-strategies-de-gestion-de-crise","status":"publish","type":"page","link":"https:\/\/en3s.fr\/formation-professionnelle\/formations-professionnelles\/formations-courtes\/anticiper-limprevu-strategies-de-gestion-de-crise\/","title":{"rendered":"Anticiper l\u2019impr\u00e9vu : strat\u00e9gies de gestion de crise"},"content":{"rendered":"<p>Conforter la r\u00e9silience collective des \u00e9quipes et garantir la continuit\u00e9 d\u2019activit\u00e9<\/p>\n","protected":false},"excerpt":{"rendered":"<p>Conforter la r\u00e9silience collective des \u00e9quipes et garantir la continuit\u00e9 d\u2019activit\u00e9 <\/p>\n","protected":false},"author":4,"featured_media":0,"parent":425,"menu_order":0,"comment_status":"closed","ping_status":"closed","template":"partials\/template-formation.php","meta":{"ngg_post_thumbnail":0,"footnotes":""},"class_list":["post-315340","page","type-page","status-publish","hentry"],"yoast_head":"<!-- This site is optimized with the Yoast SEO plugin v24.9 - https:\/\/yoast.com\/wordpress\/plugins\/seo\/ -->\n<title>Anticiper l\u2019impr\u00e9vu : strat\u00e9gies de gestion de crise - Formations professionnelles de l&#039;EN3S<\/title>\n<meta name=\"description\" content=\"Conforter la r\u00e9silience collective des \u00e9quipes et garantir la continuit\u00e9 d\u2019activit\u00e9\" \/>\n<meta name=\"robots\" content=\"index, follow, max-snippet:-1, max-image-preview:large, max-video-preview:-1\" \/>\n<link rel=\"canonical\" href=\"https:\/\/en3s.fr\/formation-professionnelle\/formations-professionnelles\/formations-courtes\/anticiper-limprevu-strategies-de-gestion-de-crise\/\" \/>\n<meta property=\"og:locale\" content=\"fr_FR\" \/>\n<meta property=\"og:type\" content=\"article\" \/>\n<meta property=\"og:title\" content=\"Anticiper l\u2019impr\u00e9vu : strat\u00e9gies de gestion de crise - Formations professionnelles de l&#039;EN3S\" \/>\n<meta property=\"og:description\" content=\"Conforter la r\u00e9silience collective des \u00e9quipes et garantir la continuit\u00e9 d\u2019activit\u00e9\" \/>\n<meta property=\"og:url\" content=\"https:\/\/en3s.fr\/formation-professionnelle\/formations-professionnelles\/formations-courtes\/anticiper-limprevu-strategies-de-gestion-de-crise\/\" \/>\n<meta property=\"og:site_name\" content=\"Formations professionnelles de l&#039;EN3S\" \/>\n<meta property=\"article:modified_time\" content=\"2025-10-10T14:19:45+00:00\" \/>\n<meta name=\"twitter:card\" content=\"summary_large_image\" \/>\n<meta name=\"twitter:label1\" content=\"Dur\u00e9e de lecture estim\u00e9e\" \/>\n\t<meta name=\"twitter:data1\" content=\"1 minute\" \/>\n<script type=\"application\/ld+json\" class=\"yoast-schema-graph\">{\"@context\":\"https:\/\/schema.org\",\"@graph\":[{\"@type\":\"WebPage\",\"@id\":\"https:\/\/en3s.fr\/formation-professionnelle\/formations-professionnelles\/formations-courtes\/anticiper-limprevu-strategies-de-gestion-de-crise\/\",\"url\":\"https:\/\/en3s.fr\/formation-professionnelle\/formations-professionnelles\/formations-courtes\/anticiper-limprevu-strategies-de-gestion-de-crise\/\",\"name\":\"Anticiper l\u2019impr\u00e9vu : strat\u00e9gies de gestion de crise - Formations professionnelles de l&#039;EN3S\",\"isPartOf\":{\"@id\":\"https:\/\/en3s.fr\/formation-professionnelle\/#website\"},\"datePublished\":\"2024-10-25T15:31:18+00:00\",\"dateModified\":\"2025-10-10T14:19:45+00:00\",\"description\":\"Conforter la r\u00e9silience collective des \u00e9quipes et garantir la continuit\u00e9 d\u2019activit\u00e9\",\"breadcrumb\":{\"@id\":\"https:\/\/en3s.fr\/formation-professionnelle\/formations-professionnelles\/formations-courtes\/anticiper-limprevu-strategies-de-gestion-de-crise\/#breadcrumb\"},\"inLanguage\":\"fr-FR\",\"potentialAction\":[{\"@type\":\"ReadAction\",\"target\":[\"https:\/\/en3s.fr\/formation-professionnelle\/formations-professionnelles\/formations-courtes\/anticiper-limprevu-strategies-de-gestion-de-crise\/\"]}]},{\"@type\":\"BreadcrumbList\",\"@id\":\"https:\/\/en3s.fr\/formation-professionnelle\/formations-professionnelles\/formations-courtes\/anticiper-limprevu-strategies-de-gestion-de-crise\/#breadcrumb\",\"itemListElement\":[{\"@type\":\"ListItem\",\"position\":1,\"name\":\"Accueil\",\"item\":\"https:\/\/en3s.fr\/formation-professionnelle\/\"},{\"@type\":\"ListItem\",\"position\":2,\"name\":\"Formations professionnelles\",\"item\":\"https:\/\/en3s.fr\/formation-professionnelle\/formations-professionnelles\/\"},{\"@type\":\"ListItem\",\"position\":3,\"name\":\"Formations courtes\",\"item\":\"https:\/\/en3s.fr\/formation-professionnelle\/formations-professionnelles\/formations-courtes\/\"},{\"@type\":\"ListItem\",\"position\":4,\"name\":\"Anticiper l\u2019impr\u00e9vu : strat\u00e9gies de gestion de crise\"}]},{\"@type\":\"WebSite\",\"@id\":\"https:\/\/en3s.fr\/formation-professionnelle\/#website\",\"url\":\"https:\/\/en3s.fr\/formation-professionnelle\/\",\"name\":\"Formations professionnelles de l&#039;EN3S\",\"description\":\"Site des formations professionnelles de l&#039;EN3S\",\"potentialAction\":[{\"@type\":\"SearchAction\",\"target\":{\"@type\":\"EntryPoint\",\"urlTemplate\":\"https:\/\/en3s.fr\/formation-professionnelle\/?s={search_term_string}\"},\"query-input\":{\"@type\":\"PropertyValueSpecification\",\"valueRequired\":true,\"valueName\":\"search_term_string\"}}],\"inLanguage\":\"fr-FR\"}]}<\/script>\n<!-- \/ Yoast SEO plugin. -->","yoast_head_json":{"title":"Anticiper l\u2019impr\u00e9vu : strat\u00e9gies de gestion de crise - Formations professionnelles de l&#039;EN3S","description":"Conforter la r\u00e9silience collective des \u00e9quipes et garantir la continuit\u00e9 d\u2019activit\u00e9","robots":{"index":"index","follow":"follow","max-snippet":"max-snippet:-1","max-image-preview":"max-image-preview:large","max-video-preview":"max-video-preview:-1"},"canonical":"https:\/\/en3s.fr\/formation-professionnelle\/formations-professionnelles\/formations-courtes\/anticiper-limprevu-strategies-de-gestion-de-crise\/","og_locale":"fr_FR","og_type":"article","og_title":"Anticiper l\u2019impr\u00e9vu : strat\u00e9gies de gestion de crise - Formations professionnelles de l&#039;EN3S","og_description":"Conforter la r\u00e9silience collective des \u00e9quipes et garantir la continuit\u00e9 d\u2019activit\u00e9","og_url":"https:\/\/en3s.fr\/formation-professionnelle\/formations-professionnelles\/formations-courtes\/anticiper-limprevu-strategies-de-gestion-de-crise\/","og_site_name":"Formations professionnelles de l&#039;EN3S","article_modified_time":"2025-10-10T14:19:45+00:00","twitter_card":"summary_large_image","twitter_misc":{"Dur\u00e9e de lecture estim\u00e9e":"1 minute"},"schema":{"@context":"https:\/\/schema.org","@graph":[{"@type":"WebPage","@id":"https:\/\/en3s.fr\/formation-professionnelle\/formations-professionnelles\/formations-courtes\/anticiper-limprevu-strategies-de-gestion-de-crise\/","url":"https:\/\/en3s.fr\/formation-professionnelle\/formations-professionnelles\/formations-courtes\/anticiper-limprevu-strategies-de-gestion-de-crise\/","name":"Anticiper l\u2019impr\u00e9vu : strat\u00e9gies de gestion de crise - Formations professionnelles de l&#039;EN3S","isPartOf":{"@id":"https:\/\/en3s.fr\/formation-professionnelle\/#website"},"datePublished":"2024-10-25T15:31:18+00:00","dateModified":"2025-10-10T14:19:45+00:00","description":"Conforter la r\u00e9silience collective des \u00e9quipes et garantir la continuit\u00e9 d\u2019activit\u00e9","breadcrumb":{"@id":"https:\/\/en3s.fr\/formation-professionnelle\/formations-professionnelles\/formations-courtes\/anticiper-limprevu-strategies-de-gestion-de-crise\/#breadcrumb"},"inLanguage":"fr-FR","potentialAction":[{"@type":"ReadAction","target":["https:\/\/en3s.fr\/formation-professionnelle\/formations-professionnelles\/formations-courtes\/anticiper-limprevu-strategies-de-gestion-de-crise\/"]}]},{"@type":"BreadcrumbList","@id":"https:\/\/en3s.fr\/formation-professionnelle\/formations-professionnelles\/formations-courtes\/anticiper-limprevu-strategies-de-gestion-de-crise\/#breadcrumb","itemListElement":[{"@type":"ListItem","position":1,"name":"Accueil","item":"https:\/\/en3s.fr\/formation-professionnelle\/"},{"@type":"ListItem","position":2,"name":"Formations professionnelles","item":"https:\/\/en3s.fr\/formation-professionnelle\/formations-professionnelles\/"},{"@type":"ListItem","position":3,"name":"Formations courtes","item":"https:\/\/en3s.fr\/formation-professionnelle\/formations-professionnelles\/formations-courtes\/"},{"@type":"ListItem","position":4,"name":"Anticiper l\u2019impr\u00e9vu : strat\u00e9gies de gestion de crise"}]},{"@type":"WebSite","@id":"https:\/\/en3s.fr\/formation-professionnelle\/#website","url":"https:\/\/en3s.fr\/formation-professionnelle\/","name":"Formations professionnelles de l&#039;EN3S","description":"Site des formations professionnelles de l&#039;EN3S","potentialAction":[{"@type":"SearchAction","target":{"@type":"EntryPoint","urlTemplate":"https:\/\/en3s.fr\/formation-professionnelle\/?s={search_term_string}"},"query-input":{"@type":"PropertyValueSpecification","valueRequired":true,"valueName":"search_term_string"}}],"inLanguage":"fr-FR"}]}},"_links":{"self":[{"href":"https:\/\/en3s.fr\/formation-professionnelle\/wp-json\/wp\/v2\/pages\/315340","targetHints":{"allow":["GET"]}}],"collection":[{"href":"https:\/\/en3s.fr\/formation-professionnelle\/wp-json\/wp\/v2\/pages"}],"about":[{"href":"https:\/\/en3s.fr\/formation-professionnelle\/wp-json\/wp\/v2\/types\/page"}],"author":[{"embeddable":true,"href":"https:\/\/en3s.fr\/formation-professionnelle\/wp-json\/wp\/v2\/users\/4"}],"replies":[{"embeddable":true,"href":"https:\/\/en3s.fr\/formation-professionnelle\/wp-json\/wp\/v2\/comments?post=315340"}],"version-history":[{"count":4,"href":"https:\/\/en3s.fr\/formation-professionnelle\/wp-json\/wp\/v2\/pages\/315340\/revisions"}],"predecessor-version":[{"id":316414,"href":"https:\/\/en3s.fr\/formation-professionnelle\/wp-json\/wp\/v2\/pages\/315340\/revisions\/316414"}],"up":[{"embeddable":true,"href":"https:\/\/en3s.fr\/formation-professionnelle\/wp-json\/wp\/v2\/pages\/425"}],"wp:attachment":[{"href":"https:\/\/en3s.fr\/formation-professionnelle\/wp-json\/wp\/v2\/media?parent=315340"}],"curies":[{"name":"wp","href":"https:\/\/api.w.org\/{rel}","templated":true}]}}