{"id":315504,"date":"2024-12-16T15:40:58","date_gmt":"2024-12-16T14:40:58","guid":{"rendered":"https:\/\/en3s.fr\/formation-professionnelle\/?page_id=315504"},"modified":"2026-03-02T15:22:20","modified_gmt":"2026-03-02T14:22:20","slug":"construire-le-pont-entre-transition-environnementale-et-protection-sociale","status":"publish","type":"page","link":"https:\/\/en3s.fr\/formation-professionnelle\/formations-professionnelles\/formations-courtes\/construire-le-pont-entre-transition-environnementale-et-protection-sociale\/","title":{"rendered":"Construire des ponts entre transition environnementale et Protection sociale"},"content":{"rendered":"<p>Atelier Protection sociale &#8211; Acteurs de la transition \u00e9cologique<\/p>\n<p>&nbsp;<\/p>\n<p data-start=\"227\" data-end=\"302\"><strong><span data-teams=\"true\"><span class=\"NormalTextRun SCXW5002756 BCX8\">Et si&nbsp;<\/span><span class=\"NormalTextRun SCXW5002756 BCX8\">un jeu de cartes<\/span><span class=\"NormalTextRun SCXW5002756 BCX8\">&nbsp;permettait de mieux comprendre les d\u00e9fis conjoints du climat et de la protection sociale ?&nbsp;<\/span><\/span><\/strong><strong><span data-teams=\"true\">D\u00e9couvrez le nouveau jeu p\u00e9dagogique d\u00e9velopp\u00e9 dans le cadre d\u2019une formation consacr\u00e9e \u00e0 la transition \u00e9cologique. <\/span><\/strong><\/p>\n<p data-start=\"304\" data-end=\"719\">L\u2019EN3S et les Caisses nationales coordonnent un kit p\u00e9dagogique innovant qui invite les professionnels de la s\u00e9curit\u00e9 sociale \u00e0 explorer, de mani\u00e8re collaborative, les liens concrets entre protection sociale et transition environnementale. Pens\u00e9 comme un atelier interactif et accessible, il favorise la prise de conscience, le dialogue et la co-construction de solutions adapt\u00e9es aux impacts du changement climatique sur les missions du secteur.<\/p>\n<p data-start=\"721\" data-end=\"960\" data-is-last-node=\"\" data-is-only-node=\"\">Test\u00e9 aupr\u00e8s d\u2019\u00e9l\u00e8ves et de professionnels, ce dispositif illustre une ambition forte : faire des enjeux climatiques un axe central de transformation de la protection sociale. Une nouvelle fa\u00e7on de former, r\u00e9fl\u00e9chir et agir collectivement.<\/p>\n<p data-start=\"721\" data-end=\"960\" data-is-last-node=\"\" data-is-only-node=\"\"><strong><span data-teams=\"true\">Retrouvez \u00e9galement <a href=\"https:\/\/en3s.fr\/2026\/02\/19\/la-transition-ecologique-moteur-dinnovation-dans-la-protection-sociale-entretien-avec-ange-chevallier\/\">l\u2019entretien avec Ange Chevalier<\/a>, qui revient sur la gen\u00e8se du projet et les apports de ce jeu pour les acteurs de la protection sociale.<\/span><\/strong><\/p>\n","protected":false},"excerpt":{"rendered":"<p>Un atelier interactif et ludique mettant en lumi\u00e8re l&rsquo;importance de l&rsquo;int\u00e9gration des enjeux climatiques pour la Protection sociale<\/p>\n","protected":false},"author":4,"featured_media":0,"parent":425,"menu_order":0,"comment_status":"closed","ping_status":"closed","template":"partials\/template-formation.php","meta":{"ngg_post_thumbnail":0,"footnotes":""},"class_list":["post-315504","page","type-page","status-publish","hentry"],"yoast_head":"<!-- This site is optimized with the Yoast SEO plugin v24.9 - https:\/\/yoast.com\/wordpress\/plugins\/seo\/ -->\n<title>Construire des ponts entre transition environnementale et Protection sociale - Formations professionnelles de l&#039;EN3S<\/title>\n<meta name=\"description\" content=\"Un atelier interactif et ludique mettant en lumi\u00e8re l&#039;importance de l&#039;int\u00e9gration des enjeux climatiques pour la Protection sociale\" \/>\n<meta name=\"robots\" content=\"index, follow, max-snippet:-1, max-image-preview:large, max-video-preview:-1\" \/>\n<link rel=\"canonical\" href=\"https:\/\/en3s.fr\/formation-professionnelle\/formations-professionnelles\/formations-courtes\/construire-le-pont-entre-transition-environnementale-et-protection-sociale\/\" \/>\n<meta property=\"og:locale\" content=\"fr_FR\" \/>\n<meta property=\"og:type\" content=\"article\" \/>\n<meta property=\"og:title\" content=\"Construire des ponts entre transition environnementale et Protection sociale - Formations professionnelles de l&#039;EN3S\" \/>\n<meta property=\"og:description\" content=\"Un atelier interactif et ludique mettant en lumi\u00e8re l&#039;importance de l&#039;int\u00e9gration des enjeux climatiques pour la Protection sociale\" \/>\n<meta property=\"og:url\" content=\"https:\/\/en3s.fr\/formation-professionnelle\/formations-professionnelles\/formations-courtes\/construire-le-pont-entre-transition-environnementale-et-protection-sociale\/\" \/>\n<meta property=\"og:site_name\" content=\"Formations professionnelles de l&#039;EN3S\" \/>\n<meta property=\"article:modified_time\" content=\"2026-03-02T14:22:20+00:00\" \/>\n<meta name=\"twitter:card\" content=\"summary_large_image\" \/>\n<meta name=\"twitter:label1\" content=\"Dur\u00e9e de lecture estim\u00e9e\" \/>\n\t<meta name=\"twitter:data1\" content=\"1 minute\" \/>\n<script type=\"application\/ld+json\" class=\"yoast-schema-graph\">{\"@context\":\"https:\/\/schema.org\",\"@graph\":[{\"@type\":\"WebPage\",\"@id\":\"https:\/\/en3s.fr\/formation-professionnelle\/formations-professionnelles\/formations-courtes\/construire-le-pont-entre-transition-environnementale-et-protection-sociale\/\",\"url\":\"https:\/\/en3s.fr\/formation-professionnelle\/formations-professionnelles\/formations-courtes\/construire-le-pont-entre-transition-environnementale-et-protection-sociale\/\",\"name\":\"Construire des ponts entre transition environnementale et Protection sociale - Formations professionnelles de l&#039;EN3S\",\"isPartOf\":{\"@id\":\"https:\/\/en3s.fr\/formation-professionnelle\/#website\"},\"datePublished\":\"2024-12-16T14:40:58+00:00\",\"dateModified\":\"2026-03-02T14:22:20+00:00\",\"description\":\"Un atelier interactif et ludique mettant en lumi\u00e8re l'importance de l'int\u00e9gration des enjeux climatiques pour la Protection sociale\",\"breadcrumb\":{\"@id\":\"https:\/\/en3s.fr\/formation-professionnelle\/formations-professionnelles\/formations-courtes\/construire-le-pont-entre-transition-environnementale-et-protection-sociale\/#breadcrumb\"},\"inLanguage\":\"fr-FR\",\"potentialAction\":[{\"@type\":\"ReadAction\",\"target\":[\"https:\/\/en3s.fr\/formation-professionnelle\/formations-professionnelles\/formations-courtes\/construire-le-pont-entre-transition-environnementale-et-protection-sociale\/\"]}]},{\"@type\":\"BreadcrumbList\",\"@id\":\"https:\/\/en3s.fr\/formation-professionnelle\/formations-professionnelles\/formations-courtes\/construire-le-pont-entre-transition-environnementale-et-protection-sociale\/#breadcrumb\",\"itemListElement\":[{\"@type\":\"ListItem\",\"position\":1,\"name\":\"Accueil\",\"item\":\"https:\/\/en3s.fr\/formation-professionnelle\/\"},{\"@type\":\"ListItem\",\"position\":2,\"name\":\"Formations professionnelles\",\"item\":\"https:\/\/en3s.fr\/formation-professionnelle\/formations-professionnelles\/\"},{\"@type\":\"ListItem\",\"position\":3,\"name\":\"Formations courtes\",\"item\":\"https:\/\/en3s.fr\/formation-professionnelle\/formations-professionnelles\/formations-courtes\/\"},{\"@type\":\"ListItem\",\"position\":4,\"name\":\"Construire des ponts entre transition environnementale et Protection sociale\"}]},{\"@type\":\"WebSite\",\"@id\":\"https:\/\/en3s.fr\/formation-professionnelle\/#website\",\"url\":\"https:\/\/en3s.fr\/formation-professionnelle\/\",\"name\":\"Formations professionnelles de l&#039;EN3S\",\"description\":\"Site des formations professionnelles de l&#039;EN3S\",\"potentialAction\":[{\"@type\":\"SearchAction\",\"target\":{\"@type\":\"EntryPoint\",\"urlTemplate\":\"https:\/\/en3s.fr\/formation-professionnelle\/?s={search_term_string}\"},\"query-input\":{\"@type\":\"PropertyValueSpecification\",\"valueRequired\":true,\"valueName\":\"search_term_string\"}}],\"inLanguage\":\"fr-FR\"}]}<\/script>\n<!-- \/ Yoast SEO plugin. -->","yoast_head_json":{"title":"Construire des ponts entre transition environnementale et Protection sociale - Formations professionnelles de l&#039;EN3S","description":"Un atelier interactif et ludique mettant en lumi\u00e8re l'importance de l'int\u00e9gration des enjeux climatiques pour la Protection sociale","robots":{"index":"index","follow":"follow","max-snippet":"max-snippet:-1","max-image-preview":"max-image-preview:large","max-video-preview":"max-video-preview:-1"},"canonical":"https:\/\/en3s.fr\/formation-professionnelle\/formations-professionnelles\/formations-courtes\/construire-le-pont-entre-transition-environnementale-et-protection-sociale\/","og_locale":"fr_FR","og_type":"article","og_title":"Construire des ponts entre transition environnementale et Protection sociale - Formations professionnelles de l&#039;EN3S","og_description":"Un atelier interactif et ludique mettant en lumi\u00e8re l'importance de l'int\u00e9gration des enjeux climatiques pour la Protection sociale","og_url":"https:\/\/en3s.fr\/formation-professionnelle\/formations-professionnelles\/formations-courtes\/construire-le-pont-entre-transition-environnementale-et-protection-sociale\/","og_site_name":"Formations professionnelles de l&#039;EN3S","article_modified_time":"2026-03-02T14:22:20+00:00","twitter_card":"summary_large_image","twitter_misc":{"Dur\u00e9e de lecture estim\u00e9e":"1 minute"},"schema":{"@context":"https:\/\/schema.org","@graph":[{"@type":"WebPage","@id":"https:\/\/en3s.fr\/formation-professionnelle\/formations-professionnelles\/formations-courtes\/construire-le-pont-entre-transition-environnementale-et-protection-sociale\/","url":"https:\/\/en3s.fr\/formation-professionnelle\/formations-professionnelles\/formations-courtes\/construire-le-pont-entre-transition-environnementale-et-protection-sociale\/","name":"Construire des ponts entre transition environnementale et Protection sociale - Formations professionnelles de l&#039;EN3S","isPartOf":{"@id":"https:\/\/en3s.fr\/formation-professionnelle\/#website"},"datePublished":"2024-12-16T14:40:58+00:00","dateModified":"2026-03-02T14:22:20+00:00","description":"Un atelier interactif et ludique mettant en lumi\u00e8re l'importance de l'int\u00e9gration des enjeux climatiques pour la Protection sociale","breadcrumb":{"@id":"https:\/\/en3s.fr\/formation-professionnelle\/formations-professionnelles\/formations-courtes\/construire-le-pont-entre-transition-environnementale-et-protection-sociale\/#breadcrumb"},"inLanguage":"fr-FR","potentialAction":[{"@type":"ReadAction","target":["https:\/\/en3s.fr\/formation-professionnelle\/formations-professionnelles\/formations-courtes\/construire-le-pont-entre-transition-environnementale-et-protection-sociale\/"]}]},{"@type":"BreadcrumbList","@id":"https:\/\/en3s.fr\/formation-professionnelle\/formations-professionnelles\/formations-courtes\/construire-le-pont-entre-transition-environnementale-et-protection-sociale\/#breadcrumb","itemListElement":[{"@type":"ListItem","position":1,"name":"Accueil","item":"https:\/\/en3s.fr\/formation-professionnelle\/"},{"@type":"ListItem","position":2,"name":"Formations professionnelles","item":"https:\/\/en3s.fr\/formation-professionnelle\/formations-professionnelles\/"},{"@type":"ListItem","position":3,"name":"Formations courtes","item":"https:\/\/en3s.fr\/formation-professionnelle\/formations-professionnelles\/formations-courtes\/"},{"@type":"ListItem","position":4,"name":"Construire des ponts entre transition environnementale et Protection sociale"}]},{"@type":"WebSite","@id":"https:\/\/en3s.fr\/formation-professionnelle\/#website","url":"https:\/\/en3s.fr\/formation-professionnelle\/","name":"Formations professionnelles de l&#039;EN3S","description":"Site des formations professionnelles de l&#039;EN3S","potentialAction":[{"@type":"SearchAction","target":{"@type":"EntryPoint","urlTemplate":"https:\/\/en3s.fr\/formation-professionnelle\/?s={search_term_string}"},"query-input":{"@type":"PropertyValueSpecification","valueRequired":true,"valueName":"search_term_string"}}],"inLanguage":"fr-FR"}]}},"_links":{"self":[{"href":"https:\/\/en3s.fr\/formation-professionnelle\/wp-json\/wp\/v2\/pages\/315504","targetHints":{"allow":["GET"]}}],"collection":[{"href":"https:\/\/en3s.fr\/formation-professionnelle\/wp-json\/wp\/v2\/pages"}],"about":[{"href":"https:\/\/en3s.fr\/formation-professionnelle\/wp-json\/wp\/v2\/types\/page"}],"author":[{"embeddable":true,"href":"https:\/\/en3s.fr\/formation-professionnelle\/wp-json\/wp\/v2\/users\/4"}],"replies":[{"embeddable":true,"href":"https:\/\/en3s.fr\/formation-professionnelle\/wp-json\/wp\/v2\/comments?post=315504"}],"version-history":[{"count":25,"href":"https:\/\/en3s.fr\/formation-professionnelle\/wp-json\/wp\/v2\/pages\/315504\/revisions"}],"predecessor-version":[{"id":317209,"href":"https:\/\/en3s.fr\/formation-professionnelle\/wp-json\/wp\/v2\/pages\/315504\/revisions\/317209"}],"up":[{"embeddable":true,"href":"https:\/\/en3s.fr\/formation-professionnelle\/wp-json\/wp\/v2\/pages\/425"}],"wp:attachment":[{"href":"https:\/\/en3s.fr\/formation-professionnelle\/wp-json\/wp\/v2\/media?parent=315504"}],"curies":[{"name":"wp","href":"https:\/\/api.w.org\/{rel}","templated":true}]}}