{"id":315629,"date":"2025-01-20T15:47:49","date_gmt":"2025-01-20T14:47:49","guid":{"rendered":"https:\/\/en3s.fr\/formation-professionnelle\/?page_id=315629"},"modified":"2026-01-13T11:59:41","modified_gmt":"2026-01-13T10:59:41","slug":"donner-de-la-puissance-a-son-codir-adopter-les-meilleures-pratiques-oser-etre-soi","status":"publish","type":"page","link":"https:\/\/en3s.fr\/formation-professionnelle\/formations-professionnelles\/formations-courtes\/donner-de-la-puissance-a-son-codir-adopter-les-meilleures-pratiques-oser-etre-soi\/","title":{"rendered":"Donner de la puissance \u00e0 son CODIR ; adopter les meilleures pratiques, oser \u00eatre soi"},"content":{"rendered":"","protected":false},"excerpt":{"rendered":"<p>Cercle des directeurs &#8211; Donner de la puissance \u00e0 son CODIR ; adopter les meilleures pratiques, oser \u00eatre soi<\/p>\n","protected":false},"author":4,"featured_media":0,"parent":425,"menu_order":4,"comment_status":"closed","ping_status":"closed","template":"partials\/template-formation.php","meta":{"ngg_post_thumbnail":0,"footnotes":""},"class_list":["post-315629","page","type-page","status-publish","hentry","cycle_formation-cycle-cercle-des-directeurs"],"yoast_head":"<!-- This site is optimized with the Yoast SEO plugin v24.9 - https:\/\/yoast.com\/wordpress\/plugins\/seo\/ -->\n<title>Donner de la puissance \u00e0 son CODIR ; adopter les meilleures pratiques, oser \u00eatre soi - Formations professionnelles de l&#039;EN3S<\/title>\n<meta name=\"description\" content=\"Cercle des directeurs - Donner de la puissance \u00e0 son CODIR ; adopter les meilleures pratiques, oser \u00eatre soi\" \/>\n<meta name=\"robots\" content=\"index, follow, max-snippet:-1, max-image-preview:large, max-video-preview:-1\" \/>\n<link rel=\"canonical\" href=\"https:\/\/en3s.fr\/formation-professionnelle\/formations-professionnelles\/formations-courtes\/donner-de-la-puissance-a-son-codir-adopter-les-meilleures-pratiques-oser-etre-soi\/\" \/>\n<meta property=\"og:locale\" content=\"fr_FR\" \/>\n<meta property=\"og:type\" content=\"article\" \/>\n<meta property=\"og:title\" content=\"Donner de la puissance \u00e0 son CODIR ; adopter les meilleures pratiques, oser \u00eatre soi - Formations professionnelles de l&#039;EN3S\" \/>\n<meta property=\"og:description\" content=\"Cercle des directeurs - Donner de la puissance \u00e0 son CODIR ; adopter les meilleures pratiques, oser \u00eatre soi\" \/>\n<meta property=\"og:url\" content=\"https:\/\/en3s.fr\/formation-professionnelle\/formations-professionnelles\/formations-courtes\/donner-de-la-puissance-a-son-codir-adopter-les-meilleures-pratiques-oser-etre-soi\/\" \/>\n<meta property=\"og:site_name\" content=\"Formations professionnelles de l&#039;EN3S\" \/>\n<meta property=\"article:modified_time\" content=\"2026-01-13T10:59:41+00:00\" \/>\n<meta name=\"twitter:card\" content=\"summary_large_image\" \/>\n<script type=\"application\/ld+json\" class=\"yoast-schema-graph\">{\"@context\":\"https:\/\/schema.org\",\"@graph\":[{\"@type\":\"WebPage\",\"@id\":\"https:\/\/en3s.fr\/formation-professionnelle\/formations-professionnelles\/formations-courtes\/donner-de-la-puissance-a-son-codir-adopter-les-meilleures-pratiques-oser-etre-soi\/\",\"url\":\"https:\/\/en3s.fr\/formation-professionnelle\/formations-professionnelles\/formations-courtes\/donner-de-la-puissance-a-son-codir-adopter-les-meilleures-pratiques-oser-etre-soi\/\",\"name\":\"Donner de la puissance \u00e0 son CODIR ; adopter les meilleures pratiques, oser \u00eatre soi - Formations professionnelles de l&#039;EN3S\",\"isPartOf\":{\"@id\":\"https:\/\/en3s.fr\/formation-professionnelle\/#website\"},\"datePublished\":\"2025-01-20T14:47:49+00:00\",\"dateModified\":\"2026-01-13T10:59:41+00:00\",\"description\":\"Cercle des directeurs - Donner de la puissance \u00e0 son CODIR ; adopter les meilleures pratiques, oser \u00eatre soi\",\"breadcrumb\":{\"@id\":\"https:\/\/en3s.fr\/formation-professionnelle\/formations-professionnelles\/formations-courtes\/donner-de-la-puissance-a-son-codir-adopter-les-meilleures-pratiques-oser-etre-soi\/#breadcrumb\"},\"inLanguage\":\"fr-FR\",\"potentialAction\":[{\"@type\":\"ReadAction\",\"target\":[\"https:\/\/en3s.fr\/formation-professionnelle\/formations-professionnelles\/formations-courtes\/donner-de-la-puissance-a-son-codir-adopter-les-meilleures-pratiques-oser-etre-soi\/\"]}]},{\"@type\":\"BreadcrumbList\",\"@id\":\"https:\/\/en3s.fr\/formation-professionnelle\/formations-professionnelles\/formations-courtes\/donner-de-la-puissance-a-son-codir-adopter-les-meilleures-pratiques-oser-etre-soi\/#breadcrumb\",\"itemListElement\":[{\"@type\":\"ListItem\",\"position\":1,\"name\":\"Accueil\",\"item\":\"https:\/\/en3s.fr\/formation-professionnelle\/\"},{\"@type\":\"ListItem\",\"position\":2,\"name\":\"Formations professionnelles\",\"item\":\"https:\/\/en3s.fr\/formation-professionnelle\/formations-professionnelles\/\"},{\"@type\":\"ListItem\",\"position\":3,\"name\":\"Formations courtes\",\"item\":\"https:\/\/en3s.fr\/formation-professionnelle\/formations-professionnelles\/formations-courtes\/\"},{\"@type\":\"ListItem\",\"position\":4,\"name\":\"Donner de la puissance \u00e0 son CODIR ; adopter les meilleures pratiques, oser \u00eatre soi\"}]},{\"@type\":\"WebSite\",\"@id\":\"https:\/\/en3s.fr\/formation-professionnelle\/#website\",\"url\":\"https:\/\/en3s.fr\/formation-professionnelle\/\",\"name\":\"Formations professionnelles de l&#039;EN3S\",\"description\":\"Site des formations professionnelles de l&#039;EN3S\",\"potentialAction\":[{\"@type\":\"SearchAction\",\"target\":{\"@type\":\"EntryPoint\",\"urlTemplate\":\"https:\/\/en3s.fr\/formation-professionnelle\/?s={search_term_string}\"},\"query-input\":{\"@type\":\"PropertyValueSpecification\",\"valueRequired\":true,\"valueName\":\"search_term_string\"}}],\"inLanguage\":\"fr-FR\"}]}<\/script>\n<!-- \/ Yoast SEO plugin. -->","yoast_head_json":{"title":"Donner de la puissance \u00e0 son CODIR ; adopter les meilleures pratiques, oser \u00eatre soi - Formations professionnelles de l&#039;EN3S","description":"Cercle des directeurs - Donner de la puissance \u00e0 son CODIR ; adopter les meilleures pratiques, oser \u00eatre soi","robots":{"index":"index","follow":"follow","max-snippet":"max-snippet:-1","max-image-preview":"max-image-preview:large","max-video-preview":"max-video-preview:-1"},"canonical":"https:\/\/en3s.fr\/formation-professionnelle\/formations-professionnelles\/formations-courtes\/donner-de-la-puissance-a-son-codir-adopter-les-meilleures-pratiques-oser-etre-soi\/","og_locale":"fr_FR","og_type":"article","og_title":"Donner de la puissance \u00e0 son CODIR ; adopter les meilleures pratiques, oser \u00eatre soi - Formations professionnelles de l&#039;EN3S","og_description":"Cercle des directeurs - Donner de la puissance \u00e0 son CODIR ; adopter les meilleures pratiques, oser \u00eatre soi","og_url":"https:\/\/en3s.fr\/formation-professionnelle\/formations-professionnelles\/formations-courtes\/donner-de-la-puissance-a-son-codir-adopter-les-meilleures-pratiques-oser-etre-soi\/","og_site_name":"Formations professionnelles de l&#039;EN3S","article_modified_time":"2026-01-13T10:59:41+00:00","twitter_card":"summary_large_image","schema":{"@context":"https:\/\/schema.org","@graph":[{"@type":"WebPage","@id":"https:\/\/en3s.fr\/formation-professionnelle\/formations-professionnelles\/formations-courtes\/donner-de-la-puissance-a-son-codir-adopter-les-meilleures-pratiques-oser-etre-soi\/","url":"https:\/\/en3s.fr\/formation-professionnelle\/formations-professionnelles\/formations-courtes\/donner-de-la-puissance-a-son-codir-adopter-les-meilleures-pratiques-oser-etre-soi\/","name":"Donner de la puissance \u00e0 son CODIR ; adopter les meilleures pratiques, oser \u00eatre soi - Formations professionnelles de l&#039;EN3S","isPartOf":{"@id":"https:\/\/en3s.fr\/formation-professionnelle\/#website"},"datePublished":"2025-01-20T14:47:49+00:00","dateModified":"2026-01-13T10:59:41+00:00","description":"Cercle des directeurs - Donner de la puissance \u00e0 son CODIR ; adopter les meilleures pratiques, oser \u00eatre soi","breadcrumb":{"@id":"https:\/\/en3s.fr\/formation-professionnelle\/formations-professionnelles\/formations-courtes\/donner-de-la-puissance-a-son-codir-adopter-les-meilleures-pratiques-oser-etre-soi\/#breadcrumb"},"inLanguage":"fr-FR","potentialAction":[{"@type":"ReadAction","target":["https:\/\/en3s.fr\/formation-professionnelle\/formations-professionnelles\/formations-courtes\/donner-de-la-puissance-a-son-codir-adopter-les-meilleures-pratiques-oser-etre-soi\/"]}]},{"@type":"BreadcrumbList","@id":"https:\/\/en3s.fr\/formation-professionnelle\/formations-professionnelles\/formations-courtes\/donner-de-la-puissance-a-son-codir-adopter-les-meilleures-pratiques-oser-etre-soi\/#breadcrumb","itemListElement":[{"@type":"ListItem","position":1,"name":"Accueil","item":"https:\/\/en3s.fr\/formation-professionnelle\/"},{"@type":"ListItem","position":2,"name":"Formations professionnelles","item":"https:\/\/en3s.fr\/formation-professionnelle\/formations-professionnelles\/"},{"@type":"ListItem","position":3,"name":"Formations courtes","item":"https:\/\/en3s.fr\/formation-professionnelle\/formations-professionnelles\/formations-courtes\/"},{"@type":"ListItem","position":4,"name":"Donner de la puissance \u00e0 son CODIR ; adopter les meilleures pratiques, oser \u00eatre soi"}]},{"@type":"WebSite","@id":"https:\/\/en3s.fr\/formation-professionnelle\/#website","url":"https:\/\/en3s.fr\/formation-professionnelle\/","name":"Formations professionnelles de l&#039;EN3S","description":"Site des formations professionnelles de l&#039;EN3S","potentialAction":[{"@type":"SearchAction","target":{"@type":"EntryPoint","urlTemplate":"https:\/\/en3s.fr\/formation-professionnelle\/?s={search_term_string}"},"query-input":{"@type":"PropertyValueSpecification","valueRequired":true,"valueName":"search_term_string"}}],"inLanguage":"fr-FR"}]}},"_links":{"self":[{"href":"https:\/\/en3s.fr\/formation-professionnelle\/wp-json\/wp\/v2\/pages\/315629","targetHints":{"allow":["GET"]}}],"collection":[{"href":"https:\/\/en3s.fr\/formation-professionnelle\/wp-json\/wp\/v2\/pages"}],"about":[{"href":"https:\/\/en3s.fr\/formation-professionnelle\/wp-json\/wp\/v2\/types\/page"}],"author":[{"embeddable":true,"href":"https:\/\/en3s.fr\/formation-professionnelle\/wp-json\/wp\/v2\/users\/4"}],"replies":[{"embeddable":true,"href":"https:\/\/en3s.fr\/formation-professionnelle\/wp-json\/wp\/v2\/comments?post=315629"}],"version-history":[{"count":2,"href":"https:\/\/en3s.fr\/formation-professionnelle\/wp-json\/wp\/v2\/pages\/315629\/revisions"}],"predecessor-version":[{"id":316813,"href":"https:\/\/en3s.fr\/formation-professionnelle\/wp-json\/wp\/v2\/pages\/315629\/revisions\/316813"}],"up":[{"embeddable":true,"href":"https:\/\/en3s.fr\/formation-professionnelle\/wp-json\/wp\/v2\/pages\/425"}],"wp:attachment":[{"href":"https:\/\/en3s.fr\/formation-professionnelle\/wp-json\/wp\/v2\/media?parent=315629"}],"curies":[{"name":"wp","href":"https:\/\/api.w.org\/{rel}","templated":true}]}}