{"id":316180,"date":"2025-09-04T14:56:04","date_gmt":"2025-09-04T12:56:04","guid":{"rendered":"https:\/\/en3s.fr\/formation-professionnelle\/?page_id=316180"},"modified":"2025-09-04T14:56:04","modified_gmt":"2025-09-04T12:56:04","slug":"lignes-directrices-de-laiss-en-matiere-derreur-devasion-et-de-fraude","status":"publish","type":"page","link":"https:\/\/en3s.fr\/formation-professionnelle\/formations-professionnelles\/formations-courtes\/lignes-directrices-de-laiss-en-matiere-derreur-devasion-et-de-fraude\/","title":{"rendered":"Lignes directrices de l\u2019AISS en mati\u00e8re d&rsquo;erreur, d&rsquo;\u00e9vasion et de fraude"},"content":{"rendered":"<p>&nbsp;<\/p>\n<p><strong><em>\u00ab\u202fUne formation qui enrichira la r\u00e9flexion et la pratique de toux ceux qui travaillent en faveur de la pr\u00e9vention, la d\u00e9tection et la lutte contre les erreurs et t les comportements frauduleux dans les syst\u00e8mes de s\u00e9curit\u00e9 sociale\u202f\u00bb<\/em>&nbsp;<\/strong><\/p>\n<p>La d\u00e9tection et la pr\u00e9vention de l\u2019erreur, de l\u2019\u00e9vasion et de la fraude (EEF) dans les syst\u00e8mes de s\u00e9curit\u00e9 sociale sont indispensables pour consolider et promouvoir la protection sociale et renforcer la confiance du public dans les institutions de s\u00e9curit\u00e9 sociale.&nbsp;&nbsp;<\/p>\n<p>Les lignes directrices de l\u2019AISS en mati\u00e8re d\u2019erreur, d\u2019\u00e9vasion et de fraude portent sur l\u2019acceptation et le respect des obligations par les b\u00e9n\u00e9ficiaires et les cotisants et contribuables. Elles abordent l\u2019ensemble des risques complexes qui leur sont li\u00e9s, en s\u2019appuyant sur une approche et un mod\u00e8le de gestion du risque.&nbsp;&nbsp;<\/p>\n<p>La mise en \u0153uvre de politiques coh\u00e9rentes de d\u00e9tection et de pr\u00e9vention de ces ph\u00e9nom\u00e8nes, est indispensable pour garantir les droits des b\u00e9n\u00e9ficiaires de la s\u00e9curit\u00e9 sociale mais \u00e9galement pour s\u2019assurer que les ressources de la s\u00e9curit\u00e9 sociale sont utilis\u00e9es conform\u00e9ment \u00e0 leur objet.&nbsp;&nbsp;<\/p>\n<p>L\u2019utilisation de m\u00e9thodes rigoureuses pour d\u00e9tecter et pr\u00e9venir l\u2019EEF renforce la l\u00e9gitimit\u00e9 des institutions de s\u00e9curit\u00e9 sociale et a un impact positif sur leur capacit\u00e9 \u00e0 \u00e9voluer de mani\u00e8re viable, afin de favoriser le bien-\u00eatre social ainsi que la croissance et la redistribution \u00e9conomiques.&nbsp;&nbsp;<\/p>\n","protected":false},"excerpt":{"rendered":"<p>&nbsp; \u00ab\u202fUne formation qui enrichira la r\u00e9flexion et la pratique de toux ceux qui travaillent en faveur de la pr\u00e9vention, la d\u00e9tection et la lutte contre les erreurs et t les comportements frauduleux dans les syst\u00e8mes de s\u00e9curit\u00e9 sociale\u202f\u00bb&nbsp; La d\u00e9tection et la pr\u00e9vention de l\u2019erreur, de l\u2019\u00e9vasion et de la fraude (EEF) dans les [&hellip;]<\/p>\n","protected":false},"author":59,"featured_media":0,"parent":425,"menu_order":0,"comment_status":"closed","ping_status":"closed","template":"partials\/template-formation.php","meta":{"ngg_post_thumbnail":0,"footnotes":""},"class_list":["post-316180","page","type-page","status-publish","hentry"],"yoast_head":"<!-- This site is optimized with the Yoast SEO plugin v24.9 - https:\/\/yoast.com\/wordpress\/plugins\/seo\/ -->\n<title>Lignes directrices de l\u2019AISS en mati\u00e8re d&#039;erreur, d&#039;\u00e9vasion et de fraude - Formations professionnelles de l&#039;EN3S<\/title>\n<meta name=\"description\" content=\"&nbsp; \u00ab\u202fUne formation qui enrichira la r\u00e9flexion et la pratique de toux ceux qui travaillent en faveur de la pr\u00e9vention, la d\u00e9tection et la lutte contre\" \/>\n<meta name=\"robots\" content=\"index, follow, max-snippet:-1, max-image-preview:large, max-video-preview:-1\" \/>\n<link rel=\"canonical\" href=\"https:\/\/en3s.fr\/formation-professionnelle\/formations-professionnelles\/formations-courtes\/lignes-directrices-de-laiss-en-matiere-derreur-devasion-et-de-fraude\/\" \/>\n<meta property=\"og:locale\" content=\"fr_FR\" \/>\n<meta property=\"og:type\" content=\"article\" \/>\n<meta property=\"og:title\" content=\"Lignes directrices de l\u2019AISS en mati\u00e8re d&#039;erreur, d&#039;\u00e9vasion et de fraude - Formations professionnelles de l&#039;EN3S\" \/>\n<meta property=\"og:description\" content=\"&nbsp; \u00ab\u202fUne formation qui enrichira la r\u00e9flexion et la pratique de toux ceux qui travaillent en faveur de la pr\u00e9vention, la d\u00e9tection et la lutte contre\" \/>\n<meta property=\"og:url\" content=\"https:\/\/en3s.fr\/formation-professionnelle\/formations-professionnelles\/formations-courtes\/lignes-directrices-de-laiss-en-matiere-derreur-devasion-et-de-fraude\/\" \/>\n<meta property=\"og:site_name\" content=\"Formations professionnelles de l&#039;EN3S\" \/>\n<meta name=\"twitter:card\" content=\"summary_large_image\" \/>\n<meta name=\"twitter:label1\" content=\"Dur\u00e9e de lecture estim\u00e9e\" \/>\n\t<meta name=\"twitter:data1\" content=\"2 minutes\" \/>\n<script type=\"application\/ld+json\" class=\"yoast-schema-graph\">{\"@context\":\"https:\/\/schema.org\",\"@graph\":[{\"@type\":\"WebPage\",\"@id\":\"https:\/\/en3s.fr\/formation-professionnelle\/formations-professionnelles\/formations-courtes\/lignes-directrices-de-laiss-en-matiere-derreur-devasion-et-de-fraude\/\",\"url\":\"https:\/\/en3s.fr\/formation-professionnelle\/formations-professionnelles\/formations-courtes\/lignes-directrices-de-laiss-en-matiere-derreur-devasion-et-de-fraude\/\",\"name\":\"Lignes directrices de l\u2019AISS en mati\u00e8re d'erreur, d'\u00e9vasion et de fraude - Formations professionnelles de l&#039;EN3S\",\"isPartOf\":{\"@id\":\"https:\/\/en3s.fr\/formation-professionnelle\/#website\"},\"datePublished\":\"2025-09-04T12:56:04+00:00\",\"description\":\"&nbsp; \u00ab\u202fUne formation qui enrichira la r\u00e9flexion et la pratique de toux ceux qui travaillent en faveur de la pr\u00e9vention, la d\u00e9tection et la lutte contre\",\"breadcrumb\":{\"@id\":\"https:\/\/en3s.fr\/formation-professionnelle\/formations-professionnelles\/formations-courtes\/lignes-directrices-de-laiss-en-matiere-derreur-devasion-et-de-fraude\/#breadcrumb\"},\"inLanguage\":\"fr-FR\",\"potentialAction\":[{\"@type\":\"ReadAction\",\"target\":[\"https:\/\/en3s.fr\/formation-professionnelle\/formations-professionnelles\/formations-courtes\/lignes-directrices-de-laiss-en-matiere-derreur-devasion-et-de-fraude\/\"]}]},{\"@type\":\"BreadcrumbList\",\"@id\":\"https:\/\/en3s.fr\/formation-professionnelle\/formations-professionnelles\/formations-courtes\/lignes-directrices-de-laiss-en-matiere-derreur-devasion-et-de-fraude\/#breadcrumb\",\"itemListElement\":[{\"@type\":\"ListItem\",\"position\":1,\"name\":\"Accueil\",\"item\":\"https:\/\/en3s.fr\/formation-professionnelle\/\"},{\"@type\":\"ListItem\",\"position\":2,\"name\":\"Formations professionnelles\",\"item\":\"https:\/\/en3s.fr\/formation-professionnelle\/formations-professionnelles\/\"},{\"@type\":\"ListItem\",\"position\":3,\"name\":\"Formations courtes\",\"item\":\"https:\/\/en3s.fr\/formation-professionnelle\/formations-professionnelles\/formations-courtes\/\"},{\"@type\":\"ListItem\",\"position\":4,\"name\":\"Lignes directrices de l\u2019AISS en mati\u00e8re d&rsquo;erreur, d&rsquo;\u00e9vasion et de fraude\"}]},{\"@type\":\"WebSite\",\"@id\":\"https:\/\/en3s.fr\/formation-professionnelle\/#website\",\"url\":\"https:\/\/en3s.fr\/formation-professionnelle\/\",\"name\":\"Formations professionnelles de l&#039;EN3S\",\"description\":\"Site des formations professionnelles de l&#039;EN3S\",\"potentialAction\":[{\"@type\":\"SearchAction\",\"target\":{\"@type\":\"EntryPoint\",\"urlTemplate\":\"https:\/\/en3s.fr\/formation-professionnelle\/?s={search_term_string}\"},\"query-input\":{\"@type\":\"PropertyValueSpecification\",\"valueRequired\":true,\"valueName\":\"search_term_string\"}}],\"inLanguage\":\"fr-FR\"}]}<\/script>\n<!-- \/ Yoast SEO plugin. -->","yoast_head_json":{"title":"Lignes directrices de l\u2019AISS en mati\u00e8re d'erreur, d'\u00e9vasion et de fraude - Formations professionnelles de l&#039;EN3S","description":"&nbsp; \u00ab\u202fUne formation qui enrichira la r\u00e9flexion et la pratique de toux ceux qui travaillent en faveur de la pr\u00e9vention, la d\u00e9tection et la lutte contre","robots":{"index":"index","follow":"follow","max-snippet":"max-snippet:-1","max-image-preview":"max-image-preview:large","max-video-preview":"max-video-preview:-1"},"canonical":"https:\/\/en3s.fr\/formation-professionnelle\/formations-professionnelles\/formations-courtes\/lignes-directrices-de-laiss-en-matiere-derreur-devasion-et-de-fraude\/","og_locale":"fr_FR","og_type":"article","og_title":"Lignes directrices de l\u2019AISS en mati\u00e8re d'erreur, d'\u00e9vasion et de fraude - Formations professionnelles de l&#039;EN3S","og_description":"&nbsp; \u00ab\u202fUne formation qui enrichira la r\u00e9flexion et la pratique de toux ceux qui travaillent en faveur de la pr\u00e9vention, la d\u00e9tection et la lutte contre","og_url":"https:\/\/en3s.fr\/formation-professionnelle\/formations-professionnelles\/formations-courtes\/lignes-directrices-de-laiss-en-matiere-derreur-devasion-et-de-fraude\/","og_site_name":"Formations professionnelles de l&#039;EN3S","twitter_card":"summary_large_image","twitter_misc":{"Dur\u00e9e de lecture estim\u00e9e":"2 minutes"},"schema":{"@context":"https:\/\/schema.org","@graph":[{"@type":"WebPage","@id":"https:\/\/en3s.fr\/formation-professionnelle\/formations-professionnelles\/formations-courtes\/lignes-directrices-de-laiss-en-matiere-derreur-devasion-et-de-fraude\/","url":"https:\/\/en3s.fr\/formation-professionnelle\/formations-professionnelles\/formations-courtes\/lignes-directrices-de-laiss-en-matiere-derreur-devasion-et-de-fraude\/","name":"Lignes directrices de l\u2019AISS en mati\u00e8re d'erreur, d'\u00e9vasion et de fraude - Formations professionnelles de l&#039;EN3S","isPartOf":{"@id":"https:\/\/en3s.fr\/formation-professionnelle\/#website"},"datePublished":"2025-09-04T12:56:04+00:00","description":"&nbsp; \u00ab\u202fUne formation qui enrichira la r\u00e9flexion et la pratique de toux ceux qui travaillent en faveur de la pr\u00e9vention, la d\u00e9tection et la lutte contre","breadcrumb":{"@id":"https:\/\/en3s.fr\/formation-professionnelle\/formations-professionnelles\/formations-courtes\/lignes-directrices-de-laiss-en-matiere-derreur-devasion-et-de-fraude\/#breadcrumb"},"inLanguage":"fr-FR","potentialAction":[{"@type":"ReadAction","target":["https:\/\/en3s.fr\/formation-professionnelle\/formations-professionnelles\/formations-courtes\/lignes-directrices-de-laiss-en-matiere-derreur-devasion-et-de-fraude\/"]}]},{"@type":"BreadcrumbList","@id":"https:\/\/en3s.fr\/formation-professionnelle\/formations-professionnelles\/formations-courtes\/lignes-directrices-de-laiss-en-matiere-derreur-devasion-et-de-fraude\/#breadcrumb","itemListElement":[{"@type":"ListItem","position":1,"name":"Accueil","item":"https:\/\/en3s.fr\/formation-professionnelle\/"},{"@type":"ListItem","position":2,"name":"Formations professionnelles","item":"https:\/\/en3s.fr\/formation-professionnelle\/formations-professionnelles\/"},{"@type":"ListItem","position":3,"name":"Formations courtes","item":"https:\/\/en3s.fr\/formation-professionnelle\/formations-professionnelles\/formations-courtes\/"},{"@type":"ListItem","position":4,"name":"Lignes directrices de l\u2019AISS en mati\u00e8re d&rsquo;erreur, d&rsquo;\u00e9vasion et de fraude"}]},{"@type":"WebSite","@id":"https:\/\/en3s.fr\/formation-professionnelle\/#website","url":"https:\/\/en3s.fr\/formation-professionnelle\/","name":"Formations professionnelles de l&#039;EN3S","description":"Site des formations professionnelles de l&#039;EN3S","potentialAction":[{"@type":"SearchAction","target":{"@type":"EntryPoint","urlTemplate":"https:\/\/en3s.fr\/formation-professionnelle\/?s={search_term_string}"},"query-input":{"@type":"PropertyValueSpecification","valueRequired":true,"valueName":"search_term_string"}}],"inLanguage":"fr-FR"}]}},"_links":{"self":[{"href":"https:\/\/en3s.fr\/formation-professionnelle\/wp-json\/wp\/v2\/pages\/316180","targetHints":{"allow":["GET"]}}],"collection":[{"href":"https:\/\/en3s.fr\/formation-professionnelle\/wp-json\/wp\/v2\/pages"}],"about":[{"href":"https:\/\/en3s.fr\/formation-professionnelle\/wp-json\/wp\/v2\/types\/page"}],"author":[{"embeddable":true,"href":"https:\/\/en3s.fr\/formation-professionnelle\/wp-json\/wp\/v2\/users\/59"}],"replies":[{"embeddable":true,"href":"https:\/\/en3s.fr\/formation-professionnelle\/wp-json\/wp\/v2\/comments?post=316180"}],"version-history":[{"count":1,"href":"https:\/\/en3s.fr\/formation-professionnelle\/wp-json\/wp\/v2\/pages\/316180\/revisions"}],"predecessor-version":[{"id":316181,"href":"https:\/\/en3s.fr\/formation-professionnelle\/wp-json\/wp\/v2\/pages\/316180\/revisions\/316181"}],"up":[{"embeddable":true,"href":"https:\/\/en3s.fr\/formation-professionnelle\/wp-json\/wp\/v2\/pages\/425"}],"wp:attachment":[{"href":"https:\/\/en3s.fr\/formation-professionnelle\/wp-json\/wp\/v2\/media?parent=316180"}],"curies":[{"name":"wp","href":"https:\/\/api.w.org\/{rel}","templated":true}]}}