{"id":419,"date":"2018-06-29T15:03:52","date_gmt":"2018-06-29T13:03:52","guid":{"rendered":"https:\/\/en3s.fr\/formation-professionnelle\/?page_id=419"},"modified":"2026-01-15T10:09:25","modified_gmt":"2026-01-15T09:09:25","slug":"nos-partenaires-et-clients","status":"publish","type":"page","link":"https:\/\/en3s.fr\/formation-professionnelle\/qui-sommes-nous\/nos-partenaires-et-clients\/","title":{"rendered":"Nos partenaires et clients"},"content":{"rendered":"<p>La formation professionnelle de l\u2019EN3S a d\u00e9velopp\u00e9 des partenariats diversifi\u00e9s pour la construction d\u2019offres adapt\u00e9es \u00e0 destination des cadres et agents de direction de la protection sociale.<\/p>\n<p>Elle accompagne \u00e9galement des clients nationaux dans la construction de formations sur mesure \u00e0 destination des professionnels de la protection sociale.<\/p>\n<h2>Partenariats de formation<\/h2>\n<p><img loading=\"lazy\" decoding=\"async\" class=\"wp-image-311616 alignleft\" src=\"https:\/\/en3s.fr\/formation-professionnelle\/wp-content\/uploads\/sites\/3\/2022\/01\/logo-sciences-po-lyon.png\" alt=\"\" width=\"138\" height=\"54\" srcset=\"https:\/\/en3s.fr\/formation-professionnelle\/wp-content\/uploads\/sites\/3\/2022\/01\/logo-sciences-po-lyon.png 1324w, https:\/\/en3s.fr\/formation-professionnelle\/wp-content\/uploads\/sites\/3\/2022\/01\/logo-sciences-po-lyon-768x300.png 768w, https:\/\/en3s.fr\/formation-professionnelle\/wp-content\/uploads\/sites\/3\/2022\/01\/logo-sciences-po-lyon-275x107.png 275w, https:\/\/en3s.fr\/formation-professionnelle\/wp-content\/uploads\/sites\/3\/2022\/01\/logo-sciences-po-lyon-999x390.png 999w, https:\/\/en3s.fr\/formation-professionnelle\/wp-content\/uploads\/sites\/3\/2022\/01\/logo-sciences-po-lyon-230x90.png 230w\" sizes=\"auto, (max-width: 138px) 100vw, 138px\" \/> <a href=\"https:\/\/www.sciencespo-lyon.fr\/fr\/formations\/specialites-et-masters\/specialites-internes#bootstrap-panel-16-body\" target=\"_blank\" rel=\"noopener\"><strong>Sciences Po Lyon <\/strong><\/a><\/p>\n<p>Ce partenariat repose sur la mise en place du cycle professionnalisant \u00ab\u00a0Politiques et innovations sociales des territoires\u00a0\u00bb (PIST)<\/p>\n<p>&nbsp;<\/p>\n<p><img loading=\"lazy\" decoding=\"async\" class=\"wp-image-1179 alignleft\" src=\"https:\/\/en3s.fr\/formation-professionnelle\/wp-content\/uploads\/sites\/3\/2018\/09\/logo_ehesp.jpg\" alt=\"\" width=\"116\" height=\"116\"><strong><a href=\"https:\/\/www.ehesp.fr\/\">Ecole des hautes \u00e9tudes en sant\u00e9 publique (EHESP)<\/a><\/strong><\/p>\n<p>L\u2019EN3S et l\u2019EHESP d\u00e9veloppent des offres de formation professionnelle \u00e0 destination notamment des Agences r\u00e9gionales de sant\u00e9.<\/p>\n<p>&nbsp;<\/p>\n<p>&nbsp;<\/p>\n<p><img loading=\"lazy\" decoding=\"async\" class=\"wp-image-1182 alignleft\" src=\"https:\/\/en3s.fr\/formation-professionnelle\/wp-content\/uploads\/sites\/3\/2018\/09\/upem_logo.png\" alt=\"\" width=\"150\" height=\"78\"><strong><a href=\"http:\/\/www.u-pem.fr\/\">Universit\u00e9 Paris-Est-Marne la Vall\u00e9e<\/a><\/strong><\/p>\n<p>L\u2019Universit\u00e9 Paris-Est-Marne-la-Vall\u00e9e d\u00e9livre aux anciens \u00e9l\u00e8ves de la formation \u201c<a href=\"https:\/\/en3s.fr\/les-formations\/dirigeant-organisme-protection-sociale\/\">Dirigeant d\u2019un organisme de protection sociale<\/a>\u201d &nbsp;un dipl\u00f4me de master 2 \u201cIng\u00e9nierie de la protection sociale\u201d.<\/p>\n<p>&nbsp;<\/p>\n<p><strong><img loading=\"lazy\" decoding=\"async\" class=\"wp-image-1184 alignleft\" src=\"https:\/\/en3s.fr\/formation-professionnelle\/wp-content\/uploads\/sites\/3\/2018\/09\/logo-site-uvsq.png\" alt=\"\" width=\"150\" height=\"76\"><a href=\"http:\/\/www.uvsq.fr\/\">Universit\u00e9 de Versailles Saint-Quentin-en-Yvelines<\/a><\/strong><\/p>\n<p>L\u2019EN3S a d\u00e9velopp\u00e9 en partenariat avec l\u2019Universit\u00e9 et l\u2019Ucanss le <a href=\"https:\/\/en3s.fr\/formation-professionnelle\/formations-professionnelles\/formations-diplomantes\/master-2-droit-social-parcours-manager-strategique-des-organismes-de-protection-sociale\/\">master 2 Droit social : parcours manager strat\u00e9gique des organismes de protection sociale<\/a><\/p>\n<p>&nbsp;<\/p>\n<p><strong><img loading=\"lazy\" decoding=\"async\" class=\"wp-image-316829 alignleft\" src=\"https:\/\/en3s.fr\/formation-professionnelle\/wp-content\/uploads\/sites\/3\/2026\/01\/le-logo-de-france-travail.jpg\" alt=\"\" width=\"210\" height=\"131\" srcset=\"https:\/\/en3s.fr\/formation-professionnelle\/wp-content\/uploads\/sites\/3\/2026\/01\/le-logo-de-france-travail.jpg 1024w, https:\/\/en3s.fr\/formation-professionnelle\/wp-content\/uploads\/sites\/3\/2026\/01\/le-logo-de-france-travail-768x479.jpg 768w, https:\/\/en3s.fr\/formation-professionnelle\/wp-content\/uploads\/sites\/3\/2026\/01\/le-logo-de-france-travail-275x171.jpg 275w, https:\/\/en3s.fr\/formation-professionnelle\/wp-content\/uploads\/sites\/3\/2026\/01\/le-logo-de-france-travail-626x390.jpg 626w, https:\/\/en3s.fr\/formation-professionnelle\/wp-content\/uploads\/sites\/3\/2026\/01\/le-logo-de-france-travail-230x143.jpg 230w\" sizes=\"auto, (max-width: 210px) 100vw, 210px\" \/><\/strong><\/p>\n<p><b>France Travail<\/b><\/p>\n<p>Organisation de rencontres entre les dirigeants de France Travail et de la S\u00e9curit\u00e9 sociale autour de la th\u00e9matique de l\u2019innovation dans le cadre de la formation \u201c<a href=\"https:\/\/en3s.fr\/formation-professionnelle\/formations-professionnelles\/formations-de-branches-et-reseaux\/politiques-de-securite-sociale-strategie-nationale-et-dynamique-de-reseaux-sndr\/\">Politiques de S\u00e9curit\u00e9 sociale : strat\u00e9gie nationale et dynamique de r\u00e9seaux\u201d (SNDR)<\/a><strong>&nbsp;<\/strong><\/p>\n<p>&nbsp;<\/p>\n<h2>Clients nationaux<\/h2>\n<h3>Caisse nationale de l&rsquo;Assurance maladie (Cnam)<\/h3>\n<h3><img loading=\"lazy\" decoding=\"async\" class=\"wp-image-310279 alignleft\" src=\"https:\/\/en3s.fr\/formation-professionnelle\/wp-content\/uploads\/sites\/3\/2021\/04\/cnam_caisse_nationale_logo_nov.2020.png\" alt=\"\" width=\"286\" height=\"77\" srcset=\"https:\/\/en3s.fr\/formation-professionnelle\/wp-content\/uploads\/sites\/3\/2021\/04\/cnam_caisse_nationale_logo_nov.2020.png 970w, https:\/\/en3s.fr\/formation-professionnelle\/wp-content\/uploads\/sites\/3\/2021\/04\/cnam_caisse_nationale_logo_nov.2020-768x207.png 768w, https:\/\/en3s.fr\/formation-professionnelle\/wp-content\/uploads\/sites\/3\/2021\/04\/cnam_caisse_nationale_logo_nov.2020-275x74.png 275w, https:\/\/en3s.fr\/formation-professionnelle\/wp-content\/uploads\/sites\/3\/2021\/04\/cnam_caisse_nationale_logo_nov.2020-230x62.png 230w\" sizes=\"auto, (max-width: 286px) 100vw, 286px\" \/><\/h3>\n<p>L\u2019EN3S a d\u00e9velopp\u00e9 un large volet d\u2019offres de formations sur mesure \u00e0 destination du r\u00e9seau national de la Cnam &nbsp;:<\/p>\n<ul>\n<li>Un parcours de formation depuis 2016 \u00e0 destination du r\u00e9seau m\u00e9dical : Praticiens-conseils chef de service (PCCS) et M\u00e9decins-conseils r\u00e9gionaux adjoints (MCRA)<\/li>\n<li>Un plan d\u2019accompagnement pour permettre aux \u00e9quipes intervenant aupr\u00e8s des \u00e9tablissements de sant\u00e9 de mieux appr\u00e9hender leur r\u00f4le dans le domaine de la r\u00e9gulation hospitali\u00e8re et des relations avec ceux-ci, en coordination avec les agences r\u00e9gionales de sant\u00e9.<\/li>\n<\/ul>\n<h3>Caisse nationale des allocations familiales (Cnaf)<\/h3>\n<h3><img loading=\"lazy\" decoding=\"async\" class=\"alignleft wp-image-1199\" style=\"font-size: 16px\" src=\"https:\/\/en3s.fr\/formation-professionnelle\/wp-content\/uploads\/sites\/3\/2018\/09\/allocations-familiales.png\" alt=\"\" width=\"79\" height=\"111\" srcset=\"https:\/\/en3s.fr\/formation-professionnelle\/wp-content\/uploads\/sites\/3\/2018\/09\/allocations-familiales.png 432w, https:\/\/en3s.fr\/formation-professionnelle\/wp-content\/uploads\/sites\/3\/2018\/09\/allocations-familiales-275x384.png 275w, https:\/\/en3s.fr\/formation-professionnelle\/wp-content\/uploads\/sites\/3\/2018\/09\/allocations-familiales-279x390.png 279w\" sizes=\"auto, (max-width: 79px) 100vw, 79px\" \/><\/h3>\n<p>Afin de faciliter le dialogue de gestion autour de leur strat\u00e9gie de production et d\u2019am\u00e9liorer la diffusion des leviers d\u2019optimisation organisationnels et manag\u00e9riaux, la Cnaf met en place des \u00ab <a href=\"https:\/\/en3s.fr\/formation-professionnelle\/formations-professionnelles\/formations-courtes\/piloter-un-secteur-de-production\/\">ateliers de la production<\/a> \u00bb, en partenariat avec l\u2019EN3S.<\/p>\n<p>&nbsp;<\/p>\n<p>&nbsp;<\/p>\n<h2>Partenaires internationaux<\/h2>\n<p><a class=\"button\" href=\"https:\/\/en3s.fr\/international\/partenaires-internationaux\/\">En savoir +<\/a><\/p>\n<p>&nbsp;<\/p>\n","protected":false},"excerpt":{"rendered":"<p>La formation professionnelle de l\u2019EN3S a d\u00e9velopp\u00e9 des partenariats diversifi\u00e9s pour la construction d\u2019offres adapt\u00e9es \u00e0 destination des cadres et agents de direction de la protection sociale. Elle accompagne \u00e9galement des clients nationaux dans la construction de formations sur mesure \u00e0 destination des professionnels de la protection sociale. Partenariats de formation Sciences Po Lyon Ce [&hellip;]<\/p>\n","protected":false},"author":11,"featured_media":0,"parent":404,"menu_order":30,"comment_status":"closed","ping_status":"closed","template":"partials\/template-list-partenaire.php","meta":{"ngg_post_thumbnail":0,"footnotes":""},"class_list":["post-419","page","type-page","status-publish","hentry"],"yoast_head":"<!-- This site is optimized with the Yoast SEO plugin v24.9 - https:\/\/yoast.com\/wordpress\/plugins\/seo\/ -->\n<title>Nos partenaires et clients - Formations professionnelles de l&#039;EN3S<\/title>\n<meta name=\"description\" content=\"La formation professionnelle de l\u2019EN3S a d\u00e9velopp\u00e9 des partenariats diversifi\u00e9s pour la construction d\u2019offres adapt\u00e9es \u00e0 destination des cadres et agents\" \/>\n<meta name=\"robots\" content=\"index, follow, max-snippet:-1, max-image-preview:large, max-video-preview:-1\" \/>\n<link rel=\"canonical\" href=\"https:\/\/en3s.fr\/formation-professionnelle\/qui-sommes-nous\/nos-partenaires-et-clients\/\" \/>\n<meta property=\"og:locale\" content=\"fr_FR\" \/>\n<meta property=\"og:type\" content=\"article\" \/>\n<meta property=\"og:title\" content=\"Nos partenaires et clients - Formations professionnelles de l&#039;EN3S\" \/>\n<meta property=\"og:description\" content=\"La formation professionnelle de l\u2019EN3S a d\u00e9velopp\u00e9 des partenariats diversifi\u00e9s pour la construction d\u2019offres adapt\u00e9es \u00e0 destination des cadres et agents\" \/>\n<meta property=\"og:url\" content=\"https:\/\/en3s.fr\/formation-professionnelle\/qui-sommes-nous\/nos-partenaires-et-clients\/\" \/>\n<meta property=\"og:site_name\" content=\"Formations professionnelles de l&#039;EN3S\" \/>\n<meta property=\"article:modified_time\" content=\"2026-01-15T09:09:25+00:00\" \/>\n<meta property=\"og:image\" content=\"https:\/\/en3s.fr\/formation-professionnelle\/wp-content\/uploads\/sites\/3\/2022\/01\/logo-sciences-po-lyon.png\" \/>\n\t<meta property=\"og:image:width\" content=\"1324\" \/>\n\t<meta property=\"og:image:height\" content=\"517\" \/>\n\t<meta property=\"og:image:type\" content=\"image\/png\" \/>\n<meta name=\"twitter:card\" content=\"summary_large_image\" \/>\n<meta name=\"twitter:label1\" content=\"Dur\u00e9e de lecture estim\u00e9e\" \/>\n\t<meta name=\"twitter:data1\" content=\"4 minutes\" \/>\n<script type=\"application\/ld+json\" class=\"yoast-schema-graph\">{\"@context\":\"https:\/\/schema.org\",\"@graph\":[{\"@type\":\"WebPage\",\"@id\":\"https:\/\/en3s.fr\/formation-professionnelle\/qui-sommes-nous\/nos-partenaires-et-clients\/\",\"url\":\"https:\/\/en3s.fr\/formation-professionnelle\/qui-sommes-nous\/nos-partenaires-et-clients\/\",\"name\":\"Nos partenaires et clients - Formations professionnelles de l&#039;EN3S\",\"isPartOf\":{\"@id\":\"https:\/\/en3s.fr\/formation-professionnelle\/#website\"},\"primaryImageOfPage\":{\"@id\":\"https:\/\/en3s.fr\/formation-professionnelle\/qui-sommes-nous\/nos-partenaires-et-clients\/#primaryimage\"},\"image\":{\"@id\":\"https:\/\/en3s.fr\/formation-professionnelle\/qui-sommes-nous\/nos-partenaires-et-clients\/#primaryimage\"},\"thumbnailUrl\":\"https:\/\/en3s.fr\/formation-professionnelle\/wp-content\/uploads\/sites\/3\/2022\/01\/logo-sciences-po-lyon.png\",\"datePublished\":\"2018-06-29T13:03:52+00:00\",\"dateModified\":\"2026-01-15T09:09:25+00:00\",\"description\":\"La formation professionnelle de l\u2019EN3S a d\u00e9velopp\u00e9 des partenariats diversifi\u00e9s pour la construction d\u2019offres adapt\u00e9es \u00e0 destination des cadres et agents\",\"breadcrumb\":{\"@id\":\"https:\/\/en3s.fr\/formation-professionnelle\/qui-sommes-nous\/nos-partenaires-et-clients\/#breadcrumb\"},\"inLanguage\":\"fr-FR\",\"potentialAction\":[{\"@type\":\"ReadAction\",\"target\":[\"https:\/\/en3s.fr\/formation-professionnelle\/qui-sommes-nous\/nos-partenaires-et-clients\/\"]}]},{\"@type\":\"ImageObject\",\"inLanguage\":\"fr-FR\",\"@id\":\"https:\/\/en3s.fr\/formation-professionnelle\/qui-sommes-nous\/nos-partenaires-et-clients\/#primaryimage\",\"url\":\"https:\/\/en3s.fr\/formation-professionnelle\/wp-content\/uploads\/sites\/3\/2022\/01\/logo-sciences-po-lyon.png\",\"contentUrl\":\"https:\/\/en3s.fr\/formation-professionnelle\/wp-content\/uploads\/sites\/3\/2022\/01\/logo-sciences-po-lyon.png\",\"width\":1324,\"height\":517},{\"@type\":\"BreadcrumbList\",\"@id\":\"https:\/\/en3s.fr\/formation-professionnelle\/qui-sommes-nous\/nos-partenaires-et-clients\/#breadcrumb\",\"itemListElement\":[{\"@type\":\"ListItem\",\"position\":1,\"name\":\"Accueil\",\"item\":\"https:\/\/en3s.fr\/formation-professionnelle\/\"},{\"@type\":\"ListItem\",\"position\":2,\"name\":\"Qui sommes-nous ?\",\"item\":\"https:\/\/en3s.fr\/formation-professionnelle\/qui-sommes-nous\/\"},{\"@type\":\"ListItem\",\"position\":3,\"name\":\"Nos partenaires et clients\"}]},{\"@type\":\"WebSite\",\"@id\":\"https:\/\/en3s.fr\/formation-professionnelle\/#website\",\"url\":\"https:\/\/en3s.fr\/formation-professionnelle\/\",\"name\":\"Formations professionnelles de l&#039;EN3S\",\"description\":\"Site des formations professionnelles de l&#039;EN3S\",\"potentialAction\":[{\"@type\":\"SearchAction\",\"target\":{\"@type\":\"EntryPoint\",\"urlTemplate\":\"https:\/\/en3s.fr\/formation-professionnelle\/?s={search_term_string}\"},\"query-input\":{\"@type\":\"PropertyValueSpecification\",\"valueRequired\":true,\"valueName\":\"search_term_string\"}}],\"inLanguage\":\"fr-FR\"}]}<\/script>\n<!-- \/ Yoast SEO plugin. -->","yoast_head_json":{"title":"Nos partenaires et clients - Formations professionnelles de l&#039;EN3S","description":"La formation professionnelle de l\u2019EN3S a d\u00e9velopp\u00e9 des partenariats diversifi\u00e9s pour la construction d\u2019offres adapt\u00e9es \u00e0 destination des cadres et agents","robots":{"index":"index","follow":"follow","max-snippet":"max-snippet:-1","max-image-preview":"max-image-preview:large","max-video-preview":"max-video-preview:-1"},"canonical":"https:\/\/en3s.fr\/formation-professionnelle\/qui-sommes-nous\/nos-partenaires-et-clients\/","og_locale":"fr_FR","og_type":"article","og_title":"Nos partenaires et clients - Formations professionnelles de l&#039;EN3S","og_description":"La formation professionnelle de l\u2019EN3S a d\u00e9velopp\u00e9 des partenariats diversifi\u00e9s pour la construction d\u2019offres adapt\u00e9es \u00e0 destination des cadres et agents","og_url":"https:\/\/en3s.fr\/formation-professionnelle\/qui-sommes-nous\/nos-partenaires-et-clients\/","og_site_name":"Formations professionnelles de l&#039;EN3S","article_modified_time":"2026-01-15T09:09:25+00:00","og_image":[{"width":1324,"height":517,"url":"https:\/\/en3s.fr\/formation-professionnelle\/wp-content\/uploads\/sites\/3\/2022\/01\/logo-sciences-po-lyon.png","type":"image\/png"}],"twitter_card":"summary_large_image","twitter_misc":{"Dur\u00e9e de lecture estim\u00e9e":"4 minutes"},"schema":{"@context":"https:\/\/schema.org","@graph":[{"@type":"WebPage","@id":"https:\/\/en3s.fr\/formation-professionnelle\/qui-sommes-nous\/nos-partenaires-et-clients\/","url":"https:\/\/en3s.fr\/formation-professionnelle\/qui-sommes-nous\/nos-partenaires-et-clients\/","name":"Nos partenaires et clients - Formations professionnelles de l&#039;EN3S","isPartOf":{"@id":"https:\/\/en3s.fr\/formation-professionnelle\/#website"},"primaryImageOfPage":{"@id":"https:\/\/en3s.fr\/formation-professionnelle\/qui-sommes-nous\/nos-partenaires-et-clients\/#primaryimage"},"image":{"@id":"https:\/\/en3s.fr\/formation-professionnelle\/qui-sommes-nous\/nos-partenaires-et-clients\/#primaryimage"},"thumbnailUrl":"https:\/\/en3s.fr\/formation-professionnelle\/wp-content\/uploads\/sites\/3\/2022\/01\/logo-sciences-po-lyon.png","datePublished":"2018-06-29T13:03:52+00:00","dateModified":"2026-01-15T09:09:25+00:00","description":"La formation professionnelle de l\u2019EN3S a d\u00e9velopp\u00e9 des partenariats diversifi\u00e9s pour la construction d\u2019offres adapt\u00e9es \u00e0 destination des cadres et agents","breadcrumb":{"@id":"https:\/\/en3s.fr\/formation-professionnelle\/qui-sommes-nous\/nos-partenaires-et-clients\/#breadcrumb"},"inLanguage":"fr-FR","potentialAction":[{"@type":"ReadAction","target":["https:\/\/en3s.fr\/formation-professionnelle\/qui-sommes-nous\/nos-partenaires-et-clients\/"]}]},{"@type":"ImageObject","inLanguage":"fr-FR","@id":"https:\/\/en3s.fr\/formation-professionnelle\/qui-sommes-nous\/nos-partenaires-et-clients\/#primaryimage","url":"https:\/\/en3s.fr\/formation-professionnelle\/wp-content\/uploads\/sites\/3\/2022\/01\/logo-sciences-po-lyon.png","contentUrl":"https:\/\/en3s.fr\/formation-professionnelle\/wp-content\/uploads\/sites\/3\/2022\/01\/logo-sciences-po-lyon.png","width":1324,"height":517},{"@type":"BreadcrumbList","@id":"https:\/\/en3s.fr\/formation-professionnelle\/qui-sommes-nous\/nos-partenaires-et-clients\/#breadcrumb","itemListElement":[{"@type":"ListItem","position":1,"name":"Accueil","item":"https:\/\/en3s.fr\/formation-professionnelle\/"},{"@type":"ListItem","position":2,"name":"Qui sommes-nous ?","item":"https:\/\/en3s.fr\/formation-professionnelle\/qui-sommes-nous\/"},{"@type":"ListItem","position":3,"name":"Nos partenaires et clients"}]},{"@type":"WebSite","@id":"https:\/\/en3s.fr\/formation-professionnelle\/#website","url":"https:\/\/en3s.fr\/formation-professionnelle\/","name":"Formations professionnelles de l&#039;EN3S","description":"Site des formations professionnelles de l&#039;EN3S","potentialAction":[{"@type":"SearchAction","target":{"@type":"EntryPoint","urlTemplate":"https:\/\/en3s.fr\/formation-professionnelle\/?s={search_term_string}"},"query-input":{"@type":"PropertyValueSpecification","valueRequired":true,"valueName":"search_term_string"}}],"inLanguage":"fr-FR"}]}},"_links":{"self":[{"href":"https:\/\/en3s.fr\/formation-professionnelle\/wp-json\/wp\/v2\/pages\/419","targetHints":{"allow":["GET"]}}],"collection":[{"href":"https:\/\/en3s.fr\/formation-professionnelle\/wp-json\/wp\/v2\/pages"}],"about":[{"href":"https:\/\/en3s.fr\/formation-professionnelle\/wp-json\/wp\/v2\/types\/page"}],"author":[{"embeddable":true,"href":"https:\/\/en3s.fr\/formation-professionnelle\/wp-json\/wp\/v2\/users\/11"}],"replies":[{"embeddable":true,"href":"https:\/\/en3s.fr\/formation-professionnelle\/wp-json\/wp\/v2\/comments?post=419"}],"version-history":[{"count":2,"href":"https:\/\/en3s.fr\/formation-professionnelle\/wp-json\/wp\/v2\/pages\/419\/revisions"}],"predecessor-version":[{"id":316830,"href":"https:\/\/en3s.fr\/formation-professionnelle\/wp-json\/wp\/v2\/pages\/419\/revisions\/316830"}],"up":[{"embeddable":true,"href":"https:\/\/en3s.fr\/formation-professionnelle\/wp-json\/wp\/v2\/pages\/404"}],"wp:attachment":[{"href":"https:\/\/en3s.fr\/formation-professionnelle\/wp-json\/wp\/v2\/media?parent=419"}],"curies":[{"name":"wp","href":"https:\/\/api.w.org\/{rel}","templated":true}]}}