{"id":784,"date":"2018-08-10T14:26:33","date_gmt":"2018-08-10T12:26:33","guid":{"rendered":"https:\/\/en3s.fr\/formation-professionnelle\/?page_id=784"},"modified":"2023-10-26T12:34:48","modified_gmt":"2023-10-26T10:34:48","slug":"formation-intra-sur-mesure","status":"publish","type":"page","link":"https:\/\/en3s.fr\/formation-professionnelle\/formez-vos-equipes\/formation-intra-sur-mesure\/","title":{"rendered":"Formation intra \/ sur mesure"},"content":{"rendered":"<h3>Formez vos \u00e9quipes avec l&rsquo;EN3S<\/h3>\n<p>Former vos \u00e9quipes dans vos locaux, un choix simple, efficient et adapt\u00e9 \u00e0 vos besoins, que ce soit en pr\u00e9sentiel ou \u00e0 distance.<\/p>\n<p>Sur mesure\/duplication de notre offre catalogue ou en sur-mesure, les \u00e9quipes de l\u2019En3s sauront vous conseiller dans les th\u00e9matiques et format p\u00e9dagogique adapt\u00e9 \u00e0 vos enjeux, sur tout type de projet : formations sur des comp\u00e9tences cl\u00e9s, s\u00e9minaires de managers, accompagnement de Codir.<\/p>\n","protected":false},"excerpt":{"rendered":"<p>Formez vos \u00e9quipes avec l&rsquo;EN3S Former vos \u00e9quipes dans vos locaux, un choix simple, efficient et adapt\u00e9 \u00e0 vos besoins, que ce soit en pr\u00e9sentiel ou \u00e0 distance. Sur mesure\/duplication de notre offre catalogue ou en sur-mesure, les \u00e9quipes de l\u2019En3s sauront vous conseiller dans les th\u00e9matiques et format p\u00e9dagogique adapt\u00e9 \u00e0 vos enjeux, sur [&hellip;]<\/p>\n","protected":false},"author":11,"featured_media":0,"parent":408,"menu_order":20,"comment_status":"closed","ping_status":"closed","template":"","meta":{"ngg_post_thumbnail":0,"footnotes":""},"class_list":["post-784","page","type-page","status-publish","hentry"],"yoast_head":"<!-- This site is optimized with the Yoast SEO plugin v24.9 - https:\/\/yoast.com\/wordpress\/plugins\/seo\/ -->\n<title>Formation intra \/ sur mesure - Formations professionnelles de l&#039;EN3S<\/title>\n<meta name=\"description\" content=\"Formez vos \u00e9quipes avec l&#039;EN3S Former vos \u00e9quipes dans vos locaux, un choix simple, efficient et adapt\u00e9 \u00e0 vos besoins, que ce soit en pr\u00e9sentiel ou \u00e0\" \/>\n<meta name=\"robots\" content=\"index, follow, max-snippet:-1, max-image-preview:large, max-video-preview:-1\" \/>\n<link rel=\"canonical\" href=\"https:\/\/en3s.fr\/formation-professionnelle\/formez-vos-equipes\/formation-intra-sur-mesure\/\" \/>\n<meta property=\"og:locale\" content=\"fr_FR\" \/>\n<meta property=\"og:type\" content=\"article\" \/>\n<meta property=\"og:title\" content=\"Formation intra \/ sur mesure - Formations professionnelles de l&#039;EN3S\" \/>\n<meta property=\"og:description\" content=\"Formez vos \u00e9quipes avec l&#039;EN3S Former vos \u00e9quipes dans vos locaux, un choix simple, efficient et adapt\u00e9 \u00e0 vos besoins, que ce soit en pr\u00e9sentiel ou \u00e0\" \/>\n<meta property=\"og:url\" content=\"https:\/\/en3s.fr\/formation-professionnelle\/formez-vos-equipes\/formation-intra-sur-mesure\/\" \/>\n<meta property=\"og:site_name\" content=\"Formations professionnelles de l&#039;EN3S\" \/>\n<meta property=\"article:modified_time\" content=\"2023-10-26T10:34:48+00:00\" \/>\n<meta name=\"twitter:card\" content=\"summary_large_image\" \/>\n<meta name=\"twitter:label1\" content=\"Dur\u00e9e de lecture estim\u00e9e\" \/>\n\t<meta name=\"twitter:data1\" content=\"1 minute\" \/>\n<script type=\"application\/ld+json\" class=\"yoast-schema-graph\">{\"@context\":\"https:\/\/schema.org\",\"@graph\":[{\"@type\":\"WebPage\",\"@id\":\"https:\/\/en3s.fr\/formation-professionnelle\/formez-vos-equipes\/formation-intra-sur-mesure\/\",\"url\":\"https:\/\/en3s.fr\/formation-professionnelle\/formez-vos-equipes\/formation-intra-sur-mesure\/\",\"name\":\"Formation intra \/ sur mesure - Formations professionnelles de l&#039;EN3S\",\"isPartOf\":{\"@id\":\"https:\/\/en3s.fr\/formation-professionnelle\/#website\"},\"datePublished\":\"2018-08-10T12:26:33+00:00\",\"dateModified\":\"2023-10-26T10:34:48+00:00\",\"description\":\"Formez vos \u00e9quipes avec l'EN3S Former vos \u00e9quipes dans vos locaux, un choix simple, efficient et adapt\u00e9 \u00e0 vos besoins, que ce soit en pr\u00e9sentiel ou \u00e0\",\"breadcrumb\":{\"@id\":\"https:\/\/en3s.fr\/formation-professionnelle\/formez-vos-equipes\/formation-intra-sur-mesure\/#breadcrumb\"},\"inLanguage\":\"fr-FR\",\"potentialAction\":[{\"@type\":\"ReadAction\",\"target\":[\"https:\/\/en3s.fr\/formation-professionnelle\/formez-vos-equipes\/formation-intra-sur-mesure\/\"]}]},{\"@type\":\"BreadcrumbList\",\"@id\":\"https:\/\/en3s.fr\/formation-professionnelle\/formez-vos-equipes\/formation-intra-sur-mesure\/#breadcrumb\",\"itemListElement\":[{\"@type\":\"ListItem\",\"position\":1,\"name\":\"Accueil\",\"item\":\"https:\/\/en3s.fr\/formation-professionnelle\/\"},{\"@type\":\"ListItem\",\"position\":2,\"name\":\"Formez vos \u00e9quipes\",\"item\":\"https:\/\/en3s.fr\/formation-professionnelle\/formez-vos-equipes\/\"},{\"@type\":\"ListItem\",\"position\":3,\"name\":\"Formation intra \/ sur mesure\"}]},{\"@type\":\"WebSite\",\"@id\":\"https:\/\/en3s.fr\/formation-professionnelle\/#website\",\"url\":\"https:\/\/en3s.fr\/formation-professionnelle\/\",\"name\":\"Formations professionnelles de l&#039;EN3S\",\"description\":\"Site des formations professionnelles de l&#039;EN3S\",\"potentialAction\":[{\"@type\":\"SearchAction\",\"target\":{\"@type\":\"EntryPoint\",\"urlTemplate\":\"https:\/\/en3s.fr\/formation-professionnelle\/?s={search_term_string}\"},\"query-input\":{\"@type\":\"PropertyValueSpecification\",\"valueRequired\":true,\"valueName\":\"search_term_string\"}}],\"inLanguage\":\"fr-FR\"}]}<\/script>\n<!-- \/ Yoast SEO plugin. -->","yoast_head_json":{"title":"Formation intra \/ sur mesure - Formations professionnelles de l&#039;EN3S","description":"Formez vos \u00e9quipes avec l'EN3S Former vos \u00e9quipes dans vos locaux, un choix simple, efficient et adapt\u00e9 \u00e0 vos besoins, que ce soit en pr\u00e9sentiel ou \u00e0","robots":{"index":"index","follow":"follow","max-snippet":"max-snippet:-1","max-image-preview":"max-image-preview:large","max-video-preview":"max-video-preview:-1"},"canonical":"https:\/\/en3s.fr\/formation-professionnelle\/formez-vos-equipes\/formation-intra-sur-mesure\/","og_locale":"fr_FR","og_type":"article","og_title":"Formation intra \/ sur mesure - Formations professionnelles de l&#039;EN3S","og_description":"Formez vos \u00e9quipes avec l'EN3S Former vos \u00e9quipes dans vos locaux, un choix simple, efficient et adapt\u00e9 \u00e0 vos besoins, que ce soit en pr\u00e9sentiel ou \u00e0","og_url":"https:\/\/en3s.fr\/formation-professionnelle\/formez-vos-equipes\/formation-intra-sur-mesure\/","og_site_name":"Formations professionnelles de l&#039;EN3S","article_modified_time":"2023-10-26T10:34:48+00:00","twitter_card":"summary_large_image","twitter_misc":{"Dur\u00e9e de lecture estim\u00e9e":"1 minute"},"schema":{"@context":"https:\/\/schema.org","@graph":[{"@type":"WebPage","@id":"https:\/\/en3s.fr\/formation-professionnelle\/formez-vos-equipes\/formation-intra-sur-mesure\/","url":"https:\/\/en3s.fr\/formation-professionnelle\/formez-vos-equipes\/formation-intra-sur-mesure\/","name":"Formation intra \/ sur mesure - Formations professionnelles de l&#039;EN3S","isPartOf":{"@id":"https:\/\/en3s.fr\/formation-professionnelle\/#website"},"datePublished":"2018-08-10T12:26:33+00:00","dateModified":"2023-10-26T10:34:48+00:00","description":"Formez vos \u00e9quipes avec l'EN3S Former vos \u00e9quipes dans vos locaux, un choix simple, efficient et adapt\u00e9 \u00e0 vos besoins, que ce soit en pr\u00e9sentiel ou \u00e0","breadcrumb":{"@id":"https:\/\/en3s.fr\/formation-professionnelle\/formez-vos-equipes\/formation-intra-sur-mesure\/#breadcrumb"},"inLanguage":"fr-FR","potentialAction":[{"@type":"ReadAction","target":["https:\/\/en3s.fr\/formation-professionnelle\/formez-vos-equipes\/formation-intra-sur-mesure\/"]}]},{"@type":"BreadcrumbList","@id":"https:\/\/en3s.fr\/formation-professionnelle\/formez-vos-equipes\/formation-intra-sur-mesure\/#breadcrumb","itemListElement":[{"@type":"ListItem","position":1,"name":"Accueil","item":"https:\/\/en3s.fr\/formation-professionnelle\/"},{"@type":"ListItem","position":2,"name":"Formez vos \u00e9quipes","item":"https:\/\/en3s.fr\/formation-professionnelle\/formez-vos-equipes\/"},{"@type":"ListItem","position":3,"name":"Formation intra \/ sur mesure"}]},{"@type":"WebSite","@id":"https:\/\/en3s.fr\/formation-professionnelle\/#website","url":"https:\/\/en3s.fr\/formation-professionnelle\/","name":"Formations professionnelles de l&#039;EN3S","description":"Site des formations professionnelles de l&#039;EN3S","potentialAction":[{"@type":"SearchAction","target":{"@type":"EntryPoint","urlTemplate":"https:\/\/en3s.fr\/formation-professionnelle\/?s={search_term_string}"},"query-input":{"@type":"PropertyValueSpecification","valueRequired":true,"valueName":"search_term_string"}}],"inLanguage":"fr-FR"}]}},"_links":{"self":[{"href":"https:\/\/en3s.fr\/formation-professionnelle\/wp-json\/wp\/v2\/pages\/784","targetHints":{"allow":["GET"]}}],"collection":[{"href":"https:\/\/en3s.fr\/formation-professionnelle\/wp-json\/wp\/v2\/pages"}],"about":[{"href":"https:\/\/en3s.fr\/formation-professionnelle\/wp-json\/wp\/v2\/types\/page"}],"author":[{"embeddable":true,"href":"https:\/\/en3s.fr\/formation-professionnelle\/wp-json\/wp\/v2\/users\/11"}],"replies":[{"embeddable":true,"href":"https:\/\/en3s.fr\/formation-professionnelle\/wp-json\/wp\/v2\/comments?post=784"}],"version-history":[{"count":0,"href":"https:\/\/en3s.fr\/formation-professionnelle\/wp-json\/wp\/v2\/pages\/784\/revisions"}],"up":[{"embeddable":true,"href":"https:\/\/en3s.fr\/formation-professionnelle\/wp-json\/wp\/v2\/pages\/408"}],"wp:attachment":[{"href":"https:\/\/en3s.fr\/formation-professionnelle\/wp-json\/wp\/v2\/media?parent=784"}],"curies":[{"name":"wp","href":"https:\/\/api.w.org\/{rel}","templated":true}]}}