{"id":928,"date":"2018-09-19T13:52:32","date_gmt":"2018-09-19T11:52:32","guid":{"rendered":"https:\/\/en3s.fr\/formation-professionnelle\/?page_id=928"},"modified":"2025-10-07T16:17:57","modified_gmt":"2025-10-07T14:17:57","slug":"optimiser-sa-demarche-de-controle-de-gestion","status":"publish","type":"page","link":"https:\/\/en3s.fr\/formation-professionnelle\/formations-professionnelles\/formations-courtes\/optimiser-sa-demarche-de-controle-de-gestion\/","title":{"rendered":"Optimiser sa d\u00e9marche de contr\u00f4le de gestion"},"content":{"rendered":"<p>Affecter au mieux ses ressources, ma\u00eetriser ses co\u00fbts et am\u00e9liorer sa performance<\/p>\n","protected":false},"excerpt":{"rendered":"<p>Affecter au mieux ses ressources, ma\u00eetriser ses co\u00fbts et am\u00e9liorer sa performance<\/p>\n","protected":false},"author":4,"featured_media":0,"parent":425,"menu_order":0,"comment_status":"closed","ping_status":"closed","template":"partials\/template-formation.php","meta":{"ngg_post_thumbnail":0,"footnotes":""},"class_list":["post-928","page","type-page","status-publish","hentry"],"yoast_head":"<!-- This site is optimized with the Yoast SEO plugin v24.9 - https:\/\/yoast.com\/wordpress\/plugins\/seo\/ -->\n<title>Optimiser sa d\u00e9marche de contr\u00f4le de gestion - Formations professionnelles de l&#039;EN3S<\/title>\n<meta name=\"description\" content=\"Affecter au mieux ses ressources, ma\u00eetriser ses co\u00fbts et am\u00e9liorer sa performance\" \/>\n<meta name=\"robots\" content=\"index, follow, max-snippet:-1, max-image-preview:large, max-video-preview:-1\" \/>\n<link rel=\"canonical\" href=\"https:\/\/en3s.fr\/formation-professionnelle\/formations-professionnelles\/formations-courtes\/optimiser-sa-demarche-de-controle-de-gestion\/\" \/>\n<meta property=\"og:locale\" content=\"fr_FR\" \/>\n<meta property=\"og:type\" content=\"article\" \/>\n<meta property=\"og:title\" content=\"Optimiser sa d\u00e9marche de contr\u00f4le de gestion - Formations professionnelles de l&#039;EN3S\" \/>\n<meta property=\"og:description\" content=\"Affecter au mieux ses ressources, ma\u00eetriser ses co\u00fbts et am\u00e9liorer sa performance\" \/>\n<meta property=\"og:url\" content=\"https:\/\/en3s.fr\/formation-professionnelle\/formations-professionnelles\/formations-courtes\/optimiser-sa-demarche-de-controle-de-gestion\/\" \/>\n<meta property=\"og:site_name\" content=\"Formations professionnelles de l&#039;EN3S\" \/>\n<meta property=\"article:modified_time\" content=\"2025-10-07T14:17:57+00:00\" \/>\n<meta name=\"twitter:card\" content=\"summary_large_image\" \/>\n<meta name=\"twitter:label1\" content=\"Dur\u00e9e de lecture estim\u00e9e\" \/>\n\t<meta name=\"twitter:data1\" content=\"1 minute\" \/>\n<script type=\"application\/ld+json\" class=\"yoast-schema-graph\">{\"@context\":\"https:\/\/schema.org\",\"@graph\":[{\"@type\":\"WebPage\",\"@id\":\"https:\/\/en3s.fr\/formation-professionnelle\/formations-professionnelles\/formations-courtes\/optimiser-sa-demarche-de-controle-de-gestion\/\",\"url\":\"https:\/\/en3s.fr\/formation-professionnelle\/formations-professionnelles\/formations-courtes\/optimiser-sa-demarche-de-controle-de-gestion\/\",\"name\":\"Optimiser sa d\u00e9marche de contr\u00f4le de gestion - Formations professionnelles de l&#039;EN3S\",\"isPartOf\":{\"@id\":\"https:\/\/en3s.fr\/formation-professionnelle\/#website\"},\"datePublished\":\"2018-09-19T11:52:32+00:00\",\"dateModified\":\"2025-10-07T14:17:57+00:00\",\"description\":\"Affecter au mieux ses ressources, ma\u00eetriser ses co\u00fbts et am\u00e9liorer sa performance\",\"breadcrumb\":{\"@id\":\"https:\/\/en3s.fr\/formation-professionnelle\/formations-professionnelles\/formations-courtes\/optimiser-sa-demarche-de-controle-de-gestion\/#breadcrumb\"},\"inLanguage\":\"fr-FR\",\"potentialAction\":[{\"@type\":\"ReadAction\",\"target\":[\"https:\/\/en3s.fr\/formation-professionnelle\/formations-professionnelles\/formations-courtes\/optimiser-sa-demarche-de-controle-de-gestion\/\"]}]},{\"@type\":\"BreadcrumbList\",\"@id\":\"https:\/\/en3s.fr\/formation-professionnelle\/formations-professionnelles\/formations-courtes\/optimiser-sa-demarche-de-controle-de-gestion\/#breadcrumb\",\"itemListElement\":[{\"@type\":\"ListItem\",\"position\":1,\"name\":\"Accueil\",\"item\":\"https:\/\/en3s.fr\/formation-professionnelle\/\"},{\"@type\":\"ListItem\",\"position\":2,\"name\":\"Formations professionnelles\",\"item\":\"https:\/\/en3s.fr\/formation-professionnelle\/formations-professionnelles\/\"},{\"@type\":\"ListItem\",\"position\":3,\"name\":\"Formations courtes\",\"item\":\"https:\/\/en3s.fr\/formation-professionnelle\/formations-professionnelles\/formations-courtes\/\"},{\"@type\":\"ListItem\",\"position\":4,\"name\":\"Optimiser sa d\u00e9marche de contr\u00f4le de gestion\"}]},{\"@type\":\"WebSite\",\"@id\":\"https:\/\/en3s.fr\/formation-professionnelle\/#website\",\"url\":\"https:\/\/en3s.fr\/formation-professionnelle\/\",\"name\":\"Formations professionnelles de l&#039;EN3S\",\"description\":\"Site des formations professionnelles de l&#039;EN3S\",\"potentialAction\":[{\"@type\":\"SearchAction\",\"target\":{\"@type\":\"EntryPoint\",\"urlTemplate\":\"https:\/\/en3s.fr\/formation-professionnelle\/?s={search_term_string}\"},\"query-input\":{\"@type\":\"PropertyValueSpecification\",\"valueRequired\":true,\"valueName\":\"search_term_string\"}}],\"inLanguage\":\"fr-FR\"}]}<\/script>\n<!-- \/ Yoast SEO plugin. -->","yoast_head_json":{"title":"Optimiser sa d\u00e9marche de contr\u00f4le de gestion - Formations professionnelles de l&#039;EN3S","description":"Affecter au mieux ses ressources, ma\u00eetriser ses co\u00fbts et am\u00e9liorer sa performance","robots":{"index":"index","follow":"follow","max-snippet":"max-snippet:-1","max-image-preview":"max-image-preview:large","max-video-preview":"max-video-preview:-1"},"canonical":"https:\/\/en3s.fr\/formation-professionnelle\/formations-professionnelles\/formations-courtes\/optimiser-sa-demarche-de-controle-de-gestion\/","og_locale":"fr_FR","og_type":"article","og_title":"Optimiser sa d\u00e9marche de contr\u00f4le de gestion - Formations professionnelles de l&#039;EN3S","og_description":"Affecter au mieux ses ressources, ma\u00eetriser ses co\u00fbts et am\u00e9liorer sa performance","og_url":"https:\/\/en3s.fr\/formation-professionnelle\/formations-professionnelles\/formations-courtes\/optimiser-sa-demarche-de-controle-de-gestion\/","og_site_name":"Formations professionnelles de l&#039;EN3S","article_modified_time":"2025-10-07T14:17:57+00:00","twitter_card":"summary_large_image","twitter_misc":{"Dur\u00e9e de lecture estim\u00e9e":"1 minute"},"schema":{"@context":"https:\/\/schema.org","@graph":[{"@type":"WebPage","@id":"https:\/\/en3s.fr\/formation-professionnelle\/formations-professionnelles\/formations-courtes\/optimiser-sa-demarche-de-controle-de-gestion\/","url":"https:\/\/en3s.fr\/formation-professionnelle\/formations-professionnelles\/formations-courtes\/optimiser-sa-demarche-de-controle-de-gestion\/","name":"Optimiser sa d\u00e9marche de contr\u00f4le de gestion - Formations professionnelles de l&#039;EN3S","isPartOf":{"@id":"https:\/\/en3s.fr\/formation-professionnelle\/#website"},"datePublished":"2018-09-19T11:52:32+00:00","dateModified":"2025-10-07T14:17:57+00:00","description":"Affecter au mieux ses ressources, ma\u00eetriser ses co\u00fbts et am\u00e9liorer sa performance","breadcrumb":{"@id":"https:\/\/en3s.fr\/formation-professionnelle\/formations-professionnelles\/formations-courtes\/optimiser-sa-demarche-de-controle-de-gestion\/#breadcrumb"},"inLanguage":"fr-FR","potentialAction":[{"@type":"ReadAction","target":["https:\/\/en3s.fr\/formation-professionnelle\/formations-professionnelles\/formations-courtes\/optimiser-sa-demarche-de-controle-de-gestion\/"]}]},{"@type":"BreadcrumbList","@id":"https:\/\/en3s.fr\/formation-professionnelle\/formations-professionnelles\/formations-courtes\/optimiser-sa-demarche-de-controle-de-gestion\/#breadcrumb","itemListElement":[{"@type":"ListItem","position":1,"name":"Accueil","item":"https:\/\/en3s.fr\/formation-professionnelle\/"},{"@type":"ListItem","position":2,"name":"Formations professionnelles","item":"https:\/\/en3s.fr\/formation-professionnelle\/formations-professionnelles\/"},{"@type":"ListItem","position":3,"name":"Formations courtes","item":"https:\/\/en3s.fr\/formation-professionnelle\/formations-professionnelles\/formations-courtes\/"},{"@type":"ListItem","position":4,"name":"Optimiser sa d\u00e9marche de contr\u00f4le de gestion"}]},{"@type":"WebSite","@id":"https:\/\/en3s.fr\/formation-professionnelle\/#website","url":"https:\/\/en3s.fr\/formation-professionnelle\/","name":"Formations professionnelles de l&#039;EN3S","description":"Site des formations professionnelles de l&#039;EN3S","potentialAction":[{"@type":"SearchAction","target":{"@type":"EntryPoint","urlTemplate":"https:\/\/en3s.fr\/formation-professionnelle\/?s={search_term_string}"},"query-input":{"@type":"PropertyValueSpecification","valueRequired":true,"valueName":"search_term_string"}}],"inLanguage":"fr-FR"}]}},"_links":{"self":[{"href":"https:\/\/en3s.fr\/formation-professionnelle\/wp-json\/wp\/v2\/pages\/928","targetHints":{"allow":["GET"]}}],"collection":[{"href":"https:\/\/en3s.fr\/formation-professionnelle\/wp-json\/wp\/v2\/pages"}],"about":[{"href":"https:\/\/en3s.fr\/formation-professionnelle\/wp-json\/wp\/v2\/types\/page"}],"author":[{"embeddable":true,"href":"https:\/\/en3s.fr\/formation-professionnelle\/wp-json\/wp\/v2\/users\/4"}],"replies":[{"embeddable":true,"href":"https:\/\/en3s.fr\/formation-professionnelle\/wp-json\/wp\/v2\/comments?post=928"}],"version-history":[{"count":2,"href":"https:\/\/en3s.fr\/formation-professionnelle\/wp-json\/wp\/v2\/pages\/928\/revisions"}],"predecessor-version":[{"id":316330,"href":"https:\/\/en3s.fr\/formation-professionnelle\/wp-json\/wp\/v2\/pages\/928\/revisions\/316330"}],"up":[{"embeddable":true,"href":"https:\/\/en3s.fr\/formation-professionnelle\/wp-json\/wp\/v2\/pages\/425"}],"wp:attachment":[{"href":"https:\/\/en3s.fr\/formation-professionnelle\/wp-json\/wp\/v2\/media?parent=928"}],"curies":[{"name":"wp","href":"https:\/\/api.w.org\/{rel}","templated":true}]}}

Optimiser sa démarche de contrôle de gestion

<p>Affecter au mieux ses ressources, maîtriser ses coûts et améliorer sa performance</p>

<!-- This site is optimized with the Yoast SEO plugin v24.9 - https://yoast.com/wordpress/plugins/seo/ -->
<title>Optimiser sa démarche de contrôle de gestion - Formations professionnelles de l&#039;EN3S</title>
<meta name="description" content="Affecter au mieux ses ressources, maîtriser ses coûts et améliorer sa performance" />
<meta name="robots" content="index, follow, max-snippet:-1, max-image-preview:large, max-video-preview:-1" />
<link rel="canonical" href="https://en3s.fr/formation-professionnelle/formations-professionnelles/formations-courtes/optimiser-sa-demarche-de-controle-de-gestion/" />
<meta property="og:locale" content="fr_FR" />
<meta property="og:type" content="article" />
<meta property="og:title" content="Optimiser sa démarche de contrôle de gestion - Formations professionnelles de l&#039;EN3S" />
<meta property="og:description" content="Affecter au mieux ses ressources, maîtriser ses coûts et améliorer sa performance" />
<meta property="og:url" content="https://en3s.fr/formation-professionnelle/formations-professionnelles/formations-courtes/optimiser-sa-demarche-de-controle-de-gestion/" />
<meta property="og:site_name" content="Formations professionnelles de l&#039;EN3S" />
<meta property="article:modified_time" content="2025-10-07T14:17:57+00:00" />
<meta name="twitter:card" content="summary_large_image" />
<meta name="twitter:label1" content="Durée de lecture estimée" />
	<meta name="twitter:data1" content="1 minute" />
<script type="application/ld+json" class="yoast-schema-graph">{"@context":"https://schema.org","@graph":[{"@type":"WebPage","@id":"https://en3s.fr/formation-professionnelle/formations-professionnelles/formations-courtes/optimiser-sa-demarche-de-controle-de-gestion/","url":"https://en3s.fr/formation-professionnelle/formations-professionnelles/formations-courtes/optimiser-sa-demarche-de-controle-de-gestion/","name":"Optimiser sa démarche de contrôle de gestion - Formations professionnelles de l&#039;EN3S","isPartOf":{"@id":"https://en3s.fr/formation-professionnelle/#website"},"datePublished":"2018-09-19T11:52:32+00:00","dateModified":"2025-10-07T14:17:57+00:00","description":"Affecter au mieux ses ressources, maîtriser ses coûts et améliorer sa performance","breadcrumb":{"@id":"https://en3s.fr/formation-professionnelle/formations-professionnelles/formations-courtes/optimiser-sa-demarche-de-controle-de-gestion/#breadcrumb"},"inLanguage":"fr-FR","potentialAction":[{"@type":"ReadAction","target":["https://en3s.fr/formation-professionnelle/formations-professionnelles/formations-courtes/optimiser-sa-demarche-de-controle-de-gestion/"]}]},{"@type":"BreadcrumbList","@id":"https://en3s.fr/formation-professionnelle/formations-professionnelles/formations-courtes/optimiser-sa-demarche-de-controle-de-gestion/#breadcrumb","itemListElement":[{"@type":"ListItem","position":1,"name":"Accueil","item":"https://en3s.fr/formation-professionnelle/"},{"@type":"ListItem","position":2,"name":"Formations professionnelles","item":"https://en3s.fr/formation-professionnelle/formations-professionnelles/"},{"@type":"ListItem","position":3,"name":"Formations courtes","item":"https://en3s.fr/formation-professionnelle/formations-professionnelles/formations-courtes/"},{"@type":"ListItem","position":4,"name":"Optimiser sa démarche de contrôle de gestion"}]},{"@type":"WebSite","@id":"https://en3s.fr/formation-professionnelle/#website","url":"https://en3s.fr/formation-professionnelle/","name":"Formations professionnelles de l&#039;EN3S","description":"Site des formations professionnelles de l&#039;EN3S","potentialAction":[{"@type":"SearchAction","target":{"@type":"EntryPoint","urlTemplate":"https://en3s.fr/formation-professionnelle/?s={search_term_string}"},"query-input":{"@type":"PropertyValueSpecification","valueRequired":true,"valueName":"search_term_string"}}],"inLanguage":"fr-FR"}]}</script>
<!-- / Yoast SEO plugin. -->

Optimiser sa démarche de contrôle de gestion - Formations professionnelles de l&#039;EN3S

Affecter au mieux ses ressources, maîtriser ses coûts et améliorer sa performance
