{"id":2497,"date":"2018-10-09T08:57:35","date_gmt":"2018-10-09T06:57:35","guid":{"rendered":"https:\/\/en3s.fr\/secudoc\/?page_id=2497"},"modified":"2018-11-05T12:17:41","modified_gmt":"2018-11-05T11:17:41","slug":"inscription-veille-abonne","status":"publish","type":"page","link":"https:\/\/en3s.fr\/secudoc\/inscription-veille-abonne\/","title":{"rendered":"Inscription veille abonn\u00e9"},"content":{"rendered":"<p>La Veille S\u00e9cuDoc est r\u00e9serv\u00e9e aux publics en formation \u00e0 l\u2019EN3S et aux professionnels des organismes de S\u00e9curit\u00e9 sociale. Toute demande d&rsquo;inscription d\u00e9pos\u00e9e fera l&rsquo;objet d&rsquo;une validation pr\u00e9alable par le centre de documentation de l&rsquo;EN3S<\/p>\n<div class=\"cf7sg-container cf7sg-not-grid\"><div id=\"cf7sg-form-inscription-veille-abonne\" class=\" key_inscription-veille-abonne\">\n<div class=\"wpcf7 no-js\" id=\"wpcf7-f2499-o1\" lang=\"fr-FR\" dir=\"ltr\">\n<div class=\"screen-reader-response\"><p role=\"status\" aria-live=\"polite\" aria-atomic=\"true\"><\/p> <ul><\/ul><\/div>\n<form action=\"\/secudoc\/wp-json\/wp\/v2\/pages\/2497#wpcf7-f2499-o1\" method=\"post\" class=\"wpcf7-form init\" aria-label=\"Formulaire de contact\" novalidate=\"novalidate\" data-status=\"init\">\n<div style=\"display: none;\">\n<input type=\"hidden\" name=\"_wpcf7\" value=\"2499\" \/>\n<input type=\"hidden\" name=\"_wpcf7_version\" value=\"5.7.7\" \/>\n<input type=\"hidden\" name=\"_wpcf7_locale\" value=\"fr_FR\" \/>\n<input type=\"hidden\" name=\"_wpcf7_unit_tag\" value=\"wpcf7-f2499-o1\" \/>\n<input type=\"hidden\" name=\"_wpcf7_container_post\" value=\"0\" \/>\n<input type=\"hidden\" name=\"_wpcf7_posted_data_hash\" value=\"\" \/>\n<input type=\"hidden\" name=\"_wpcf7_key\" value=\"inscription-veille-abonne\" \/>\n<input type=\"hidden\" name=\"_cf7sg_toggles\" value=\"\" \/>\n<input type=\"hidden\" name=\"_cf7sg_version\" value=\"4.15.8\" \/>\n<input type=\"hidden\" name=\"_wpnonce\" value=\"ac5f91ed24\" \/>\n<\/div>\n<div class=\"form\">\n\t<div class=\"formGroup\">\n\t\t<p><span class=\"wpcf7-form-control-wrap\" data-name=\"lastname\"><input size=\"40\" class=\"wpcf7-form-control wpcf7-text wpcf7-validates-as-required\" aria-required=\"true\" aria-invalid=\"false\" value=\"\" type=\"text\" name=\"lastname\" \/><\/span><br \/>\n<label class=\"formGroupLabel\">Nom*<\/label>\n\t\t<\/p>\n\t<\/div>\n\t<div class=\"formGroup\">\n\t\t<p><span class=\"wpcf7-form-control-wrap\" data-name=\"firstname\"><input size=\"40\" class=\"wpcf7-form-control wpcf7-text wpcf7-validates-as-required\" aria-required=\"true\" aria-invalid=\"false\" value=\"\" type=\"text\" name=\"firstname\" \/><\/span><br \/>\n<label class=\"formGroupLabel\">Pr\u00e9nom*<\/label>\n\t\t<\/p>\n\t<\/div>\n\t<div class=\"formGroup\">\n\t\t<p><span class=\"wpcf7-form-control-wrap\" data-name=\"email\"><input size=\"40\" class=\"wpcf7-form-control wpcf7-text wpcf7-email wpcf7-validates-as-required wpcf7-validates-as-email\" aria-required=\"true\" aria-invalid=\"false\" value=\"\" type=\"email\" name=\"email\" \/><\/span><br \/>\n<label class=\"formGroupLabel\">E-mail*<\/label>\n\t\t<\/p>\n\t<\/div>\n\t<div class=\"formGroup\">\n\t\t<p><span class=\"wpcf7-form-control-wrap\" data-name=\"tel\"><input size=\"40\" class=\"wpcf7-form-control wpcf7-text wpcf7-tel wpcf7-validates-as-tel\" aria-invalid=\"false\" value=\"\" type=\"tel\" name=\"tel\" \/><\/span><br \/>\n<label class=\"formGroupLabel\">Num\u00e9ro de t\u00e9l\u00e9phone<\/label>\n\t\t<\/p>\n\t<\/div>\n\t<div class=\"formGroup formGroup--select\">\n\t\t<p><span class=\"wpcf7-form-control-wrap\" data-name=\"formationetudiant\"><select class=\"wpcf7-form-control wpcf7-select wpcf7-validates-as-required\" aria-required=\"true\" aria-invalid=\"false\" name=\"formationetudiant\"><option value=\"Je suis \u00e9tudiant*\">Je suis \u00e9tudiant*<\/option><option value=\"Je suis en formation En3s*\">Je suis en formation En3s*<\/option><option value=\"Autre*\">Autre*<\/option><\/select><\/span><br \/>\n<label class=\"formGroupLabel\">Je suis*<\/label>\n\t\t<\/p>\n\t<\/div>\n\t<p>[group formationconditional]\n\t<\/p>\n\t<div class=\"formGroup formGroup--select\">\n\t\t<p><span class=\"wpcf7-form-control-wrap\" data-name=\"formation\"><select class=\"wpcf7-form-control wpcf7-select wpcf7-validates-as-required\" aria-required=\"true\" aria-invalid=\"false\" name=\"formation\"><option value=\"Formation initiale\">Formation initiale<\/option><option value=\"Cap Dirigeants\">Cap Dirigeants<\/option><option value=\"Cesgos\">Cesgos<\/option><option value=\"Stagiaire formation professionnelle\">Stagiaire formation professionnelle<\/option><\/select><\/span><br \/>\n<label class=\"formGroupLabel\">Formation suivie*<\/label>\n\t\t<\/p>\n\t<\/div>\n\t<p>[\/group]\n\t<\/p>\n\t<p>[group etudiantconditional]\n\t<\/p>\n\t<div class=\"formGroup\">\n\t\t<p><span class=\"wpcf7-form-control-wrap\" data-name=\"etablissement\"><input size=\"40\" class=\"wpcf7-form-control wpcf7-text wpcf7-validates-as-required\" aria-required=\"true\" aria-invalid=\"false\" value=\"\" type=\"text\" name=\"etablissement\" \/><\/span><br \/>\n<label class=\"formGroupLabel\">\u00c9tablissement*<\/label>\n\t\t<\/p>\n\t<\/div>\n\t<div class=\"formGroup\">\n\t\t<p><span class=\"wpcf7-form-control-wrap\" data-name=\"niveau\"><input size=\"40\" class=\"wpcf7-form-control wpcf7-text wpcf7-validates-as-required\" aria-required=\"true\" aria-invalid=\"false\" value=\"\" type=\"text\" name=\"niveau\" \/><\/span><br \/>\n<label class=\"formGroupLabel\">Niveau d'\u00e9tude*<\/label>\n\t\t<\/p>\n\t<\/div>\n\t<p>[\/group]\n\t<\/p>\n\t<div class=\"formGroup formGroup--recaptcha\">\n\t\t<p>[recaptcha]\n\t\t<\/p>\n\t<\/div>\n\t<div class=\"formGroup\">\n\t\t<p><button class=\"button\" type=\"submit\">Envoyer<\/button>\n\t\t<\/p>\n\t<\/div>\n<\/div><div class=\"wpcf7-response-output\" aria-hidden=\"true\"><\/div>\n<\/form>\n<\/div>\n<\/div><\/div>\n","protected":false},"excerpt":{"rendered":"<p>La Veille S\u00e9cuDoc est r\u00e9serv\u00e9e aux publics en formation \u00e0 l\u2019EN3S et aux professionnels des organismes de S\u00e9curit\u00e9 sociale. Toute demande d&rsquo;inscription d\u00e9pos\u00e9e fera l&rsquo;objet d&rsquo;une validation pr\u00e9alable par le centre de documentation de l&rsquo;EN3S<\/p>\n","protected":false},"author":1,"featured_media":0,"parent":0,"menu_order":140,"comment_status":"closed","ping_status":"closed","template":"","meta":{"ngg_post_thumbnail":0,"footnotes":""},"class_list":["post-2497","page","type-page","status-publish","hentry"],"yoast_head":"<!-- This site is optimized with the Yoast SEO plugin v24.9 - https:\/\/yoast.com\/wordpress\/plugins\/seo\/ -->\n<title>Inscription veille abonn\u00e9 - S\u00e9cu Doc<\/title>\n<meta name=\"description\" content=\"La Veille S\u00e9cuDoc est r\u00e9serv\u00e9e aux publics en formation \u00e0 l\u2019EN3S et aux professionnels des organismes de S\u00e9curit\u00e9 sociale. Toute demande d&#039;inscription\" \/>\n<meta name=\"robots\" content=\"index, follow, max-snippet:-1, max-image-preview:large, max-video-preview:-1\" \/>\n<link rel=\"canonical\" href=\"https:\/\/en3s.fr\/secudoc\/inscription-veille-abonne\/\" \/>\n<meta property=\"og:locale\" content=\"fr_FR\" \/>\n<meta property=\"og:type\" content=\"article\" \/>\n<meta property=\"og:title\" content=\"Inscription veille abonn\u00e9 - S\u00e9cu Doc\" \/>\n<meta property=\"og:description\" content=\"La Veille S\u00e9cuDoc est r\u00e9serv\u00e9e aux publics en formation \u00e0 l\u2019EN3S et aux professionnels des organismes de S\u00e9curit\u00e9 sociale. Toute demande d&#039;inscription\" \/>\n<meta property=\"og:url\" content=\"https:\/\/en3s.fr\/secudoc\/inscription-veille-abonne\/\" \/>\n<meta property=\"og:site_name\" content=\"S\u00e9cu Doc\" \/>\n<meta property=\"article:modified_time\" content=\"2018-11-05T11:17:41+00:00\" \/>\n<meta name=\"twitter:card\" content=\"summary_large_image\" \/>\n<script type=\"application\/ld+json\" class=\"yoast-schema-graph\">{\"@context\":\"https:\/\/schema.org\",\"@graph\":[{\"@type\":\"WebPage\",\"@id\":\"https:\/\/en3s.fr\/secudoc\/inscription-veille-abonne\/\",\"url\":\"https:\/\/en3s.fr\/secudoc\/inscription-veille-abonne\/\",\"name\":\"Inscription veille abonn\u00e9 - S\u00e9cu Doc\",\"isPartOf\":{\"@id\":\"https:\/\/en3s.fr\/secudoc\/#website\"},\"datePublished\":\"2018-10-09T06:57:35+00:00\",\"dateModified\":\"2018-11-05T11:17:41+00:00\",\"description\":\"La Veille S\u00e9cuDoc est r\u00e9serv\u00e9e aux publics en formation \u00e0 l\u2019EN3S et aux professionnels des organismes de S\u00e9curit\u00e9 sociale. Toute demande d'inscription\",\"breadcrumb\":{\"@id\":\"https:\/\/en3s.fr\/secudoc\/inscription-veille-abonne\/#breadcrumb\"},\"inLanguage\":\"fr-FR\",\"potentialAction\":[{\"@type\":\"ReadAction\",\"target\":[\"https:\/\/en3s.fr\/secudoc\/inscription-veille-abonne\/\"]}]},{\"@type\":\"BreadcrumbList\",\"@id\":\"https:\/\/en3s.fr\/secudoc\/inscription-veille-abonne\/#breadcrumb\",\"itemListElement\":[{\"@type\":\"ListItem\",\"position\":1,\"name\":\"Accueil\",\"item\":\"https:\/\/en3s.fr\/secudoc\/\"},{\"@type\":\"ListItem\",\"position\":2,\"name\":\"Inscription veille abonn\u00e9\"}]},{\"@type\":\"WebSite\",\"@id\":\"https:\/\/en3s.fr\/secudoc\/#website\",\"url\":\"https:\/\/en3s.fr\/secudoc\/\",\"name\":\"S\u00e9cu Doc\",\"description\":\"Centre de ressources de la S\u00e9curit\u00e9 sociale\",\"potentialAction\":[{\"@type\":\"SearchAction\",\"target\":{\"@type\":\"EntryPoint\",\"urlTemplate\":\"https:\/\/en3s.fr\/secudoc\/?s={search_term_string}\"},\"query-input\":{\"@type\":\"PropertyValueSpecification\",\"valueRequired\":true,\"valueName\":\"search_term_string\"}}],\"inLanguage\":\"fr-FR\"}]}<\/script>\n<!-- \/ Yoast SEO plugin. -->","yoast_head_json":{"title":"Inscription veille abonn\u00e9 - S\u00e9cu Doc","description":"La Veille S\u00e9cuDoc est r\u00e9serv\u00e9e aux publics en formation \u00e0 l\u2019EN3S et aux professionnels des organismes de S\u00e9curit\u00e9 sociale. Toute demande d'inscription","robots":{"index":"index","follow":"follow","max-snippet":"max-snippet:-1","max-image-preview":"max-image-preview:large","max-video-preview":"max-video-preview:-1"},"canonical":"https:\/\/en3s.fr\/secudoc\/inscription-veille-abonne\/","og_locale":"fr_FR","og_type":"article","og_title":"Inscription veille abonn\u00e9 - S\u00e9cu Doc","og_description":"La Veille S\u00e9cuDoc est r\u00e9serv\u00e9e aux publics en formation \u00e0 l\u2019EN3S et aux professionnels des organismes de S\u00e9curit\u00e9 sociale. Toute demande d'inscription","og_url":"https:\/\/en3s.fr\/secudoc\/inscription-veille-abonne\/","og_site_name":"S\u00e9cu Doc","article_modified_time":"2018-11-05T11:17:41+00:00","twitter_card":"summary_large_image","schema":{"@context":"https:\/\/schema.org","@graph":[{"@type":"WebPage","@id":"https:\/\/en3s.fr\/secudoc\/inscription-veille-abonne\/","url":"https:\/\/en3s.fr\/secudoc\/inscription-veille-abonne\/","name":"Inscription veille abonn\u00e9 - S\u00e9cu Doc","isPartOf":{"@id":"https:\/\/en3s.fr\/secudoc\/#website"},"datePublished":"2018-10-09T06:57:35+00:00","dateModified":"2018-11-05T11:17:41+00:00","description":"La Veille S\u00e9cuDoc est r\u00e9serv\u00e9e aux publics en formation \u00e0 l\u2019EN3S et aux professionnels des organismes de S\u00e9curit\u00e9 sociale. Toute demande d'inscription","breadcrumb":{"@id":"https:\/\/en3s.fr\/secudoc\/inscription-veille-abonne\/#breadcrumb"},"inLanguage":"fr-FR","potentialAction":[{"@type":"ReadAction","target":["https:\/\/en3s.fr\/secudoc\/inscription-veille-abonne\/"]}]},{"@type":"BreadcrumbList","@id":"https:\/\/en3s.fr\/secudoc\/inscription-veille-abonne\/#breadcrumb","itemListElement":[{"@type":"ListItem","position":1,"name":"Accueil","item":"https:\/\/en3s.fr\/secudoc\/"},{"@type":"ListItem","position":2,"name":"Inscription veille abonn\u00e9"}]},{"@type":"WebSite","@id":"https:\/\/en3s.fr\/secudoc\/#website","url":"https:\/\/en3s.fr\/secudoc\/","name":"S\u00e9cu Doc","description":"Centre de ressources de la S\u00e9curit\u00e9 sociale","potentialAction":[{"@type":"SearchAction","target":{"@type":"EntryPoint","urlTemplate":"https:\/\/en3s.fr\/secudoc\/?s={search_term_string}"},"query-input":{"@type":"PropertyValueSpecification","valueRequired":true,"valueName":"search_term_string"}}],"inLanguage":"fr-FR"}]}},"_links":{"self":[{"href":"https:\/\/en3s.fr\/secudoc\/wp-json\/wp\/v2\/pages\/2497","targetHints":{"allow":["GET"]}}],"collection":[{"href":"https:\/\/en3s.fr\/secudoc\/wp-json\/wp\/v2\/pages"}],"about":[{"href":"https:\/\/en3s.fr\/secudoc\/wp-json\/wp\/v2\/types\/page"}],"author":[{"embeddable":true,"href":"https:\/\/en3s.fr\/secudoc\/wp-json\/wp\/v2\/users\/1"}],"replies":[{"embeddable":true,"href":"https:\/\/en3s.fr\/secudoc\/wp-json\/wp\/v2\/comments?post=2497"}],"version-history":[{"count":0,"href":"https:\/\/en3s.fr\/secudoc\/wp-json\/wp\/v2\/pages\/2497\/revisions"}],"wp:attachment":[{"href":"https:\/\/en3s.fr\/secudoc\/wp-json\/wp\/v2\/media?parent=2497"}],"curies":[{"name":"wp","href":"https:\/\/api.w.org\/{rel}","templated":true}]}}