{"id":29,"date":"2018-06-08T10:14:06","date_gmt":"2018-06-08T08:14:06","guid":{"rendered":"https:\/\/en3s.fr\/secudoc\/?page_id=29"},"modified":"2018-09-07T15:53:52","modified_gmt":"2018-09-07T13:53:52","slug":"mentions-legales","status":"publish","type":"page","link":"https:\/\/en3s.fr\/secudoc\/mentions-legales\/","title":{"rendered":"Mentions l\u00e9gales"},"content":{"rendered":"<h3><b>1. Informations l\u00e9gales<\/b><\/h3>\n<p><span style=\"font-weight: 400;\">Le site que vous consultez actuellement est la propri\u00e9t\u00e9 de l\u2019EN3S (\u00c9cole Nationale Sup\u00e9rieure de S\u00e9curit\u00e9 Sociale), \u00e9tablissement public national \u00e0 caract\u00e8re administratif dont le si\u00e8ge social est situ\u00e9 :<\/span><\/p>\n<p><span style=\"font-weight: 400;\">27 rue des Docteurs Charcot<br \/>\n<\/span><span style=\"font-weight: 400;\">42031 SAINT-ETIENNE cedex 2<br \/>\n<\/span><span style=\"font-weight: 400;\"><em>Courriel :<\/em><br \/>\n<\/span><span style=\"font-weight: 400;\">T\u00e9l. : 04 77 81 15 15<br \/>\n<\/span><span style=\"font-weight: 400;\">Code APE : 8542 Z<br \/>\n<\/span>SIRET : 194 218 798 000 16<\/p>\n<p><span style=\"font-weight: 400;\">Responsable de la publication : Monsieur Dominique Libault, Directeur g\u00e9n\u00e9ral de l\u2019EN3S<\/span><\/p>\n<p><span style=\"font-weight: 400;\">Conception et h\u00e9bergement du site :<br \/>\n<\/span><span style=\"font-weight: 400;\">OVH<br \/>\n<\/span><span style=\"font-weight: 400;\">2 rue Kellermann<br \/>\n<\/span><span style=\"font-weight: 400;\">BP 99985<br \/>\n<\/span><span style=\"font-weight: 400;\">59100 Roubai<br \/>\n<\/span>T\u00e9l. : 0 820 698 765<\/p>\n<p><span style=\"font-weight: 400;\">IRIS Interactive, \u00ab Cr\u00e9ateur d\u2019empreintes digitales \u00bb<br \/>\n<\/span><span style=\"font-weight: 400;\">3, Avenue d\u2019Aiguilhe<br \/>\n<\/span><span style=\"font-weight: 400;\">43000 Le Puy en Velay<br \/>\n<\/span><span style=\"font-weight: 400;\">T\u00e9l. : 04 71 04 93 01 \u2013 Fax: 04 71 04 98 50<\/span><\/p>\n<p><span style=\"font-weight: 400;\">Le Bivouac<br \/>\n59 Bd L\u00e9on Jouhaux<br \/>\n<\/span><span style=\"font-weight: 400;\">63050 CLERMONT-FD\u00a0<\/span><span style=\"font-weight: 400;\"><br \/>\n<\/span><span style=\"font-weight: 400;\">T\u00e9l. : 04 43 86 02 68<\/span><\/p>\n<p><span style=\"font-weight: 400;\">Espace DMCI<br \/>\n<\/span><span style=\"font-weight: 400;\">La Tour du Web<br \/>\n4 rue Pr Charles Appleton<br \/>\n69007 LYON<br \/>\nT\u00e9l. : 09 52 94 91 2941,\u00a0<\/span><span style=\"font-weight: 400;\"><br \/>\n<\/span><\/p>\n<p><a href=\"http:\/\/www.iris-interactive.fr\/\"><span style=\"font-weight: 400;\">www.iris-interactive.fr<\/span><\/a><\/p>\n<h3><b>2. Utilisation des marques de l\u2019EN3S<\/b><\/h3>\n<p><span style=\"font-weight: 400;\">Les marques verbales et visuelles (logos) EN3S \u2013 Ecole nationale sup\u00e9rieure de S\u00e9curit\u00e9 sociale, S\u00e9cuDoc, S\u00e9cuJeunes (et leurs d\u00e9clinaisons), sont prot\u00e9g\u00e9es.<\/span><\/p>\n<p><span style=\"font-weight: 400;\">Leur utilisation sans autorisation \u00e9crite de la CNIL, sur tout support, \u00e0 des fins de valorisation de produits ou de services, notamment \u00e0 des fins commerciales, est interdite sous peine de poursuites p\u00e9nales et civiles.<\/span><\/p>\n<p><span style=\"font-weight: 400;\">Elle est admise \u00e0 des fins strictement p\u00e9dagogiques (pr\u00e9sentation de l\u2019EN3S, etc.).<\/span><\/p>\n<p><span style=\"font-weight: 400;\">Pour toute autre r\u00e9utilisation, nous contacter.<\/span><\/p>\n<h3><b>3. Donn\u00e9es personnelles<\/b><\/h3>\n<p><span style=\"font-weight: 400;\">Lorsque des donn\u00e9es pr\u00e9sentes sur ce site ont un caract\u00e8re nominatif, les utilisateurs doivent en faire un usage conforme aux r\u00e9glementations en vigueur et aux recommandations de la Commission nationale de l\u2019informatique et des libert\u00e9s (CNIL).<\/span><\/p>\n<p><span style=\"font-weight: 400;\">Conform\u00e9ment \u00e0 la loi Informatique et Libert\u00e9 78-17 du 6 janvier 1978 modifi\u00e9e, vous disposez d\u2019un droit d\u2019opposition (art. 38), d\u2019acc\u00e8s (art. 39), de rectification ou de suppression (art. 40) des donn\u00e9es qui vous concernent. Vous pouvez exercer ce droit en vous adressant \u00e0 l\u2019Ecole nationale sup\u00e9rieure de S\u00e9curit\u00e9 sociale.<\/span><\/p>\n<p><span style=\"font-weight: 400;\">Ce droit s\u2019exerce, en justifiant de son identit\u00e9 :<\/span><\/p>\n<ul>\n<li style=\"font-weight: 400;\"><span style=\"font-weight: 400;\">par voie postale :<\/span><\/li>\n<\/ul>\n<p><span style=\"font-weight: 400;\">EN3S<\/span><span style=\"font-weight: 400;\"><br \/>\n<\/span><span style=\"font-weight: 400;\">\u00c0 l\u2019attention du d\u00e9l\u00e9gu\u00e9 \u00e0 la protection des donn\u00e9es<\/span><span style=\"font-weight: 400;\"><br \/>\n<\/span><span style=\"font-weight: 400;\">27 rue des Docteurs Charcot<\/span><span style=\"font-weight: 400;\"><br \/>\n<\/span><span style=\"font-weight: 400;\">CS 13132<\/span><span style=\"font-weight: 400;\"><br \/>\n<\/span><span style=\"font-weight: 400;\">42031 SAINT-ETIENNE cedex 2<\/span><\/p>\n<ul>\n<li style=\"font-weight: 400;\"><span style=\"font-weight: 400;\">par courrier \u00e9lectronique : dpo@en3s.fr<\/span><\/li>\n<\/ul>\n<h3><b>4. Acc\u00e8s et contenus<\/b><\/h3>\n<p><span style=\"font-weight: 400;\">L\u2019acc\u00e8s au site internet est libre. Cependant, certains acc\u00e8s pourront \u00eatre restreints \u00e0 des personnes autoris\u00e9es, identifiables par un identifiant et d\u2019un mot de passe.<\/span><\/p>\n<p><span style=\"font-weight: 400;\">Tout acc\u00e8s ou tentative d\u2019acc\u00e8s non autoris\u00e9 aux espaces r\u00e9serv\u00e9s sera consid\u00e9r\u00e9 comme frauduleux au sens du Code p\u00e9nal et fera l\u2019objet de poursuites.<\/span><\/p>\n<p><span style=\"font-weight: 400;\">Tout acc\u00e8s sans droit, par inadvertance, devra \u00eatre mentionn\u00e9 \u00e0 l\u2019ENS3S (communication@en3s.fr) afin que celle-ci puisse prendre les mesures n\u00e9cessaires. Les donn\u00e9es r\u00e9cup\u00e9r\u00e9es \u00e0 l\u2019occasion d\u2019un tel acc\u00e8s ne devront pas \u00eatre divulgu\u00e9es.<\/span><\/p>\n<p><span style=\"font-weight: 400;\">L\u2019EN3S met tout en \u0153uvre pour offrir aux internautes des informations et\/ou des outils disponibles et v\u00e9rifi\u00e9s. Elle ne saurait \u00eatre tenue pour responsable des erreurs et\/ou de la pr\u00e9sence de virus sur le site.<\/span><\/p>\n<h3><b>5. Propri\u00e9t\u00e9 Intellectuelle<\/b><\/h3>\n<p><span style=\"font-weight: 400;\">Droits patrimoniaux (reproduction, adaptation, modification, \u2026)<\/span><\/p>\n<p><span style=\"font-weight: 400;\">Les contenus propos\u00e9s par le site de l\u2019EN3S sont couverts par le droit d\u2019auteur. Toute reprise de ces contenus doit recueillir l\u2019accord expr\u00e8s et pr\u00e9alable de l\u2019EN3S, conform\u00e9ment aux dispositions de l\u2019article L.122-4 du Code de la Propri\u00e9t\u00e9 Intellectuelle.<\/span><\/p>\n<p><span style=\"font-weight: 400;\">Vous pouvez t\u00e9l\u00e9charger ou imprimer sur papier des pages et\/ou des parties des sites web de l\u2019EN3S \u00e0 des fins strictement personnelles. Dans ce cas, vous devez conserver les mentions de provenance des informations, \u00e0 savoir l\u2019EN3S.<\/span><\/p>\n<p><span style=\"font-weight: 400;\">L\u2019utilisation frauduleuse de tout ou partie du contenu du site internet est totalement interdite. L\u2019EN3S se r\u00e9serve le droit d\u2019engager des poursuites, y compris p\u00e9nales, si n\u00e9cessaire.<\/span><\/p>\n<p><span style=\"font-weight: 400;\">Les demandes d\u2019autorisation pour la reproduction ou l\u2019utilisation d\u2019un contenu doivent \u00eatre adress\u00e9es au service communication de l\u2019EN3S (communication@en3s.fr). Cette demande doit pr\u00e9ciser le contenu vis\u00e9 ainsi que le site sur lequel le contenu figurera. L\u2019EN3S est libre de la suite \u00e0 donner aux demandes d\u2019autorisation.<\/span><\/p>\n<p><span style=\"font-weight: 400;\">Un contenu ayant obtenu l\u2019autorisation de reproduction doit mentionner le nom de l\u2019EN3S et l\u2019url du site d\u2019origine.<\/span><\/p>\n<p><span style=\"font-weight: 400;\">Aucun contenu du site ne doit \u00eatre utilis\u00e9 \u00e0 des fins publicitaires ou commerciales, ou encore dans un objectif de d\u00e9nigrement, d\u2019injures ou de diffamation.<\/span><\/p>\n<h3><b>6. Liens hypertextes<\/b><\/h3>\n<p><span style=\"font-weight: 400;\">Liens pointant vers d\u2019autres sites<\/span><\/p>\n<p><span style=\"font-weight: 400;\">L\u2019EN3S propose sur ses sites des liens vers des sites tiers. Ces liens sont \u00e9tablis en accord avec les sites concern\u00e9s \u00e0 un moment o\u00f9 l\u2019EN3S et ses partenaires a pu juger opportun de le faire, compte-tenu des contenus et services de ces sites.<\/span><\/p>\n<p><span style=\"font-weight: 400;\">Cependant, ces pages web, dont les adresses sont r\u00e9guli\u00e8rement v\u00e9rifi\u00e9es, ne font pas partie du portail et n\u2019engagent donc pas la responsabilit\u00e9 de l\u2019EN3S.<\/span><\/p>\n<p><em><span style=\"font-weight: 400;\">Lien pointant vers les sites de l\u2019EN3S<\/span><\/em><\/p>\n<p><span style=\"font-weight: 400;\">L\u2019EN3S autorise tout site internet, public ou priv\u00e9, \u00e0 l\u2019exception des sites diffusant des informations \u00e0 caract\u00e8re pol\u00e9mique, pornographique, x\u00e9nophobe \u2026 \u00e0 cr\u00e9er un lien hypertexte pointant vers sa page d\u2019accueil. Dans ce cas, merci de le signaler au service communication (communication@en3s.fr).<\/span><\/p>\n<h3><b>7. Cookies<\/b><\/h3>\n<p><span style=\"font-weight: 400;\">Lors de la consultation des diff\u00e9rents sites de l\u2019EN3S, des cookies sont d\u00e9pos\u00e9s sur votre ordinateur, votre mobile ou votre tablette.<\/span><\/p>\n<p><span style=\"font-weight: 400;\">Les seuls cookies utilis\u00e9s par le site sont ceux destin\u00e9s \u00e0 la mesure d\u2019audience et ne collectent pas de donn\u00e9es personnelles. Les outils de mesures d\u2019audience sont d\u00e9ploy\u00e9s afin d\u2019obtenir des informations sur la navigation des visiteurs. Ils permettent notamment de comprendre comment les utilisateurs arrivent sur un site et de reconstituer leur parcours.<\/span><\/p>\n<p><span style=\"font-weight: 400;\">Les donn\u00e9es g\u00e9n\u00e9r\u00e9es par les cookies sont transmises et stock\u00e9es par les prestataires de mesure d\u2019audience (Google). Les donn\u00e9es g\u00e9n\u00e9r\u00e9es par Google sont h\u00e9berg\u00e9es sur des serveurs situ\u00e9s aux Etats-Unis. Google utilisera cette information dans le but d\u2019\u00e9valuer votre utilisation du site mais ne recoupera pas votre adresse IP avec toute autre donn\u00e9e d\u00e9tenue par Google. Les prestataires de mesure d\u2019audience sont susceptibles de communiquer ces donn\u00e9es \u00e0 des tiers en cas d\u2019obligation l\u00e9gale ou lorsque ces tiers traitent ces donn\u00e9es pour leur compte.<\/span><\/p>\n<p><b>D\u00e9finition d\u2019un cookie<\/b><\/p>\n<p><span style=\"font-weight: 400;\">Un cookie est un fichier texte d\u00e9pos\u00e9 sur votre ordinateur lors de la visite d\u2019un site ou de la consultation d\u2019une publicit\u00e9. Il a pour but de collecter des informations relatives \u00e0 votre navigation et de vous adresser des services adapt\u00e9s \u00e0 votre terminal (ordinateur, mobile ou tablette). Les cookies sont g\u00e9r\u00e9s par votre navigateur internet.<\/span><\/p>\n<p><span style=\"font-weight: 400;\">Nous veillons dans la mesure du possible \u00e0 ce que les prestataires de mesures d\u2019audience respectent strictement la loi informatique et libert\u00e9s du 6 janvier 1978 modifi\u00e9e et s\u2019engagent \u00e0 mettre en \u0153uvre des mesures appropri\u00e9es de s\u00e9curisation et de protection de la confidentialit\u00e9 des donn\u00e9es.<\/span><\/p>\n<p><b>Param\u00e9trer votre navigateur internet<\/b><\/p>\n<p><span style=\"font-weight: 400;\">Vous pouvez \u00e0 tout moment choisir de d\u00e9sactiver ces cookies. Votre navigateur peut \u00e9galement \u00eatre param\u00e9tr\u00e9 pour vous signaler les cookies qui sont d\u00e9pos\u00e9s dans votre ordinateur et vous demander de les accepter ou pas. Vous pouvez accepter ou refuser les cookies au cas par cas ou bien les refuser syst\u00e9matiquement.<\/span><\/p>\n<p><span style=\"font-weight: 400;\">Afin de g\u00e9rer les cookies au plus pr\u00e8s de vos attentes nous vous invitons \u00e0 param\u00e9trer votre navigateur en tenant compte de la finalit\u00e9 des cookies.<\/span><\/p>\n<h3><b>8. Contact<\/b><\/h3>\n<p><span style=\"font-weight: 400;\">Pour toute question relative aux pr\u00e9sentes conditions d\u2019utilisation du site, merci de contacter le service communication de l\u2019EN3S : communication@en3s.fr<\/span><\/p>\n","protected":false},"excerpt":{"rendered":"<p>1. Informations l\u00e9gales Le site que vous consultez actuellement est la propri\u00e9t\u00e9 de l\u2019EN3S (\u00c9cole Nationale Sup\u00e9rieure de S\u00e9curit\u00e9 Sociale), \u00e9tablissement public national \u00e0 caract\u00e8re administratif dont le si\u00e8ge social est situ\u00e9 : 27 rue des Docteurs Charcot 42031 SAINT-ETIENNE cedex 2 Courriel : T\u00e9l. : 04 77 81 15 15 Code APE : 8542 [&hellip;]<\/p>\n","protected":false},"author":1,"featured_media":0,"parent":0,"menu_order":80,"comment_status":"closed","ping_status":"closed","template":"","meta":{"ngg_post_thumbnail":0,"footnotes":""},"class_list":["post-29","page","type-page","status-publish","hentry"],"yoast_head":"<!-- This site is optimized with the Yoast SEO plugin v24.9 - https:\/\/yoast.com\/wordpress\/plugins\/seo\/ -->\n<title>Mentions l\u00e9gales - S\u00e9cu Doc<\/title>\n<meta name=\"description\" content=\"1. Informations l\u00e9gales Le site que vous consultez actuellement est la propri\u00e9t\u00e9 de l\u2019EN3S (\u00c9cole Nationale Sup\u00e9rieure de S\u00e9curit\u00e9 Sociale), \u00e9tablissement\" \/>\n<meta name=\"robots\" content=\"index, follow, max-snippet:-1, max-image-preview:large, max-video-preview:-1\" \/>\n<link rel=\"canonical\" href=\"https:\/\/en3s.fr\/secudoc\/mentions-legales\/\" \/>\n<meta property=\"og:locale\" content=\"fr_FR\" \/>\n<meta property=\"og:type\" content=\"article\" \/>\n<meta property=\"og:title\" content=\"Mentions l\u00e9gales - S\u00e9cu Doc\" \/>\n<meta property=\"og:description\" content=\"1. Informations l\u00e9gales Le site que vous consultez actuellement est la propri\u00e9t\u00e9 de l\u2019EN3S (\u00c9cole Nationale Sup\u00e9rieure de S\u00e9curit\u00e9 Sociale), \u00e9tablissement\" \/>\n<meta property=\"og:url\" content=\"https:\/\/en3s.fr\/secudoc\/mentions-legales\/\" \/>\n<meta property=\"og:site_name\" content=\"S\u00e9cu Doc\" \/>\n<meta property=\"article:modified_time\" content=\"2018-09-07T13:53:52+00:00\" \/>\n<meta name=\"twitter:card\" content=\"summary_large_image\" \/>\n<meta name=\"twitter:label1\" content=\"Dur\u00e9e de lecture estim\u00e9e\" \/>\n\t<meta name=\"twitter:data1\" content=\"7 minutes\" \/>\n<script type=\"application\/ld+json\" class=\"yoast-schema-graph\">{\"@context\":\"https:\/\/schema.org\",\"@graph\":[{\"@type\":\"WebPage\",\"@id\":\"https:\/\/en3s.fr\/secudoc\/mentions-legales\/\",\"url\":\"https:\/\/en3s.fr\/secudoc\/mentions-legales\/\",\"name\":\"Mentions l\u00e9gales - S\u00e9cu Doc\",\"isPartOf\":{\"@id\":\"https:\/\/en3s.fr\/secudoc\/#website\"},\"datePublished\":\"2018-06-08T08:14:06+00:00\",\"dateModified\":\"2018-09-07T13:53:52+00:00\",\"description\":\"1. Informations l\u00e9gales Le site que vous consultez actuellement est la propri\u00e9t\u00e9 de l\u2019EN3S (\u00c9cole Nationale Sup\u00e9rieure de S\u00e9curit\u00e9 Sociale), \u00e9tablissement\",\"breadcrumb\":{\"@id\":\"https:\/\/en3s.fr\/secudoc\/mentions-legales\/#breadcrumb\"},\"inLanguage\":\"fr-FR\",\"potentialAction\":[{\"@type\":\"ReadAction\",\"target\":[\"https:\/\/en3s.fr\/secudoc\/mentions-legales\/\"]}]},{\"@type\":\"BreadcrumbList\",\"@id\":\"https:\/\/en3s.fr\/secudoc\/mentions-legales\/#breadcrumb\",\"itemListElement\":[{\"@type\":\"ListItem\",\"position\":1,\"name\":\"Accueil\",\"item\":\"https:\/\/en3s.fr\/secudoc\/\"},{\"@type\":\"ListItem\",\"position\":2,\"name\":\"Mentions l\u00e9gales\"}]},{\"@type\":\"WebSite\",\"@id\":\"https:\/\/en3s.fr\/secudoc\/#website\",\"url\":\"https:\/\/en3s.fr\/secudoc\/\",\"name\":\"S\u00e9cu Doc\",\"description\":\"Centre de ressources de la S\u00e9curit\u00e9 sociale\",\"potentialAction\":[{\"@type\":\"SearchAction\",\"target\":{\"@type\":\"EntryPoint\",\"urlTemplate\":\"https:\/\/en3s.fr\/secudoc\/?s={search_term_string}\"},\"query-input\":{\"@type\":\"PropertyValueSpecification\",\"valueRequired\":true,\"valueName\":\"search_term_string\"}}],\"inLanguage\":\"fr-FR\"}]}<\/script>\n<!-- \/ Yoast SEO plugin. -->","yoast_head_json":{"title":"Mentions l\u00e9gales - S\u00e9cu Doc","description":"1. Informations l\u00e9gales Le site que vous consultez actuellement est la propri\u00e9t\u00e9 de l\u2019EN3S (\u00c9cole Nationale Sup\u00e9rieure de S\u00e9curit\u00e9 Sociale), \u00e9tablissement","robots":{"index":"index","follow":"follow","max-snippet":"max-snippet:-1","max-image-preview":"max-image-preview:large","max-video-preview":"max-video-preview:-1"},"canonical":"https:\/\/en3s.fr\/secudoc\/mentions-legales\/","og_locale":"fr_FR","og_type":"article","og_title":"Mentions l\u00e9gales - S\u00e9cu Doc","og_description":"1. Informations l\u00e9gales Le site que vous consultez actuellement est la propri\u00e9t\u00e9 de l\u2019EN3S (\u00c9cole Nationale Sup\u00e9rieure de S\u00e9curit\u00e9 Sociale), \u00e9tablissement","og_url":"https:\/\/en3s.fr\/secudoc\/mentions-legales\/","og_site_name":"S\u00e9cu Doc","article_modified_time":"2018-09-07T13:53:52+00:00","twitter_card":"summary_large_image","twitter_misc":{"Dur\u00e9e de lecture estim\u00e9e":"7 minutes"},"schema":{"@context":"https:\/\/schema.org","@graph":[{"@type":"WebPage","@id":"https:\/\/en3s.fr\/secudoc\/mentions-legales\/","url":"https:\/\/en3s.fr\/secudoc\/mentions-legales\/","name":"Mentions l\u00e9gales - S\u00e9cu Doc","isPartOf":{"@id":"https:\/\/en3s.fr\/secudoc\/#website"},"datePublished":"2018-06-08T08:14:06+00:00","dateModified":"2018-09-07T13:53:52+00:00","description":"1. Informations l\u00e9gales Le site que vous consultez actuellement est la propri\u00e9t\u00e9 de l\u2019EN3S (\u00c9cole Nationale Sup\u00e9rieure de S\u00e9curit\u00e9 Sociale), \u00e9tablissement","breadcrumb":{"@id":"https:\/\/en3s.fr\/secudoc\/mentions-legales\/#breadcrumb"},"inLanguage":"fr-FR","potentialAction":[{"@type":"ReadAction","target":["https:\/\/en3s.fr\/secudoc\/mentions-legales\/"]}]},{"@type":"BreadcrumbList","@id":"https:\/\/en3s.fr\/secudoc\/mentions-legales\/#breadcrumb","itemListElement":[{"@type":"ListItem","position":1,"name":"Accueil","item":"https:\/\/en3s.fr\/secudoc\/"},{"@type":"ListItem","position":2,"name":"Mentions l\u00e9gales"}]},{"@type":"WebSite","@id":"https:\/\/en3s.fr\/secudoc\/#website","url":"https:\/\/en3s.fr\/secudoc\/","name":"S\u00e9cu Doc","description":"Centre de ressources de la S\u00e9curit\u00e9 sociale","potentialAction":[{"@type":"SearchAction","target":{"@type":"EntryPoint","urlTemplate":"https:\/\/en3s.fr\/secudoc\/?s={search_term_string}"},"query-input":{"@type":"PropertyValueSpecification","valueRequired":true,"valueName":"search_term_string"}}],"inLanguage":"fr-FR"}]}},"_links":{"self":[{"href":"https:\/\/en3s.fr\/secudoc\/wp-json\/wp\/v2\/pages\/29","targetHints":{"allow":["GET"]}}],"collection":[{"href":"https:\/\/en3s.fr\/secudoc\/wp-json\/wp\/v2\/pages"}],"about":[{"href":"https:\/\/en3s.fr\/secudoc\/wp-json\/wp\/v2\/types\/page"}],"author":[{"embeddable":true,"href":"https:\/\/en3s.fr\/secudoc\/wp-json\/wp\/v2\/users\/1"}],"replies":[{"embeddable":true,"href":"https:\/\/en3s.fr\/secudoc\/wp-json\/wp\/v2\/comments?post=29"}],"version-history":[{"count":0,"href":"https:\/\/en3s.fr\/secudoc\/wp-json\/wp\/v2\/pages\/29\/revisions"}],"wp:attachment":[{"href":"https:\/\/en3s.fr\/secudoc\/wp-json\/wp\/v2\/media?parent=29"}],"curies":[{"name":"wp","href":"https:\/\/api.w.org\/{rel}","templated":true}]}}