{"id":4013,"date":"2020-10-20T17:26:17","date_gmt":"2020-10-20T15:26:17","guid":{"rendered":"https:\/\/en3s.fr\/secudoc\/?page_id=4013"},"modified":"2020-11-23T11:58:17","modified_gmt":"2020-11-23T10:58:17","slug":"secuscope-solidaire-et-declare","status":"publish","type":"page","link":"https:\/\/en3s.fr\/secudoc\/secuscope-solidaire-et-declare\/","title":{"rendered":"S\u00e9cuscope &#8211; Solidaire et d\u00e9clar\u00e9"},"content":{"rendered":"<h3 style=\"text-align: center\">S\u00e9cuscope &#8211; Solidaire et d\u00e9clar\u00e9<\/h3>\n<p><img loading=\"lazy\" decoding=\"async\" width=\"530\" height=\"300\" class=\"size-full wp-image-4006 aligncenter\" src=\"https:\/\/en3s.fr\/secudoc\/wp-content\/uploads\/sites\/4\/2020\/10\/axe-1.png\" alt=\"\" srcset=\"https:\/\/en3s.fr\/secudoc\/wp-content\/uploads\/sites\/4\/2020\/10\/axe-1.png 530w, https:\/\/en3s.fr\/secudoc\/wp-content\/uploads\/sites\/4\/2020\/10\/axe-1-275x156.png 275w, https:\/\/en3s.fr\/secudoc\/wp-content\/uploads\/sites\/4\/2020\/10\/axe-1-230x130.png 230w\" sizes=\"auto, (max-width: 530px) 100vw, 530px\" \/><\/p>\n<p><strong>Objectifs p\u00e9dagogiques<\/strong>: Comprendre l\u2019importance de la d\u00e9claration ; Replacer l\u2019universalisation de la protection sociale dans un contexte salari\u00e9 ; Comprendre l\u2019importance de la solidarit\u00e9.<\/p>\n<p><strong>Cible du jeu<\/strong>\u00a0: El\u00e8ves de pr\u00e9-baccalaur\u00e9at en priorit\u00e9<\/p>\n<p><strong>Descriptif du jeu<\/strong>\u00a0:\u00a0<em>Enqu\u00eate au sein d\u2019une entreprise\u00a0! D\u00e9clar\u00e9s, pas d\u00e9clar\u00e9s\u00a0: quels enjeux pour les travailleurs et la solidarit\u00e9\u00a0?<\/em><\/p>\n<p>Ce jeu met en sc\u00e8ne un restaurateur, un de ses cuisiniers et un serveur interview\u00e9s par une lyc\u00e9enne. Il permet de revenir sur l\u2019universalisation du syst\u00e8me fran\u00e7ais mais \u00e9galement sur l\u2019importance de la d\u00e9claration en termes de solidarit\u00e9 et de droits pour les travailleurs salari\u00e9s.<\/p>\n<p><strong>Ressources associ\u00e9es<\/strong>\u00a0:<\/p>\n<ul>\n<li><a href=\"https:\/\/fr.calameo.com\/read\/00431050444b95a0ede5d\" target=\"_blank\" rel=\"noopener noreferrer\">Guide d\u2019accompagnement du professeur<\/a><\/li>\n<li><a href=\"https:\/\/fr.calameo.com\/read\/00431050422cc8022602d\" target=\"_blank\" rel=\"noopener noreferrer\">Livret de l\u2019\u00e9l\u00e8ve<\/a><\/li>\n<\/ul>\n<div><strong>Acc\u00e8s au jeu :\u00a0<\/strong><\/div>\n<div class=\"copy-paste-block\"><em>Le jeu fonctionne \u00e0 la fois sur ordinateur ainsi que sur smartphones et tablettes. <\/em><\/div>\n<div class=\"copy-paste-block\"><em>Sur ordinateur, utilisez le navigateur \u00ab\u00a0Google Chrome\u00a0\u00bb. <\/em><\/div>\n<div class=\"copy-paste-block\"><em>Sur Smartphones et tablettes, il est n\u00e9cessaire d&rsquo;installer une application tierce gratuite : VTSPlayer. En cliquant sur le bouton \u00ab\u00a0Version mobile\u00a0\u00bb, vous serez automatiquement rediriger vers la page web de t\u00e9l\u00e9chargement de l&rsquo;application.<\/em><\/div>\n<div><\/div>\n<div><\/div>\n<p style=\"text-align: center\"><a class=\"button\" href=\"https:\/\/en3s.fr\/secudoc\/wp-content\/serious-game\/scenario1\/\" target=\"_blank\" rel=\"noopener noreferrer\">Version ordinateur<\/a>\u00a0 <a class=\"button\" href=\"https:\/\/en3s.fr\/secudoc\/wp-content\/serious-game\/scenario1\/mobile\/\" target=\"_blank\" rel=\"noopener noreferrer\">Version mobile<\/a><\/p>\n","protected":false},"excerpt":{"rendered":"<p>S\u00e9cuscope &#8211; Solidaire et d\u00e9clar\u00e9 Objectifs p\u00e9dagogiques: Comprendre l\u2019importance de la d\u00e9claration ; Replacer l\u2019universalisation de la protection sociale dans un contexte salari\u00e9 ; Comprendre l\u2019importance de la solidarit\u00e9. Cible du jeu\u00a0: El\u00e8ves de pr\u00e9-baccalaur\u00e9at en priorit\u00e9 Descriptif du jeu\u00a0:\u00a0Enqu\u00eate au sein d\u2019une entreprise\u00a0! D\u00e9clar\u00e9s, pas d\u00e9clar\u00e9s\u00a0: quels enjeux pour les travailleurs et la solidarit\u00e9\u00a0? [&hellip;]<\/p>\n","protected":false},"author":5,"featured_media":4006,"parent":0,"menu_order":0,"comment_status":"closed","ping_status":"closed","template":"","meta":{"ngg_post_thumbnail":0,"footnotes":""},"class_list":["post-4013","page","type-page","status-publish","has-post-thumbnail","hentry"],"yoast_head":"<!-- This site is optimized with the Yoast SEO plugin v24.9 - https:\/\/yoast.com\/wordpress\/plugins\/seo\/ -->\n<title>S\u00e9cuscope - Solidaire et d\u00e9clar\u00e9<\/title>\n<meta name=\"description\" content=\"S\u00e9cuscope - Solidaire et d\u00e9clar\u00e9 Objectifs p\u00e9dagogiques: Comprendre l\u2019importance de la d\u00e9claration ; Replacer l\u2019universalisation de la protection sociale\" \/>\n<meta name=\"robots\" content=\"index, follow, max-snippet:-1, max-image-preview:large, max-video-preview:-1\" \/>\n<link rel=\"canonical\" href=\"https:\/\/en3s.fr\/secudoc\/secuscope-solidaire-et-declare\/\" \/>\n<meta property=\"og:locale\" content=\"fr_FR\" \/>\n<meta property=\"og:type\" content=\"article\" \/>\n<meta property=\"og:title\" content=\"S\u00e9cuscope - Solidaire et d\u00e9clar\u00e9\" \/>\n<meta property=\"og:description\" content=\"S\u00e9cuscope - Solidaire et d\u00e9clar\u00e9 Objectifs p\u00e9dagogiques: Comprendre l\u2019importance de la d\u00e9claration ; Replacer l\u2019universalisation de la protection sociale\" \/>\n<meta property=\"og:url\" content=\"https:\/\/en3s.fr\/secudoc\/secuscope-solidaire-et-declare\/\" \/>\n<meta property=\"og:site_name\" content=\"S\u00e9cu Doc\" \/>\n<meta property=\"article:modified_time\" content=\"2020-11-23T10:58:17+00:00\" \/>\n<meta property=\"og:image\" content=\"https:\/\/en3s.fr\/secudoc\/wp-content\/uploads\/sites\/4\/2020\/10\/axe-1.png\" \/>\n\t<meta property=\"og:image:width\" content=\"530\" \/>\n\t<meta property=\"og:image:height\" content=\"300\" \/>\n\t<meta property=\"og:image:type\" content=\"image\/png\" \/>\n<meta name=\"twitter:card\" content=\"summary_large_image\" \/>\n<meta name=\"twitter:label1\" content=\"Dur\u00e9e de lecture estim\u00e9e\" \/>\n\t<meta name=\"twitter:data1\" content=\"1 minute\" \/>\n<script type=\"application\/ld+json\" class=\"yoast-schema-graph\">{\"@context\":\"https:\/\/schema.org\",\"@graph\":[{\"@type\":\"WebPage\",\"@id\":\"https:\/\/en3s.fr\/secudoc\/secuscope-solidaire-et-declare\/\",\"url\":\"https:\/\/en3s.fr\/secudoc\/secuscope-solidaire-et-declare\/\",\"name\":\"S\u00e9cuscope - Solidaire et d\u00e9clar\u00e9\",\"isPartOf\":{\"@id\":\"https:\/\/en3s.fr\/secudoc\/#website\"},\"primaryImageOfPage\":{\"@id\":\"https:\/\/en3s.fr\/secudoc\/secuscope-solidaire-et-declare\/#primaryimage\"},\"image\":{\"@id\":\"https:\/\/en3s.fr\/secudoc\/secuscope-solidaire-et-declare\/#primaryimage\"},\"thumbnailUrl\":\"https:\/\/en3s.fr\/secudoc\/wp-content\/uploads\/sites\/4\/2020\/10\/axe-1.png\",\"datePublished\":\"2020-10-20T15:26:17+00:00\",\"dateModified\":\"2020-11-23T10:58:17+00:00\",\"description\":\"S\u00e9cuscope - Solidaire et d\u00e9clar\u00e9 Objectifs p\u00e9dagogiques: Comprendre l\u2019importance de la d\u00e9claration ; Replacer l\u2019universalisation de la protection sociale\",\"breadcrumb\":{\"@id\":\"https:\/\/en3s.fr\/secudoc\/secuscope-solidaire-et-declare\/#breadcrumb\"},\"inLanguage\":\"fr-FR\",\"potentialAction\":[{\"@type\":\"ReadAction\",\"target\":[\"https:\/\/en3s.fr\/secudoc\/secuscope-solidaire-et-declare\/\"]}]},{\"@type\":\"ImageObject\",\"inLanguage\":\"fr-FR\",\"@id\":\"https:\/\/en3s.fr\/secudoc\/secuscope-solidaire-et-declare\/#primaryimage\",\"url\":\"https:\/\/en3s.fr\/secudoc\/wp-content\/uploads\/sites\/4\/2020\/10\/axe-1.png\",\"contentUrl\":\"https:\/\/en3s.fr\/secudoc\/wp-content\/uploads\/sites\/4\/2020\/10\/axe-1.png\",\"width\":530,\"height\":300},{\"@type\":\"BreadcrumbList\",\"@id\":\"https:\/\/en3s.fr\/secudoc\/secuscope-solidaire-et-declare\/#breadcrumb\",\"itemListElement\":[{\"@type\":\"ListItem\",\"position\":1,\"name\":\"Accueil\",\"item\":\"https:\/\/en3s.fr\/secudoc\/\"},{\"@type\":\"ListItem\",\"position\":2,\"name\":\"S\u00e9cuscope &#8211; Solidaire et d\u00e9clar\u00e9\"}]},{\"@type\":\"WebSite\",\"@id\":\"https:\/\/en3s.fr\/secudoc\/#website\",\"url\":\"https:\/\/en3s.fr\/secudoc\/\",\"name\":\"S\u00e9cu Doc\",\"description\":\"Centre de ressources de la S\u00e9curit\u00e9 sociale\",\"potentialAction\":[{\"@type\":\"SearchAction\",\"target\":{\"@type\":\"EntryPoint\",\"urlTemplate\":\"https:\/\/en3s.fr\/secudoc\/?s={search_term_string}\"},\"query-input\":{\"@type\":\"PropertyValueSpecification\",\"valueRequired\":true,\"valueName\":\"search_term_string\"}}],\"inLanguage\":\"fr-FR\"}]}<\/script>\n<!-- \/ Yoast SEO plugin. -->","yoast_head_json":{"title":"S\u00e9cuscope - Solidaire et d\u00e9clar\u00e9","description":"S\u00e9cuscope - Solidaire et d\u00e9clar\u00e9 Objectifs p\u00e9dagogiques: Comprendre l\u2019importance de la d\u00e9claration ; Replacer l\u2019universalisation de la protection sociale","robots":{"index":"index","follow":"follow","max-snippet":"max-snippet:-1","max-image-preview":"max-image-preview:large","max-video-preview":"max-video-preview:-1"},"canonical":"https:\/\/en3s.fr\/secudoc\/secuscope-solidaire-et-declare\/","og_locale":"fr_FR","og_type":"article","og_title":"S\u00e9cuscope - Solidaire et d\u00e9clar\u00e9","og_description":"S\u00e9cuscope - Solidaire et d\u00e9clar\u00e9 Objectifs p\u00e9dagogiques: Comprendre l\u2019importance de la d\u00e9claration ; Replacer l\u2019universalisation de la protection sociale","og_url":"https:\/\/en3s.fr\/secudoc\/secuscope-solidaire-et-declare\/","og_site_name":"S\u00e9cu Doc","article_modified_time":"2020-11-23T10:58:17+00:00","og_image":[{"width":530,"height":300,"url":"https:\/\/en3s.fr\/secudoc\/wp-content\/uploads\/sites\/4\/2020\/10\/axe-1.png","type":"image\/png"}],"twitter_card":"summary_large_image","twitter_misc":{"Dur\u00e9e de lecture estim\u00e9e":"1 minute"},"schema":{"@context":"https:\/\/schema.org","@graph":[{"@type":"WebPage","@id":"https:\/\/en3s.fr\/secudoc\/secuscope-solidaire-et-declare\/","url":"https:\/\/en3s.fr\/secudoc\/secuscope-solidaire-et-declare\/","name":"S\u00e9cuscope - Solidaire et d\u00e9clar\u00e9","isPartOf":{"@id":"https:\/\/en3s.fr\/secudoc\/#website"},"primaryImageOfPage":{"@id":"https:\/\/en3s.fr\/secudoc\/secuscope-solidaire-et-declare\/#primaryimage"},"image":{"@id":"https:\/\/en3s.fr\/secudoc\/secuscope-solidaire-et-declare\/#primaryimage"},"thumbnailUrl":"https:\/\/en3s.fr\/secudoc\/wp-content\/uploads\/sites\/4\/2020\/10\/axe-1.png","datePublished":"2020-10-20T15:26:17+00:00","dateModified":"2020-11-23T10:58:17+00:00","description":"S\u00e9cuscope - Solidaire et d\u00e9clar\u00e9 Objectifs p\u00e9dagogiques: Comprendre l\u2019importance de la d\u00e9claration ; Replacer l\u2019universalisation de la protection sociale","breadcrumb":{"@id":"https:\/\/en3s.fr\/secudoc\/secuscope-solidaire-et-declare\/#breadcrumb"},"inLanguage":"fr-FR","potentialAction":[{"@type":"ReadAction","target":["https:\/\/en3s.fr\/secudoc\/secuscope-solidaire-et-declare\/"]}]},{"@type":"ImageObject","inLanguage":"fr-FR","@id":"https:\/\/en3s.fr\/secudoc\/secuscope-solidaire-et-declare\/#primaryimage","url":"https:\/\/en3s.fr\/secudoc\/wp-content\/uploads\/sites\/4\/2020\/10\/axe-1.png","contentUrl":"https:\/\/en3s.fr\/secudoc\/wp-content\/uploads\/sites\/4\/2020\/10\/axe-1.png","width":530,"height":300},{"@type":"BreadcrumbList","@id":"https:\/\/en3s.fr\/secudoc\/secuscope-solidaire-et-declare\/#breadcrumb","itemListElement":[{"@type":"ListItem","position":1,"name":"Accueil","item":"https:\/\/en3s.fr\/secudoc\/"},{"@type":"ListItem","position":2,"name":"S\u00e9cuscope &#8211; Solidaire et d\u00e9clar\u00e9"}]},{"@type":"WebSite","@id":"https:\/\/en3s.fr\/secudoc\/#website","url":"https:\/\/en3s.fr\/secudoc\/","name":"S\u00e9cu Doc","description":"Centre de ressources de la S\u00e9curit\u00e9 sociale","potentialAction":[{"@type":"SearchAction","target":{"@type":"EntryPoint","urlTemplate":"https:\/\/en3s.fr\/secudoc\/?s={search_term_string}"},"query-input":{"@type":"PropertyValueSpecification","valueRequired":true,"valueName":"search_term_string"}}],"inLanguage":"fr-FR"}]}},"_links":{"self":[{"href":"https:\/\/en3s.fr\/secudoc\/wp-json\/wp\/v2\/pages\/4013","targetHints":{"allow":["GET"]}}],"collection":[{"href":"https:\/\/en3s.fr\/secudoc\/wp-json\/wp\/v2\/pages"}],"about":[{"href":"https:\/\/en3s.fr\/secudoc\/wp-json\/wp\/v2\/types\/page"}],"author":[{"embeddable":true,"href":"https:\/\/en3s.fr\/secudoc\/wp-json\/wp\/v2\/users\/5"}],"replies":[{"embeddable":true,"href":"https:\/\/en3s.fr\/secudoc\/wp-json\/wp\/v2\/comments?post=4013"}],"version-history":[{"count":0,"href":"https:\/\/en3s.fr\/secudoc\/wp-json\/wp\/v2\/pages\/4013\/revisions"}],"wp:featuredmedia":[{"embeddable":true,"href":"https:\/\/en3s.fr\/secudoc\/wp-json\/wp\/v2\/media\/4006"}],"wp:attachment":[{"href":"https:\/\/en3s.fr\/secudoc\/wp-json\/wp\/v2\/media?parent=4013"}],"curies":[{"name":"wp","href":"https:\/\/api.w.org\/{rel}","templated":true}]}}