{"id":4021,"date":"2020-10-20T17:33:33","date_gmt":"2020-10-20T15:33:33","guid":{"rendered":"https:\/\/en3s.fr\/secudoc\/?page_id=4021"},"modified":"2023-10-06T16:27:01","modified_gmt":"2023-10-06T14:27:01","slug":"secuscope-conseiller-du-ministre-pour-un-jour-un-jeu-interactif","status":"publish","type":"page","link":"https:\/\/en3s.fr\/secudoc\/secuscope-conseiller-du-ministre-pour-un-jour-un-jeu-interactif\/","title":{"rendered":"S\u00e9cuscope &#8211; Conseiller du ministre pour un jour, un jeu interactif"},"content":{"rendered":"<h3 style=\"text-align: center\">S\u00e9cuscope &#8211; Conseiller du ministre pour un jour, un jeu interactif<\/h3>\n<p><img loading=\"lazy\" decoding=\"async\" width=\"531\" height=\"300\" class=\"size-full wp-image-4009 aligncenter\" src=\"https:\/\/en3s.fr\/secudoc\/wp-content\/uploads\/sites\/4\/2020\/10\/axe-4.png\" alt=\"\" srcset=\"https:\/\/en3s.fr\/secudoc\/wp-content\/uploads\/sites\/4\/2020\/10\/axe-4.png 531w, https:\/\/en3s.fr\/secudoc\/wp-content\/uploads\/sites\/4\/2020\/10\/axe-4-275x155.png 275w, https:\/\/en3s.fr\/secudoc\/wp-content\/uploads\/sites\/4\/2020\/10\/axe-4-230x130.png 230w\" sizes=\"auto, (max-width: 531px) 100vw, 531px\" \/><\/p>\n<p><strong>Objectifs p\u00e9dagogiques&nbsp;:<\/strong>&nbsp;Appr\u00e9hender les diff\u00e9rentes recettes de la S\u00e9curit\u00e9 sociale ; Appr\u00e9hender la complexit\u00e9 de la d\u00e9cision publique en ma\u00adti\u00e8re sociale comprendre les enjeux de ma\u00eetrise des d\u00e9penses.<\/p>\n<p><strong>Cible du jeu :<\/strong>&nbsp;El\u00e8ves de post-baccalaur\u00e9at<\/p>\n<p><strong>Descriptif du jeu&nbsp;:<\/strong>&nbsp;Cap ou pas cap de conseiller un ministre&nbsp;?<\/p>\n<p>Ce jeu met en sc\u00e8ne le ministre des Affaires sociales ainsi que sa conseill\u00e8re. Le Ministre doit d\u00e9cider de mesures dans le cadre d\u2019une diminu\u00adtion annonc\u00e9e des ressources de la S\u00e9curit\u00e9 sociale et d\u2019une forte \u00e9pid\u00e9mie de grippe qui p\u00e8se sur les d\u00e9penses de sant\u00e9. A vous de l\u2019aider pour qu\u2019il fasse les meilleurs arbitrages.<\/p>\n<p><strong>Ressources associ\u00e9es&nbsp;:<\/strong><\/p>\n<ul>\n<li><a href=\"https:\/\/fr.calameo.com\/read\/0043105046ac1434ed795\" target=\"_blank\" rel=\"noopener noreferrer\">Guide d\u2019accompagnement du professeur<\/a><\/li>\n<li><a href=\"https:\/\/fr.calameo.com\/read\/0043105049eab02085833\" target=\"_blank\" rel=\"noopener noreferrer\">Livret de l\u2019\u00e9l\u00e8ve<\/a><\/li>\n<\/ul>\n<div>\n<div><strong>Acc\u00e8s au jeu :&nbsp;<\/strong><\/div>\n<div class=\"copy-paste-block\"><em>Le jeu fonctionne \u00e0 la fois sur ordinateur ainsi que sur smartphones et tablettes. <\/em><\/div>\n<div class=\"copy-paste-block\"><em>Sur ordinateur, utilisez le navigateur \u00ab\u00a0Google Chrome\u00a0\u00bb. <\/em><\/div>\n<div class=\"copy-paste-block\"><em>Sur Smartphones et tablettes, il est n\u00e9cessaire d&rsquo;installer une application tierce gratuite : VTSPlayer. En cliquant sur le bouton \u00ab\u00a0Version mobile\u00a0\u00bb, vous serez automatiquement rediriger vers la page web de t\u00e9l\u00e9chargement de l&rsquo;application.<\/em><\/div>\n<\/div>\n<div>&nbsp;<\/div>\n<div>&nbsp;<\/div>\n<p style=\"text-align: center\"><a class=\"button\" href=\"https:\/\/en3s.fr\/secudoc\/wp-content\/serious-game\/scenario4\/\" target=\"_blank\" rel=\"noopener noreferrer\">Version ordinateur<\/a> <a class=\"button\" href=\"https:\/\/en3s.fr\/secudoc\/wp-content\/serious-game\/scenario4\/mobile\/\" target=\"_blank\" rel=\"noopener noreferrer\">Version mobile<\/a><\/p>\n","protected":false},"excerpt":{"rendered":"<p>S\u00e9cuscope &#8211; Conseiller du ministre pour un jour, un jeu interactif Objectifs p\u00e9dagogiques&nbsp;:&nbsp;Appr\u00e9hender les diff\u00e9rentes recettes de la S\u00e9curit\u00e9 sociale ; Appr\u00e9hender la complexit\u00e9 de la d\u00e9cision publique en ma\u00adti\u00e8re sociale comprendre les enjeux de ma\u00eetrise des d\u00e9penses. Cible du jeu :&nbsp;El\u00e8ves de post-baccalaur\u00e9at Descriptif du jeu&nbsp;:&nbsp;Cap ou pas cap de conseiller un ministre&nbsp;? Ce [&hellip;]<\/p>\n","protected":false},"author":5,"featured_media":4009,"parent":0,"menu_order":0,"comment_status":"closed","ping_status":"closed","template":"","meta":{"ngg_post_thumbnail":0,"footnotes":""},"class_list":["post-4021","page","type-page","status-publish","has-post-thumbnail","hentry"],"yoast_head":"<!-- This site is optimized with the Yoast SEO plugin v24.9 - https:\/\/yoast.com\/wordpress\/plugins\/seo\/ -->\n<title>S\u00e9cuscope - Conseiller du ministre pour un jour, un jeu interactif<\/title>\n<meta name=\"description\" content=\"S\u00e9cuscope - Conseiller du ministre pour un jour, un jeu interactif Objectifs p\u00e9dagogiques&nbsp;:&nbsp;Appr\u00e9hender les diff\u00e9rentes recettes de la S\u00e9curit\u00e9\" \/>\n<meta name=\"robots\" content=\"index, follow, max-snippet:-1, max-image-preview:large, max-video-preview:-1\" \/>\n<link rel=\"canonical\" href=\"https:\/\/en3s.fr\/secudoc\/secuscope-conseiller-du-ministre-pour-un-jour-un-jeu-interactif\/\" \/>\n<meta property=\"og:locale\" content=\"fr_FR\" \/>\n<meta property=\"og:type\" content=\"article\" \/>\n<meta property=\"og:title\" content=\"S\u00e9cuscope - Conseiller du ministre pour un jour, un jeu interactif\" \/>\n<meta property=\"og:description\" content=\"S\u00e9cuscope - Conseiller du ministre pour un jour, un jeu interactif Objectifs p\u00e9dagogiques&nbsp;:&nbsp;Appr\u00e9hender les diff\u00e9rentes recettes de la S\u00e9curit\u00e9\" \/>\n<meta property=\"og:url\" content=\"https:\/\/en3s.fr\/secudoc\/secuscope-conseiller-du-ministre-pour-un-jour-un-jeu-interactif\/\" \/>\n<meta property=\"og:site_name\" content=\"S\u00e9cu Doc\" \/>\n<meta property=\"article:modified_time\" content=\"2023-10-06T14:27:01+00:00\" \/>\n<meta property=\"og:image\" content=\"https:\/\/en3s.fr\/secudoc\/wp-content\/uploads\/sites\/4\/2020\/10\/axe-4.png\" \/>\n\t<meta property=\"og:image:width\" content=\"531\" \/>\n\t<meta property=\"og:image:height\" content=\"300\" \/>\n\t<meta property=\"og:image:type\" content=\"image\/png\" \/>\n<meta name=\"twitter:card\" content=\"summary_large_image\" \/>\n<meta name=\"twitter:label1\" content=\"Dur\u00e9e de lecture estim\u00e9e\" \/>\n\t<meta name=\"twitter:data1\" content=\"2 minutes\" \/>\n<script type=\"application\/ld+json\" class=\"yoast-schema-graph\">{\"@context\":\"https:\/\/schema.org\",\"@graph\":[{\"@type\":\"WebPage\",\"@id\":\"https:\/\/en3s.fr\/secudoc\/secuscope-conseiller-du-ministre-pour-un-jour-un-jeu-interactif\/\",\"url\":\"https:\/\/en3s.fr\/secudoc\/secuscope-conseiller-du-ministre-pour-un-jour-un-jeu-interactif\/\",\"name\":\"S\u00e9cuscope - Conseiller du ministre pour un jour, un jeu interactif\",\"isPartOf\":{\"@id\":\"https:\/\/en3s.fr\/secudoc\/#website\"},\"primaryImageOfPage\":{\"@id\":\"https:\/\/en3s.fr\/secudoc\/secuscope-conseiller-du-ministre-pour-un-jour-un-jeu-interactif\/#primaryimage\"},\"image\":{\"@id\":\"https:\/\/en3s.fr\/secudoc\/secuscope-conseiller-du-ministre-pour-un-jour-un-jeu-interactif\/#primaryimage\"},\"thumbnailUrl\":\"https:\/\/en3s.fr\/secudoc\/wp-content\/uploads\/sites\/4\/2020\/10\/axe-4.png\",\"datePublished\":\"2020-10-20T15:33:33+00:00\",\"dateModified\":\"2023-10-06T14:27:01+00:00\",\"description\":\"S\u00e9cuscope - Conseiller du ministre pour un jour, un jeu interactif Objectifs p\u00e9dagogiques&nbsp;:&nbsp;Appr\u00e9hender les diff\u00e9rentes recettes de la S\u00e9curit\u00e9\",\"breadcrumb\":{\"@id\":\"https:\/\/en3s.fr\/secudoc\/secuscope-conseiller-du-ministre-pour-un-jour-un-jeu-interactif\/#breadcrumb\"},\"inLanguage\":\"fr-FR\",\"potentialAction\":[{\"@type\":\"ReadAction\",\"target\":[\"https:\/\/en3s.fr\/secudoc\/secuscope-conseiller-du-ministre-pour-un-jour-un-jeu-interactif\/\"]}]},{\"@type\":\"ImageObject\",\"inLanguage\":\"fr-FR\",\"@id\":\"https:\/\/en3s.fr\/secudoc\/secuscope-conseiller-du-ministre-pour-un-jour-un-jeu-interactif\/#primaryimage\",\"url\":\"https:\/\/en3s.fr\/secudoc\/wp-content\/uploads\/sites\/4\/2020\/10\/axe-4.png\",\"contentUrl\":\"https:\/\/en3s.fr\/secudoc\/wp-content\/uploads\/sites\/4\/2020\/10\/axe-4.png\",\"width\":531,\"height\":300},{\"@type\":\"BreadcrumbList\",\"@id\":\"https:\/\/en3s.fr\/secudoc\/secuscope-conseiller-du-ministre-pour-un-jour-un-jeu-interactif\/#breadcrumb\",\"itemListElement\":[{\"@type\":\"ListItem\",\"position\":1,\"name\":\"Accueil\",\"item\":\"https:\/\/en3s.fr\/secudoc\/\"},{\"@type\":\"ListItem\",\"position\":2,\"name\":\"S\u00e9cuscope &#8211; Conseiller du ministre pour un jour, un jeu interactif\"}]},{\"@type\":\"WebSite\",\"@id\":\"https:\/\/en3s.fr\/secudoc\/#website\",\"url\":\"https:\/\/en3s.fr\/secudoc\/\",\"name\":\"S\u00e9cu Doc\",\"description\":\"Centre de ressources de la S\u00e9curit\u00e9 sociale\",\"potentialAction\":[{\"@type\":\"SearchAction\",\"target\":{\"@type\":\"EntryPoint\",\"urlTemplate\":\"https:\/\/en3s.fr\/secudoc\/?s={search_term_string}\"},\"query-input\":{\"@type\":\"PropertyValueSpecification\",\"valueRequired\":true,\"valueName\":\"search_term_string\"}}],\"inLanguage\":\"fr-FR\"}]}<\/script>\n<!-- \/ Yoast SEO plugin. -->","yoast_head_json":{"title":"S\u00e9cuscope - Conseiller du ministre pour un jour, un jeu interactif","description":"S\u00e9cuscope - Conseiller du ministre pour un jour, un jeu interactif Objectifs p\u00e9dagogiques&nbsp;:&nbsp;Appr\u00e9hender les diff\u00e9rentes recettes de la S\u00e9curit\u00e9","robots":{"index":"index","follow":"follow","max-snippet":"max-snippet:-1","max-image-preview":"max-image-preview:large","max-video-preview":"max-video-preview:-1"},"canonical":"https:\/\/en3s.fr\/secudoc\/secuscope-conseiller-du-ministre-pour-un-jour-un-jeu-interactif\/","og_locale":"fr_FR","og_type":"article","og_title":"S\u00e9cuscope - Conseiller du ministre pour un jour, un jeu interactif","og_description":"S\u00e9cuscope - Conseiller du ministre pour un jour, un jeu interactif Objectifs p\u00e9dagogiques&nbsp;:&nbsp;Appr\u00e9hender les diff\u00e9rentes recettes de la S\u00e9curit\u00e9","og_url":"https:\/\/en3s.fr\/secudoc\/secuscope-conseiller-du-ministre-pour-un-jour-un-jeu-interactif\/","og_site_name":"S\u00e9cu Doc","article_modified_time":"2023-10-06T14:27:01+00:00","og_image":[{"width":531,"height":300,"url":"https:\/\/en3s.fr\/secudoc\/wp-content\/uploads\/sites\/4\/2020\/10\/axe-4.png","type":"image\/png"}],"twitter_card":"summary_large_image","twitter_misc":{"Dur\u00e9e de lecture estim\u00e9e":"2 minutes"},"schema":{"@context":"https:\/\/schema.org","@graph":[{"@type":"WebPage","@id":"https:\/\/en3s.fr\/secudoc\/secuscope-conseiller-du-ministre-pour-un-jour-un-jeu-interactif\/","url":"https:\/\/en3s.fr\/secudoc\/secuscope-conseiller-du-ministre-pour-un-jour-un-jeu-interactif\/","name":"S\u00e9cuscope - Conseiller du ministre pour un jour, un jeu interactif","isPartOf":{"@id":"https:\/\/en3s.fr\/secudoc\/#website"},"primaryImageOfPage":{"@id":"https:\/\/en3s.fr\/secudoc\/secuscope-conseiller-du-ministre-pour-un-jour-un-jeu-interactif\/#primaryimage"},"image":{"@id":"https:\/\/en3s.fr\/secudoc\/secuscope-conseiller-du-ministre-pour-un-jour-un-jeu-interactif\/#primaryimage"},"thumbnailUrl":"https:\/\/en3s.fr\/secudoc\/wp-content\/uploads\/sites\/4\/2020\/10\/axe-4.png","datePublished":"2020-10-20T15:33:33+00:00","dateModified":"2023-10-06T14:27:01+00:00","description":"S\u00e9cuscope - Conseiller du ministre pour un jour, un jeu interactif Objectifs p\u00e9dagogiques&nbsp;:&nbsp;Appr\u00e9hender les diff\u00e9rentes recettes de la S\u00e9curit\u00e9","breadcrumb":{"@id":"https:\/\/en3s.fr\/secudoc\/secuscope-conseiller-du-ministre-pour-un-jour-un-jeu-interactif\/#breadcrumb"},"inLanguage":"fr-FR","potentialAction":[{"@type":"ReadAction","target":["https:\/\/en3s.fr\/secudoc\/secuscope-conseiller-du-ministre-pour-un-jour-un-jeu-interactif\/"]}]},{"@type":"ImageObject","inLanguage":"fr-FR","@id":"https:\/\/en3s.fr\/secudoc\/secuscope-conseiller-du-ministre-pour-un-jour-un-jeu-interactif\/#primaryimage","url":"https:\/\/en3s.fr\/secudoc\/wp-content\/uploads\/sites\/4\/2020\/10\/axe-4.png","contentUrl":"https:\/\/en3s.fr\/secudoc\/wp-content\/uploads\/sites\/4\/2020\/10\/axe-4.png","width":531,"height":300},{"@type":"BreadcrumbList","@id":"https:\/\/en3s.fr\/secudoc\/secuscope-conseiller-du-ministre-pour-un-jour-un-jeu-interactif\/#breadcrumb","itemListElement":[{"@type":"ListItem","position":1,"name":"Accueil","item":"https:\/\/en3s.fr\/secudoc\/"},{"@type":"ListItem","position":2,"name":"S\u00e9cuscope &#8211; Conseiller du ministre pour un jour, un jeu interactif"}]},{"@type":"WebSite","@id":"https:\/\/en3s.fr\/secudoc\/#website","url":"https:\/\/en3s.fr\/secudoc\/","name":"S\u00e9cu Doc","description":"Centre de ressources de la S\u00e9curit\u00e9 sociale","potentialAction":[{"@type":"SearchAction","target":{"@type":"EntryPoint","urlTemplate":"https:\/\/en3s.fr\/secudoc\/?s={search_term_string}"},"query-input":{"@type":"PropertyValueSpecification","valueRequired":true,"valueName":"search_term_string"}}],"inLanguage":"fr-FR"}]}},"_links":{"self":[{"href":"https:\/\/en3s.fr\/secudoc\/wp-json\/wp\/v2\/pages\/4021","targetHints":{"allow":["GET"]}}],"collection":[{"href":"https:\/\/en3s.fr\/secudoc\/wp-json\/wp\/v2\/pages"}],"about":[{"href":"https:\/\/en3s.fr\/secudoc\/wp-json\/wp\/v2\/types\/page"}],"author":[{"embeddable":true,"href":"https:\/\/en3s.fr\/secudoc\/wp-json\/wp\/v2\/users\/5"}],"replies":[{"embeddable":true,"href":"https:\/\/en3s.fr\/secudoc\/wp-json\/wp\/v2\/comments?post=4021"}],"version-history":[{"count":0,"href":"https:\/\/en3s.fr\/secudoc\/wp-json\/wp\/v2\/pages\/4021\/revisions"}],"wp:featuredmedia":[{"embeddable":true,"href":"https:\/\/en3s.fr\/secudoc\/wp-json\/wp\/v2\/media\/4009"}],"wp:attachment":[{"href":"https:\/\/en3s.fr\/secudoc\/wp-json\/wp\/v2\/media?parent=4021"}],"curies":[{"name":"wp","href":"https:\/\/api.w.org\/{rel}","templated":true}]}}