{"id":4270,"date":"2022-02-17T17:38:27","date_gmt":"2022-02-17T16:38:27","guid":{"rendered":"https:\/\/en3s.fr\/secudoc\/?page_id=4270"},"modified":"2022-02-17T17:38:27","modified_gmt":"2022-02-17T16:38:27","slug":"la-lutte-contre-le-non-recours-et-accompagnement-des-publics-fragiles-au-sein-de-la-branche-vieillesse","status":"publish","type":"page","link":"https:\/\/en3s.fr\/secudoc\/produits-documentaires\/publications-en3s\/la-lutte-contre-le-non-recours-et-accompagnement-des-publics-fragiles-au-sein-de-la-branche-vieillesse\/","title":{"rendered":"LA LUTTE CONTRE LE NON-RECOURS ET ACCOMPAGNEMENT DES PUBLICS FRAGILES AU SEIN DE LA BRANCHE VIEILLESSE"},"content":{"rendered":"<blockquote>\n<p class=\"Paragraphe\"><strong><span style=\"font-size: 10.5pt\">La lutte contre le non-recours et l\u2019accompagnement des publics fragiles au sein de la branche Vieillesse constituent un enjeu strat\u00e9gique. Ils tendent \u00e0 se renforcer au gr\u00e9 des \u00e9volutions l\u00e9gislatives et des avanc\u00e9es technologiques qui permettent notamment le partage de donn\u00e9es entre administrations et renforce sensiblement la connaissance qu\u2019ont les organismes de leurs publics.<\/span><\/strong><\/p>\n<\/blockquote>\n<p><iframe loading=\"lazy\" title=\"R.A n\u00b02 : LA LUTTE CONTRE LE NON-RECOURS ET ACCOMPAGNEMENT DES PUBLICS FRAGILES [...]\" width=\"500\" height=\"281\" src=\"https:\/\/www.youtube.com\/embed\/Rry9V1LFQ3Q?feature=oembed\" frameborder=\"0\" allow=\"accelerometer; autoplay; clipboard-write; encrypted-media; gyroscope; picture-in-picture; web-share\" referrerpolicy=\"strict-origin-when-cross-origin\" allowfullscreen><\/iframe><\/p>\n<p style=\"text-align: right\"><a class=\"button\" href=\"https:\/\/www.calameo.com\/read\/004310504c01cf501aa99\" target=\"_blank\" rel=\"noopener\">Retrouvez l&rsquo;int\u00e9gralit\u00e9 du rapport<\/a><\/p>\n<p>&nbsp;<\/p>\n","protected":false},"excerpt":{"rendered":"<p>La lutte contre le non-recours et l\u2019accompagnement des publics fragiles au sein de la branche Vieillesse constituent un enjeu strat\u00e9gique. Ils tendent \u00e0 se renforcer au gr\u00e9 des \u00e9volutions l\u00e9gislatives et des avanc\u00e9es technologiques qui permettent notamment le partage de donn\u00e9es entre administrations et renforce sensiblement la connaissance qu\u2019ont les organismes de leurs publics. Retrouvez [&hellip;]<\/p>\n","protected":false},"author":42,"featured_media":0,"parent":910,"menu_order":0,"comment_status":"closed","ping_status":"closed","template":"","meta":{"ngg_post_thumbnail":0,"footnotes":""},"class_list":["post-4270","page","type-page","status-publish","hentry"],"yoast_head":"<!-- This site is optimized with the Yoast SEO plugin v24.9 - https:\/\/yoast.com\/wordpress\/plugins\/seo\/ -->\n<title>LA LUTTE CONTRE LE NON-RECOURS ET ACCOMPAGNEMENT DES PUBLICS FRAGILES AU SEIN DE LA BRANCHE VIEILLESSE - S\u00e9cu Doc<\/title>\n<meta name=\"description\" content=\"La lutte contre le non-recours et l\u2019accompagnement des publics fragiles au sein de la branche Vieillesse constituent un enjeu strat\u00e9gique. Ils tendent \u00e0\" \/>\n<meta name=\"robots\" content=\"index, follow, max-snippet:-1, max-image-preview:large, max-video-preview:-1\" \/>\n<link rel=\"canonical\" href=\"https:\/\/en3s.fr\/secudoc\/produits-documentaires\/publications-en3s\/la-lutte-contre-le-non-recours-et-accompagnement-des-publics-fragiles-au-sein-de-la-branche-vieillesse\/\" \/>\n<meta property=\"og:locale\" content=\"fr_FR\" \/>\n<meta property=\"og:type\" content=\"article\" \/>\n<meta property=\"og:title\" content=\"LA LUTTE CONTRE LE NON-RECOURS ET ACCOMPAGNEMENT DES PUBLICS FRAGILES AU SEIN DE LA BRANCHE VIEILLESSE - S\u00e9cu Doc\" \/>\n<meta property=\"og:description\" content=\"La lutte contre le non-recours et l\u2019accompagnement des publics fragiles au sein de la branche Vieillesse constituent un enjeu strat\u00e9gique. Ils tendent \u00e0\" \/>\n<meta property=\"og:url\" content=\"https:\/\/en3s.fr\/secudoc\/produits-documentaires\/publications-en3s\/la-lutte-contre-le-non-recours-et-accompagnement-des-publics-fragiles-au-sein-de-la-branche-vieillesse\/\" \/>\n<meta property=\"og:site_name\" content=\"S\u00e9cu Doc\" \/>\n<meta name=\"twitter:card\" content=\"summary_large_image\" \/>\n<meta name=\"twitter:label1\" content=\"Dur\u00e9e de lecture estim\u00e9e\" \/>\n\t<meta name=\"twitter:data1\" content=\"1 minute\" \/>\n<script type=\"application\/ld+json\" class=\"yoast-schema-graph\">{\"@context\":\"https:\/\/schema.org\",\"@graph\":[{\"@type\":\"WebPage\",\"@id\":\"https:\/\/en3s.fr\/secudoc\/produits-documentaires\/publications-en3s\/la-lutte-contre-le-non-recours-et-accompagnement-des-publics-fragiles-au-sein-de-la-branche-vieillesse\/\",\"url\":\"https:\/\/en3s.fr\/secudoc\/produits-documentaires\/publications-en3s\/la-lutte-contre-le-non-recours-et-accompagnement-des-publics-fragiles-au-sein-de-la-branche-vieillesse\/\",\"name\":\"LA LUTTE CONTRE LE NON-RECOURS ET ACCOMPAGNEMENT DES PUBLICS FRAGILES AU SEIN DE LA BRANCHE VIEILLESSE - S\u00e9cu Doc\",\"isPartOf\":{\"@id\":\"https:\/\/en3s.fr\/secudoc\/#website\"},\"datePublished\":\"2022-02-17T16:38:27+00:00\",\"description\":\"La lutte contre le non-recours et l\u2019accompagnement des publics fragiles au sein de la branche Vieillesse constituent un enjeu strat\u00e9gique. Ils tendent \u00e0\",\"breadcrumb\":{\"@id\":\"https:\/\/en3s.fr\/secudoc\/produits-documentaires\/publications-en3s\/la-lutte-contre-le-non-recours-et-accompagnement-des-publics-fragiles-au-sein-de-la-branche-vieillesse\/#breadcrumb\"},\"inLanguage\":\"fr-FR\",\"potentialAction\":[{\"@type\":\"ReadAction\",\"target\":[\"https:\/\/en3s.fr\/secudoc\/produits-documentaires\/publications-en3s\/la-lutte-contre-le-non-recours-et-accompagnement-des-publics-fragiles-au-sein-de-la-branche-vieillesse\/\"]}]},{\"@type\":\"BreadcrumbList\",\"@id\":\"https:\/\/en3s.fr\/secudoc\/produits-documentaires\/publications-en3s\/la-lutte-contre-le-non-recours-et-accompagnement-des-publics-fragiles-au-sein-de-la-branche-vieillesse\/#breadcrumb\",\"itemListElement\":[{\"@type\":\"ListItem\",\"position\":1,\"name\":\"Accueil\",\"item\":\"https:\/\/en3s.fr\/secudoc\/\"},{\"@type\":\"ListItem\",\"position\":2,\"name\":\"Produits documentaires\",\"item\":\"https:\/\/en3s.fr\/secudoc\/produits-documentaires\/\"},{\"@type\":\"ListItem\",\"position\":3,\"name\":\"Publications EN3S\",\"item\":\"https:\/\/en3s.fr\/secudoc\/produits-documentaires\/publications-en3s\/\"},{\"@type\":\"ListItem\",\"position\":4,\"name\":\"LA LUTTE CONTRE LE NON-RECOURS ET ACCOMPAGNEMENT DES PUBLICS FRAGILES AU SEIN DE LA BRANCHE VIEILLESSE\"}]},{\"@type\":\"WebSite\",\"@id\":\"https:\/\/en3s.fr\/secudoc\/#website\",\"url\":\"https:\/\/en3s.fr\/secudoc\/\",\"name\":\"S\u00e9cu Doc\",\"description\":\"Centre de ressources de la S\u00e9curit\u00e9 sociale\",\"potentialAction\":[{\"@type\":\"SearchAction\",\"target\":{\"@type\":\"EntryPoint\",\"urlTemplate\":\"https:\/\/en3s.fr\/secudoc\/?s={search_term_string}\"},\"query-input\":{\"@type\":\"PropertyValueSpecification\",\"valueRequired\":true,\"valueName\":\"search_term_string\"}}],\"inLanguage\":\"fr-FR\"}]}<\/script>\n<!-- \/ Yoast SEO plugin. -->","yoast_head_json":{"title":"LA LUTTE CONTRE LE NON-RECOURS ET ACCOMPAGNEMENT DES PUBLICS FRAGILES AU SEIN DE LA BRANCHE VIEILLESSE - S\u00e9cu Doc","description":"La lutte contre le non-recours et l\u2019accompagnement des publics fragiles au sein de la branche Vieillesse constituent un enjeu strat\u00e9gique. Ils tendent \u00e0","robots":{"index":"index","follow":"follow","max-snippet":"max-snippet:-1","max-image-preview":"max-image-preview:large","max-video-preview":"max-video-preview:-1"},"canonical":"https:\/\/en3s.fr\/secudoc\/produits-documentaires\/publications-en3s\/la-lutte-contre-le-non-recours-et-accompagnement-des-publics-fragiles-au-sein-de-la-branche-vieillesse\/","og_locale":"fr_FR","og_type":"article","og_title":"LA LUTTE CONTRE LE NON-RECOURS ET ACCOMPAGNEMENT DES PUBLICS FRAGILES AU SEIN DE LA BRANCHE VIEILLESSE - S\u00e9cu Doc","og_description":"La lutte contre le non-recours et l\u2019accompagnement des publics fragiles au sein de la branche Vieillesse constituent un enjeu strat\u00e9gique. Ils tendent \u00e0","og_url":"https:\/\/en3s.fr\/secudoc\/produits-documentaires\/publications-en3s\/la-lutte-contre-le-non-recours-et-accompagnement-des-publics-fragiles-au-sein-de-la-branche-vieillesse\/","og_site_name":"S\u00e9cu Doc","twitter_card":"summary_large_image","twitter_misc":{"Dur\u00e9e de lecture estim\u00e9e":"1 minute"},"schema":{"@context":"https:\/\/schema.org","@graph":[{"@type":"WebPage","@id":"https:\/\/en3s.fr\/secudoc\/produits-documentaires\/publications-en3s\/la-lutte-contre-le-non-recours-et-accompagnement-des-publics-fragiles-au-sein-de-la-branche-vieillesse\/","url":"https:\/\/en3s.fr\/secudoc\/produits-documentaires\/publications-en3s\/la-lutte-contre-le-non-recours-et-accompagnement-des-publics-fragiles-au-sein-de-la-branche-vieillesse\/","name":"LA LUTTE CONTRE LE NON-RECOURS ET ACCOMPAGNEMENT DES PUBLICS FRAGILES AU SEIN DE LA BRANCHE VIEILLESSE - S\u00e9cu Doc","isPartOf":{"@id":"https:\/\/en3s.fr\/secudoc\/#website"},"datePublished":"2022-02-17T16:38:27+00:00","description":"La lutte contre le non-recours et l\u2019accompagnement des publics fragiles au sein de la branche Vieillesse constituent un enjeu strat\u00e9gique. Ils tendent \u00e0","breadcrumb":{"@id":"https:\/\/en3s.fr\/secudoc\/produits-documentaires\/publications-en3s\/la-lutte-contre-le-non-recours-et-accompagnement-des-publics-fragiles-au-sein-de-la-branche-vieillesse\/#breadcrumb"},"inLanguage":"fr-FR","potentialAction":[{"@type":"ReadAction","target":["https:\/\/en3s.fr\/secudoc\/produits-documentaires\/publications-en3s\/la-lutte-contre-le-non-recours-et-accompagnement-des-publics-fragiles-au-sein-de-la-branche-vieillesse\/"]}]},{"@type":"BreadcrumbList","@id":"https:\/\/en3s.fr\/secudoc\/produits-documentaires\/publications-en3s\/la-lutte-contre-le-non-recours-et-accompagnement-des-publics-fragiles-au-sein-de-la-branche-vieillesse\/#breadcrumb","itemListElement":[{"@type":"ListItem","position":1,"name":"Accueil","item":"https:\/\/en3s.fr\/secudoc\/"},{"@type":"ListItem","position":2,"name":"Produits documentaires","item":"https:\/\/en3s.fr\/secudoc\/produits-documentaires\/"},{"@type":"ListItem","position":3,"name":"Publications EN3S","item":"https:\/\/en3s.fr\/secudoc\/produits-documentaires\/publications-en3s\/"},{"@type":"ListItem","position":4,"name":"LA LUTTE CONTRE LE NON-RECOURS ET ACCOMPAGNEMENT DES PUBLICS FRAGILES AU SEIN DE LA BRANCHE VIEILLESSE"}]},{"@type":"WebSite","@id":"https:\/\/en3s.fr\/secudoc\/#website","url":"https:\/\/en3s.fr\/secudoc\/","name":"S\u00e9cu Doc","description":"Centre de ressources de la S\u00e9curit\u00e9 sociale","potentialAction":[{"@type":"SearchAction","target":{"@type":"EntryPoint","urlTemplate":"https:\/\/en3s.fr\/secudoc\/?s={search_term_string}"},"query-input":{"@type":"PropertyValueSpecification","valueRequired":true,"valueName":"search_term_string"}}],"inLanguage":"fr-FR"}]}},"_links":{"self":[{"href":"https:\/\/en3s.fr\/secudoc\/wp-json\/wp\/v2\/pages\/4270","targetHints":{"allow":["GET"]}}],"collection":[{"href":"https:\/\/en3s.fr\/secudoc\/wp-json\/wp\/v2\/pages"}],"about":[{"href":"https:\/\/en3s.fr\/secudoc\/wp-json\/wp\/v2\/types\/page"}],"author":[{"embeddable":true,"href":"https:\/\/en3s.fr\/secudoc\/wp-json\/wp\/v2\/users\/42"}],"replies":[{"embeddable":true,"href":"https:\/\/en3s.fr\/secudoc\/wp-json\/wp\/v2\/comments?post=4270"}],"version-history":[{"count":0,"href":"https:\/\/en3s.fr\/secudoc\/wp-json\/wp\/v2\/pages\/4270\/revisions"}],"up":[{"embeddable":true,"href":"https:\/\/en3s.fr\/secudoc\/wp-json\/wp\/v2\/pages\/910"}],"wp:attachment":[{"href":"https:\/\/en3s.fr\/secudoc\/wp-json\/wp\/v2\/media?parent=4270"}],"curies":[{"name":"wp","href":"https:\/\/api.w.org\/{rel}","templated":true}]}}