{"id":4454,"date":"2023-02-21T16:52:58","date_gmt":"2023-02-21T15:52:58","guid":{"rendered":"https:\/\/en3s.fr\/secudoc\/?page_id=4454"},"modified":"2023-03-09T14:43:08","modified_gmt":"2023-03-09T13:43:08","slug":"communiquer-sur-la-fraude-aux-cotisations-et-aux-prestations-sociales","status":"publish","type":"page","link":"https:\/\/en3s.fr\/secudoc\/produits-documentaires\/publications-en3s\/communiquer-sur-la-fraude-aux-cotisations-et-aux-prestations-sociales\/","title":{"rendered":"COMMUNIQUER SUR LA FRAUDE AUX COTISATIONS ET AUX PRESTATIONS SOCIALES"},"content":{"rendered":"<blockquote><p><strong>Cette recherche-action a pour objet d\u2019identifier les actions de communication relatives \u00e0 la fraude et la lutte contre ce ph\u00e9nom\u00e8ne qui pourraient \u00eatre d\u00e9ploy\u00e9es par les organismes de s\u00e9curit\u00e9 sociale. Le travail se focalisera sur la fraude dite \u00ab externe \u00bb aux organismes. Le groupe a choisi de ne pas prioriser la fraude \u00ab interne \u00bb en tant que telle, \u00e9tant donn\u00e9 la faiblesse des montants en jeu et ses modalit\u00e9s de traitement sp\u00e9cifiques (contr\u00f4le interne).<\/strong><\/p><\/blockquote>\n<p><iframe loading=\"lazy\" title=\"RA 6 : COMMUNIQUER SUR LA FRAUDE AUX COTISATIONS ET AUX PRESTATIONS SOCIALES\" width=\"500\" height=\"375\" src=\"https:\/\/www.youtube.com\/embed\/g5AxI4N222Y?feature=oembed\" frameborder=\"0\" allow=\"accelerometer; autoplay; clipboard-write; encrypted-media; gyroscope; picture-in-picture; web-share\" referrerpolicy=\"strict-origin-when-cross-origin\" allowfullscreen><\/iframe><\/p>\n<p style=\"text-align: right\"><a class=\"button\" href=\"https:\/\/www.calameo.com\/read\/004310504c34be710a196\" target=\"_blank\" rel=\"noopener\">Retrouvez l\u2019int\u00e9gralit\u00e9 du rapport<\/a><\/p>\n","protected":false},"excerpt":{"rendered":"<p>Cette recherche-action a pour objet d\u2019identifier les actions de communication relatives \u00e0 la fraude et la lutte contre ce ph\u00e9nom\u00e8ne qui pourraient \u00eatre d\u00e9ploy\u00e9es par les organismes de s\u00e9curit\u00e9 sociale. Le travail se focalisera sur la fraude dite \u00ab externe \u00bb aux organismes. Le groupe a choisi de ne pas prioriser la fraude \u00ab interne [&hellip;]<\/p>\n","protected":false},"author":42,"featured_media":0,"parent":910,"menu_order":0,"comment_status":"closed","ping_status":"closed","template":"","meta":{"ngg_post_thumbnail":0,"footnotes":""},"class_list":["post-4454","page","type-page","status-publish","hentry"],"yoast_head":"<!-- This site is optimized with the Yoast SEO plugin v24.9 - https:\/\/yoast.com\/wordpress\/plugins\/seo\/ -->\n<title>COMMUNIQUER SUR LA FRAUDE AUX COTISATIONS ET AUX PRESTATIONS SOCIALES - S\u00e9cu Doc<\/title>\n<meta name=\"description\" content=\"Cette recherche-action a pour objet d\u2019identifier les actions de communication relatives \u00e0 la fraude et la lutte contre ce ph\u00e9nom\u00e8ne qui pourraient \u00eatre\" \/>\n<meta name=\"robots\" content=\"index, follow, max-snippet:-1, max-image-preview:large, max-video-preview:-1\" \/>\n<link rel=\"canonical\" href=\"https:\/\/en3s.fr\/secudoc\/produits-documentaires\/publications-en3s\/communiquer-sur-la-fraude-aux-cotisations-et-aux-prestations-sociales\/\" \/>\n<meta property=\"og:locale\" content=\"fr_FR\" \/>\n<meta property=\"og:type\" content=\"article\" \/>\n<meta property=\"og:title\" content=\"COMMUNIQUER SUR LA FRAUDE AUX COTISATIONS ET AUX PRESTATIONS SOCIALES - S\u00e9cu Doc\" \/>\n<meta property=\"og:description\" content=\"Cette recherche-action a pour objet d\u2019identifier les actions de communication relatives \u00e0 la fraude et la lutte contre ce ph\u00e9nom\u00e8ne qui pourraient \u00eatre\" \/>\n<meta property=\"og:url\" content=\"https:\/\/en3s.fr\/secudoc\/produits-documentaires\/publications-en3s\/communiquer-sur-la-fraude-aux-cotisations-et-aux-prestations-sociales\/\" \/>\n<meta property=\"og:site_name\" content=\"S\u00e9cu Doc\" \/>\n<meta property=\"article:modified_time\" content=\"2023-03-09T13:43:08+00:00\" \/>\n<meta name=\"twitter:card\" content=\"summary_large_image\" \/>\n<meta name=\"twitter:label1\" content=\"Dur\u00e9e de lecture estim\u00e9e\" \/>\n\t<meta name=\"twitter:data1\" content=\"1 minute\" \/>\n<script type=\"application\/ld+json\" class=\"yoast-schema-graph\">{\"@context\":\"https:\/\/schema.org\",\"@graph\":[{\"@type\":\"WebPage\",\"@id\":\"https:\/\/en3s.fr\/secudoc\/produits-documentaires\/publications-en3s\/communiquer-sur-la-fraude-aux-cotisations-et-aux-prestations-sociales\/\",\"url\":\"https:\/\/en3s.fr\/secudoc\/produits-documentaires\/publications-en3s\/communiquer-sur-la-fraude-aux-cotisations-et-aux-prestations-sociales\/\",\"name\":\"COMMUNIQUER SUR LA FRAUDE AUX COTISATIONS ET AUX PRESTATIONS SOCIALES - S\u00e9cu Doc\",\"isPartOf\":{\"@id\":\"https:\/\/en3s.fr\/secudoc\/#website\"},\"datePublished\":\"2023-02-21T15:52:58+00:00\",\"dateModified\":\"2023-03-09T13:43:08+00:00\",\"description\":\"Cette recherche-action a pour objet d\u2019identifier les actions de communication relatives \u00e0 la fraude et la lutte contre ce ph\u00e9nom\u00e8ne qui pourraient \u00eatre\",\"breadcrumb\":{\"@id\":\"https:\/\/en3s.fr\/secudoc\/produits-documentaires\/publications-en3s\/communiquer-sur-la-fraude-aux-cotisations-et-aux-prestations-sociales\/#breadcrumb\"},\"inLanguage\":\"fr-FR\",\"potentialAction\":[{\"@type\":\"ReadAction\",\"target\":[\"https:\/\/en3s.fr\/secudoc\/produits-documentaires\/publications-en3s\/communiquer-sur-la-fraude-aux-cotisations-et-aux-prestations-sociales\/\"]}]},{\"@type\":\"BreadcrumbList\",\"@id\":\"https:\/\/en3s.fr\/secudoc\/produits-documentaires\/publications-en3s\/communiquer-sur-la-fraude-aux-cotisations-et-aux-prestations-sociales\/#breadcrumb\",\"itemListElement\":[{\"@type\":\"ListItem\",\"position\":1,\"name\":\"Accueil\",\"item\":\"https:\/\/en3s.fr\/secudoc\/\"},{\"@type\":\"ListItem\",\"position\":2,\"name\":\"Produits documentaires\",\"item\":\"https:\/\/en3s.fr\/secudoc\/produits-documentaires\/\"},{\"@type\":\"ListItem\",\"position\":3,\"name\":\"Publications EN3S\",\"item\":\"https:\/\/en3s.fr\/secudoc\/produits-documentaires\/publications-en3s\/\"},{\"@type\":\"ListItem\",\"position\":4,\"name\":\"COMMUNIQUER SUR LA FRAUDE AUX COTISATIONS ET AUX PRESTATIONS SOCIALES\"}]},{\"@type\":\"WebSite\",\"@id\":\"https:\/\/en3s.fr\/secudoc\/#website\",\"url\":\"https:\/\/en3s.fr\/secudoc\/\",\"name\":\"S\u00e9cu Doc\",\"description\":\"Centre de ressources de la S\u00e9curit\u00e9 sociale\",\"potentialAction\":[{\"@type\":\"SearchAction\",\"target\":{\"@type\":\"EntryPoint\",\"urlTemplate\":\"https:\/\/en3s.fr\/secudoc\/?s={search_term_string}\"},\"query-input\":{\"@type\":\"PropertyValueSpecification\",\"valueRequired\":true,\"valueName\":\"search_term_string\"}}],\"inLanguage\":\"fr-FR\"}]}<\/script>\n<!-- \/ Yoast SEO plugin. -->","yoast_head_json":{"title":"COMMUNIQUER SUR LA FRAUDE AUX COTISATIONS ET AUX PRESTATIONS SOCIALES - S\u00e9cu Doc","description":"Cette recherche-action a pour objet d\u2019identifier les actions de communication relatives \u00e0 la fraude et la lutte contre ce ph\u00e9nom\u00e8ne qui pourraient \u00eatre","robots":{"index":"index","follow":"follow","max-snippet":"max-snippet:-1","max-image-preview":"max-image-preview:large","max-video-preview":"max-video-preview:-1"},"canonical":"https:\/\/en3s.fr\/secudoc\/produits-documentaires\/publications-en3s\/communiquer-sur-la-fraude-aux-cotisations-et-aux-prestations-sociales\/","og_locale":"fr_FR","og_type":"article","og_title":"COMMUNIQUER SUR LA FRAUDE AUX COTISATIONS ET AUX PRESTATIONS SOCIALES - S\u00e9cu Doc","og_description":"Cette recherche-action a pour objet d\u2019identifier les actions de communication relatives \u00e0 la fraude et la lutte contre ce ph\u00e9nom\u00e8ne qui pourraient \u00eatre","og_url":"https:\/\/en3s.fr\/secudoc\/produits-documentaires\/publications-en3s\/communiquer-sur-la-fraude-aux-cotisations-et-aux-prestations-sociales\/","og_site_name":"S\u00e9cu Doc","article_modified_time":"2023-03-09T13:43:08+00:00","twitter_card":"summary_large_image","twitter_misc":{"Dur\u00e9e de lecture estim\u00e9e":"1 minute"},"schema":{"@context":"https:\/\/schema.org","@graph":[{"@type":"WebPage","@id":"https:\/\/en3s.fr\/secudoc\/produits-documentaires\/publications-en3s\/communiquer-sur-la-fraude-aux-cotisations-et-aux-prestations-sociales\/","url":"https:\/\/en3s.fr\/secudoc\/produits-documentaires\/publications-en3s\/communiquer-sur-la-fraude-aux-cotisations-et-aux-prestations-sociales\/","name":"COMMUNIQUER SUR LA FRAUDE AUX COTISATIONS ET AUX PRESTATIONS SOCIALES - S\u00e9cu Doc","isPartOf":{"@id":"https:\/\/en3s.fr\/secudoc\/#website"},"datePublished":"2023-02-21T15:52:58+00:00","dateModified":"2023-03-09T13:43:08+00:00","description":"Cette recherche-action a pour objet d\u2019identifier les actions de communication relatives \u00e0 la fraude et la lutte contre ce ph\u00e9nom\u00e8ne qui pourraient \u00eatre","breadcrumb":{"@id":"https:\/\/en3s.fr\/secudoc\/produits-documentaires\/publications-en3s\/communiquer-sur-la-fraude-aux-cotisations-et-aux-prestations-sociales\/#breadcrumb"},"inLanguage":"fr-FR","potentialAction":[{"@type":"ReadAction","target":["https:\/\/en3s.fr\/secudoc\/produits-documentaires\/publications-en3s\/communiquer-sur-la-fraude-aux-cotisations-et-aux-prestations-sociales\/"]}]},{"@type":"BreadcrumbList","@id":"https:\/\/en3s.fr\/secudoc\/produits-documentaires\/publications-en3s\/communiquer-sur-la-fraude-aux-cotisations-et-aux-prestations-sociales\/#breadcrumb","itemListElement":[{"@type":"ListItem","position":1,"name":"Accueil","item":"https:\/\/en3s.fr\/secudoc\/"},{"@type":"ListItem","position":2,"name":"Produits documentaires","item":"https:\/\/en3s.fr\/secudoc\/produits-documentaires\/"},{"@type":"ListItem","position":3,"name":"Publications EN3S","item":"https:\/\/en3s.fr\/secudoc\/produits-documentaires\/publications-en3s\/"},{"@type":"ListItem","position":4,"name":"COMMUNIQUER SUR LA FRAUDE AUX COTISATIONS ET AUX PRESTATIONS SOCIALES"}]},{"@type":"WebSite","@id":"https:\/\/en3s.fr\/secudoc\/#website","url":"https:\/\/en3s.fr\/secudoc\/","name":"S\u00e9cu Doc","description":"Centre de ressources de la S\u00e9curit\u00e9 sociale","potentialAction":[{"@type":"SearchAction","target":{"@type":"EntryPoint","urlTemplate":"https:\/\/en3s.fr\/secudoc\/?s={search_term_string}"},"query-input":{"@type":"PropertyValueSpecification","valueRequired":true,"valueName":"search_term_string"}}],"inLanguage":"fr-FR"}]}},"_links":{"self":[{"href":"https:\/\/en3s.fr\/secudoc\/wp-json\/wp\/v2\/pages\/4454","targetHints":{"allow":["GET"]}}],"collection":[{"href":"https:\/\/en3s.fr\/secudoc\/wp-json\/wp\/v2\/pages"}],"about":[{"href":"https:\/\/en3s.fr\/secudoc\/wp-json\/wp\/v2\/types\/page"}],"author":[{"embeddable":true,"href":"https:\/\/en3s.fr\/secudoc\/wp-json\/wp\/v2\/users\/42"}],"replies":[{"embeddable":true,"href":"https:\/\/en3s.fr\/secudoc\/wp-json\/wp\/v2\/comments?post=4454"}],"version-history":[{"count":0,"href":"https:\/\/en3s.fr\/secudoc\/wp-json\/wp\/v2\/pages\/4454\/revisions"}],"up":[{"embeddable":true,"href":"https:\/\/en3s.fr\/secudoc\/wp-json\/wp\/v2\/pages\/910"}],"wp:attachment":[{"href":"https:\/\/en3s.fr\/secudoc\/wp-json\/wp\/v2\/media?parent=4454"}],"curies":[{"name":"wp","href":"https:\/\/api.w.org\/{rel}","templated":true}]}}