{"id":4613,"date":"2024-03-07T16:14:47","date_gmt":"2024-03-07T15:14:47","guid":{"rendered":"https:\/\/en3s.fr\/secudoc\/?page_id=4613"},"modified":"2024-03-07T16:47:05","modified_gmt":"2024-03-07T15:47:05","slug":"la-decarbonation-des-ehpad-au-sein-de-la-transition-climatique-de-la-5eme-branche-de-la-securite-sociale","status":"publish","type":"page","link":"https:\/\/en3s.fr\/secudoc\/produits-documentaires\/publications-en3s\/la-decarbonation-des-ehpad-au-sein-de-la-transition-climatique-de-la-5eme-branche-de-la-securite-sociale\/","title":{"rendered":"La d\u00e9carbonation des Ehpad au sein de la transition climatique de la 5\u00e8me branche de la S\u00e9curit\u00e9 sociale"},"content":{"rendered":"<blockquote><p><strong>En mars 2023, le Groupe d\u2019experts intergouvernemental sur l\u2019\u00e9volution du climat (GIEC) a publi\u00e9 un rapport qui indique que les \u00e9missions de gaz \u00e0 effet de serre (GES) dues aux activit\u00e9s humaines ont r\u00e9chauff\u00e9 le climat \u00e0 un rythme sans pr\u00e9c\u00e9dent : la temp\u00e9rature de la surface du globe s\u2019est \u00e9lev\u00e9e d\u20191,1\u00b0C par rapport \u00e0 la p\u00e9riode pr\u00e9industrielle. Selon ce rapport, quels que soient les sc\u00e9narios d&rsquo;\u00e9mission, le r\u00e9chauffement de la plan\u00e8te atteindra 1,5\u00b0C d\u00e8s le d\u00e9but des ann\u00e9es 2030.<\/strong><\/p><\/blockquote>\n<p><iframe loading=\"lazy\" title=\"LA D\u00c9CARBONATION DES EHPAD AU SEIN DE LA TRANSITION CLIMATIQUE [...]\" width=\"500\" height=\"375\" src=\"https:\/\/www.youtube.com\/embed\/FSWjkuA_XNM?feature=oembed\" frameborder=\"0\" allow=\"accelerometer; autoplay; clipboard-write; encrypted-media; gyroscope; picture-in-picture; web-share\" referrerpolicy=\"strict-origin-when-cross-origin\" allowfullscreen><\/iframe><\/p>\n<p style=\"text-align: right\"><a class=\"button\" href=\"https:\/\/www.calameo.com\/read\/0043105044b244635037c\" target=\"_blank\" rel=\"noopener\">Retrouvez l&rsquo;int\u00e9gralit\u00e9 du rapport<\/a><\/p>\n","protected":false},"excerpt":{"rendered":"<p>En mars 2023, le Groupe d\u2019experts intergouvernemental sur l\u2019\u00e9volution du climat (GIEC) a publi\u00e9 un rapport qui indique que les \u00e9missions de gaz \u00e0 effet de serre (GES) dues aux activit\u00e9s humaines ont r\u00e9chauff\u00e9 le climat \u00e0 un rythme sans pr\u00e9c\u00e9dent : la temp\u00e9rature de la surface du globe s\u2019est \u00e9lev\u00e9e d\u20191,1\u00b0C par rapport \u00e0 [&hellip;]<\/p>\n","protected":false},"author":42,"featured_media":0,"parent":910,"menu_order":0,"comment_status":"closed","ping_status":"closed","template":"","meta":{"ngg_post_thumbnail":0,"footnotes":""},"class_list":["post-4613","page","type-page","status-publish","hentry"],"yoast_head":"<!-- This site is optimized with the Yoast SEO plugin v24.9 - https:\/\/yoast.com\/wordpress\/plugins\/seo\/ -->\n<title>La d\u00e9carbonation des Ehpad au sein de la transition climatique de la 5\u00e8me branche de la S\u00e9curit\u00e9 sociale - S\u00e9cu Doc<\/title>\n<meta name=\"description\" content=\"En mars 2023, le Groupe d\u2019experts intergouvernemental sur l\u2019\u00e9volution du climat (GIEC) a publi\u00e9 un rapport qui indique que les \u00e9missions de gaz \u00e0 effet de\" \/>\n<meta name=\"robots\" content=\"index, follow, max-snippet:-1, max-image-preview:large, max-video-preview:-1\" \/>\n<link rel=\"canonical\" href=\"https:\/\/en3s.fr\/secudoc\/produits-documentaires\/publications-en3s\/la-decarbonation-des-ehpad-au-sein-de-la-transition-climatique-de-la-5eme-branche-de-la-securite-sociale\/\" \/>\n<meta property=\"og:locale\" content=\"fr_FR\" \/>\n<meta property=\"og:type\" content=\"article\" \/>\n<meta property=\"og:title\" content=\"La d\u00e9carbonation des Ehpad au sein de la transition climatique de la 5\u00e8me branche de la S\u00e9curit\u00e9 sociale - S\u00e9cu Doc\" \/>\n<meta property=\"og:description\" content=\"En mars 2023, le Groupe d\u2019experts intergouvernemental sur l\u2019\u00e9volution du climat (GIEC) a publi\u00e9 un rapport qui indique que les \u00e9missions de gaz \u00e0 effet de\" \/>\n<meta property=\"og:url\" content=\"https:\/\/en3s.fr\/secudoc\/produits-documentaires\/publications-en3s\/la-decarbonation-des-ehpad-au-sein-de-la-transition-climatique-de-la-5eme-branche-de-la-securite-sociale\/\" \/>\n<meta property=\"og:site_name\" content=\"S\u00e9cu Doc\" \/>\n<meta property=\"article:modified_time\" content=\"2024-03-07T15:47:05+00:00\" \/>\n<meta name=\"twitter:card\" content=\"summary_large_image\" \/>\n<meta name=\"twitter:label1\" content=\"Dur\u00e9e de lecture estim\u00e9e\" \/>\n\t<meta name=\"twitter:data1\" content=\"1 minute\" \/>\n<script type=\"application\/ld+json\" class=\"yoast-schema-graph\">{\"@context\":\"https:\/\/schema.org\",\"@graph\":[{\"@type\":\"WebPage\",\"@id\":\"https:\/\/en3s.fr\/secudoc\/produits-documentaires\/publications-en3s\/la-decarbonation-des-ehpad-au-sein-de-la-transition-climatique-de-la-5eme-branche-de-la-securite-sociale\/\",\"url\":\"https:\/\/en3s.fr\/secudoc\/produits-documentaires\/publications-en3s\/la-decarbonation-des-ehpad-au-sein-de-la-transition-climatique-de-la-5eme-branche-de-la-securite-sociale\/\",\"name\":\"La d\u00e9carbonation des Ehpad au sein de la transition climatique de la 5\u00e8me branche de la S\u00e9curit\u00e9 sociale - S\u00e9cu Doc\",\"isPartOf\":{\"@id\":\"https:\/\/en3s.fr\/secudoc\/#website\"},\"datePublished\":\"2024-03-07T15:14:47+00:00\",\"dateModified\":\"2024-03-07T15:47:05+00:00\",\"description\":\"En mars 2023, le Groupe d\u2019experts intergouvernemental sur l\u2019\u00e9volution du climat (GIEC) a publi\u00e9 un rapport qui indique que les \u00e9missions de gaz \u00e0 effet de\",\"breadcrumb\":{\"@id\":\"https:\/\/en3s.fr\/secudoc\/produits-documentaires\/publications-en3s\/la-decarbonation-des-ehpad-au-sein-de-la-transition-climatique-de-la-5eme-branche-de-la-securite-sociale\/#breadcrumb\"},\"inLanguage\":\"fr-FR\",\"potentialAction\":[{\"@type\":\"ReadAction\",\"target\":[\"https:\/\/en3s.fr\/secudoc\/produits-documentaires\/publications-en3s\/la-decarbonation-des-ehpad-au-sein-de-la-transition-climatique-de-la-5eme-branche-de-la-securite-sociale\/\"]}]},{\"@type\":\"BreadcrumbList\",\"@id\":\"https:\/\/en3s.fr\/secudoc\/produits-documentaires\/publications-en3s\/la-decarbonation-des-ehpad-au-sein-de-la-transition-climatique-de-la-5eme-branche-de-la-securite-sociale\/#breadcrumb\",\"itemListElement\":[{\"@type\":\"ListItem\",\"position\":1,\"name\":\"Accueil\",\"item\":\"https:\/\/en3s.fr\/secudoc\/\"},{\"@type\":\"ListItem\",\"position\":2,\"name\":\"Produits documentaires\",\"item\":\"https:\/\/en3s.fr\/secudoc\/produits-documentaires\/\"},{\"@type\":\"ListItem\",\"position\":3,\"name\":\"Publications EN3S\",\"item\":\"https:\/\/en3s.fr\/secudoc\/produits-documentaires\/publications-en3s\/\"},{\"@type\":\"ListItem\",\"position\":4,\"name\":\"La d\u00e9carbonation des Ehpad au sein de la transition climatique de la 5\u00e8me branche de la S\u00e9curit\u00e9 sociale\"}]},{\"@type\":\"WebSite\",\"@id\":\"https:\/\/en3s.fr\/secudoc\/#website\",\"url\":\"https:\/\/en3s.fr\/secudoc\/\",\"name\":\"S\u00e9cu Doc\",\"description\":\"Centre de ressources de la S\u00e9curit\u00e9 sociale\",\"potentialAction\":[{\"@type\":\"SearchAction\",\"target\":{\"@type\":\"EntryPoint\",\"urlTemplate\":\"https:\/\/en3s.fr\/secudoc\/?s={search_term_string}\"},\"query-input\":{\"@type\":\"PropertyValueSpecification\",\"valueRequired\":true,\"valueName\":\"search_term_string\"}}],\"inLanguage\":\"fr-FR\"}]}<\/script>\n<!-- \/ Yoast SEO plugin. -->","yoast_head_json":{"title":"La d\u00e9carbonation des Ehpad au sein de la transition climatique de la 5\u00e8me branche de la S\u00e9curit\u00e9 sociale - S\u00e9cu Doc","description":"En mars 2023, le Groupe d\u2019experts intergouvernemental sur l\u2019\u00e9volution du climat (GIEC) a publi\u00e9 un rapport qui indique que les \u00e9missions de gaz \u00e0 effet de","robots":{"index":"index","follow":"follow","max-snippet":"max-snippet:-1","max-image-preview":"max-image-preview:large","max-video-preview":"max-video-preview:-1"},"canonical":"https:\/\/en3s.fr\/secudoc\/produits-documentaires\/publications-en3s\/la-decarbonation-des-ehpad-au-sein-de-la-transition-climatique-de-la-5eme-branche-de-la-securite-sociale\/","og_locale":"fr_FR","og_type":"article","og_title":"La d\u00e9carbonation des Ehpad au sein de la transition climatique de la 5\u00e8me branche de la S\u00e9curit\u00e9 sociale - S\u00e9cu Doc","og_description":"En mars 2023, le Groupe d\u2019experts intergouvernemental sur l\u2019\u00e9volution du climat (GIEC) a publi\u00e9 un rapport qui indique que les \u00e9missions de gaz \u00e0 effet de","og_url":"https:\/\/en3s.fr\/secudoc\/produits-documentaires\/publications-en3s\/la-decarbonation-des-ehpad-au-sein-de-la-transition-climatique-de-la-5eme-branche-de-la-securite-sociale\/","og_site_name":"S\u00e9cu Doc","article_modified_time":"2024-03-07T15:47:05+00:00","twitter_card":"summary_large_image","twitter_misc":{"Dur\u00e9e de lecture estim\u00e9e":"1 minute"},"schema":{"@context":"https:\/\/schema.org","@graph":[{"@type":"WebPage","@id":"https:\/\/en3s.fr\/secudoc\/produits-documentaires\/publications-en3s\/la-decarbonation-des-ehpad-au-sein-de-la-transition-climatique-de-la-5eme-branche-de-la-securite-sociale\/","url":"https:\/\/en3s.fr\/secudoc\/produits-documentaires\/publications-en3s\/la-decarbonation-des-ehpad-au-sein-de-la-transition-climatique-de-la-5eme-branche-de-la-securite-sociale\/","name":"La d\u00e9carbonation des Ehpad au sein de la transition climatique de la 5\u00e8me branche de la S\u00e9curit\u00e9 sociale - S\u00e9cu Doc","isPartOf":{"@id":"https:\/\/en3s.fr\/secudoc\/#website"},"datePublished":"2024-03-07T15:14:47+00:00","dateModified":"2024-03-07T15:47:05+00:00","description":"En mars 2023, le Groupe d\u2019experts intergouvernemental sur l\u2019\u00e9volution du climat (GIEC) a publi\u00e9 un rapport qui indique que les \u00e9missions de gaz \u00e0 effet de","breadcrumb":{"@id":"https:\/\/en3s.fr\/secudoc\/produits-documentaires\/publications-en3s\/la-decarbonation-des-ehpad-au-sein-de-la-transition-climatique-de-la-5eme-branche-de-la-securite-sociale\/#breadcrumb"},"inLanguage":"fr-FR","potentialAction":[{"@type":"ReadAction","target":["https:\/\/en3s.fr\/secudoc\/produits-documentaires\/publications-en3s\/la-decarbonation-des-ehpad-au-sein-de-la-transition-climatique-de-la-5eme-branche-de-la-securite-sociale\/"]}]},{"@type":"BreadcrumbList","@id":"https:\/\/en3s.fr\/secudoc\/produits-documentaires\/publications-en3s\/la-decarbonation-des-ehpad-au-sein-de-la-transition-climatique-de-la-5eme-branche-de-la-securite-sociale\/#breadcrumb","itemListElement":[{"@type":"ListItem","position":1,"name":"Accueil","item":"https:\/\/en3s.fr\/secudoc\/"},{"@type":"ListItem","position":2,"name":"Produits documentaires","item":"https:\/\/en3s.fr\/secudoc\/produits-documentaires\/"},{"@type":"ListItem","position":3,"name":"Publications EN3S","item":"https:\/\/en3s.fr\/secudoc\/produits-documentaires\/publications-en3s\/"},{"@type":"ListItem","position":4,"name":"La d\u00e9carbonation des Ehpad au sein de la transition climatique de la 5\u00e8me branche de la S\u00e9curit\u00e9 sociale"}]},{"@type":"WebSite","@id":"https:\/\/en3s.fr\/secudoc\/#website","url":"https:\/\/en3s.fr\/secudoc\/","name":"S\u00e9cu Doc","description":"Centre de ressources de la S\u00e9curit\u00e9 sociale","potentialAction":[{"@type":"SearchAction","target":{"@type":"EntryPoint","urlTemplate":"https:\/\/en3s.fr\/secudoc\/?s={search_term_string}"},"query-input":{"@type":"PropertyValueSpecification","valueRequired":true,"valueName":"search_term_string"}}],"inLanguage":"fr-FR"}]}},"_links":{"self":[{"href":"https:\/\/en3s.fr\/secudoc\/wp-json\/wp\/v2\/pages\/4613","targetHints":{"allow":["GET"]}}],"collection":[{"href":"https:\/\/en3s.fr\/secudoc\/wp-json\/wp\/v2\/pages"}],"about":[{"href":"https:\/\/en3s.fr\/secudoc\/wp-json\/wp\/v2\/types\/page"}],"author":[{"embeddable":true,"href":"https:\/\/en3s.fr\/secudoc\/wp-json\/wp\/v2\/users\/42"}],"replies":[{"embeddable":true,"href":"https:\/\/en3s.fr\/secudoc\/wp-json\/wp\/v2\/comments?post=4613"}],"version-history":[{"count":0,"href":"https:\/\/en3s.fr\/secudoc\/wp-json\/wp\/v2\/pages\/4613\/revisions"}],"up":[{"embeddable":true,"href":"https:\/\/en3s.fr\/secudoc\/wp-json\/wp\/v2\/pages\/910"}],"wp:attachment":[{"href":"https:\/\/en3s.fr\/secudoc\/wp-json\/wp\/v2\/media?parent=4613"}],"curies":[{"name":"wp","href":"https:\/\/api.w.org\/{rel}","templated":true}]}}