{"id":4621,"date":"2024-03-07T16:25:36","date_gmt":"2024-03-07T15:25:36","guid":{"rendered":"https:\/\/en3s.fr\/secudoc\/?page_id=4621"},"modified":"2024-03-07T16:25:36","modified_gmt":"2024-03-07T15:25:36","slug":"securite-sociale-et-intelligence-economique","status":"publish","type":"page","link":"https:\/\/en3s.fr\/secudoc\/produits-documentaires\/publications-en3s\/securite-sociale-et-intelligence-economique\/","title":{"rendered":"S\u00e9curit\u00e9 sociale et intelligence \u00e9conomique"},"content":{"rendered":"<blockquote><p><strong>Le 12 juillet 2023, le S\u00e9nat publie un nouveau rapport d\u2019information sur l\u2019IE qui met en relief \u00ab l\u2019urgence de d\u00e9finir une v\u00e9ritable strat\u00e9gie fran\u00e7aise d\u2019IE \u00bb. Tous les acteurs publics sont concern\u00e9s. De ce fait, il para\u00eet int\u00e9ressant d\u2019interroger la notion au regard de la sp\u00e9cificit\u00e9 de la S\u00e9curit\u00e9 sociale dans la sph\u00e8re publique.<\/strong><\/p><\/blockquote>\n<p><iframe loading=\"lazy\" title=\"S\u00c9CURIT\u00c9 SOCIALE ET INTELLIGENCE \u00c9CONOMIQUE\" width=\"500\" height=\"375\" src=\"https:\/\/www.youtube.com\/embed\/2ei0vs5wbzc?feature=oembed\" frameborder=\"0\" allow=\"accelerometer; autoplay; clipboard-write; encrypted-media; gyroscope; picture-in-picture; web-share\" referrerpolicy=\"strict-origin-when-cross-origin\" allowfullscreen><\/iframe><\/p>\n<p style=\"text-align: right\"><a class=\"button\" href=\"https:\/\/www.calameo.com\/read\/0043105040b1bffefe990\" target=\"_blank\" rel=\"noopener\">Retrouvez l&rsquo;int\u00e9gralit\u00e9 du rapport<\/a><\/p>\n","protected":false},"excerpt":{"rendered":"<p>Le 12 juillet 2023, le S\u00e9nat publie un nouveau rapport d\u2019information sur l\u2019IE qui met en relief \u00ab l\u2019urgence de d\u00e9finir une v\u00e9ritable strat\u00e9gie fran\u00e7aise d\u2019IE \u00bb. Tous les acteurs publics sont concern\u00e9s. De ce fait, il para\u00eet int\u00e9ressant d\u2019interroger la notion au regard de la sp\u00e9cificit\u00e9 de la S\u00e9curit\u00e9 sociale dans la sph\u00e8re publique. [&hellip;]<\/p>\n","protected":false},"author":42,"featured_media":0,"parent":910,"menu_order":0,"comment_status":"closed","ping_status":"closed","template":"","meta":{"ngg_post_thumbnail":0,"footnotes":""},"class_list":["post-4621","page","type-page","status-publish","hentry"],"yoast_head":"<!-- This site is optimized with the Yoast SEO plugin v24.9 - https:\/\/yoast.com\/wordpress\/plugins\/seo\/ -->\n<title>S\u00e9curit\u00e9 sociale et intelligence \u00e9conomique - S\u00e9cu Doc<\/title>\n<meta name=\"description\" content=\"Le 12 juillet 2023, le S\u00e9nat publie un nouveau rapport d\u2019information sur l\u2019IE qui met en relief \u00ab l\u2019urgence de d\u00e9finir une v\u00e9ritable strat\u00e9gie fran\u00e7aise\" \/>\n<meta name=\"robots\" content=\"index, follow, max-snippet:-1, max-image-preview:large, max-video-preview:-1\" \/>\n<link rel=\"canonical\" href=\"https:\/\/en3s.fr\/secudoc\/produits-documentaires\/publications-en3s\/securite-sociale-et-intelligence-economique\/\" \/>\n<meta property=\"og:locale\" content=\"fr_FR\" \/>\n<meta property=\"og:type\" content=\"article\" \/>\n<meta property=\"og:title\" content=\"S\u00e9curit\u00e9 sociale et intelligence \u00e9conomique - S\u00e9cu Doc\" \/>\n<meta property=\"og:description\" content=\"Le 12 juillet 2023, le S\u00e9nat publie un nouveau rapport d\u2019information sur l\u2019IE qui met en relief \u00ab l\u2019urgence de d\u00e9finir une v\u00e9ritable strat\u00e9gie fran\u00e7aise\" \/>\n<meta property=\"og:url\" content=\"https:\/\/en3s.fr\/secudoc\/produits-documentaires\/publications-en3s\/securite-sociale-et-intelligence-economique\/\" \/>\n<meta property=\"og:site_name\" content=\"S\u00e9cu Doc\" \/>\n<meta name=\"twitter:card\" content=\"summary_large_image\" \/>\n<meta name=\"twitter:label1\" content=\"Dur\u00e9e de lecture estim\u00e9e\" \/>\n\t<meta name=\"twitter:data1\" content=\"1 minute\" \/>\n<script type=\"application\/ld+json\" class=\"yoast-schema-graph\">{\"@context\":\"https:\/\/schema.org\",\"@graph\":[{\"@type\":\"WebPage\",\"@id\":\"https:\/\/en3s.fr\/secudoc\/produits-documentaires\/publications-en3s\/securite-sociale-et-intelligence-economique\/\",\"url\":\"https:\/\/en3s.fr\/secudoc\/produits-documentaires\/publications-en3s\/securite-sociale-et-intelligence-economique\/\",\"name\":\"S\u00e9curit\u00e9 sociale et intelligence \u00e9conomique - S\u00e9cu Doc\",\"isPartOf\":{\"@id\":\"https:\/\/en3s.fr\/secudoc\/#website\"},\"datePublished\":\"2024-03-07T15:25:36+00:00\",\"description\":\"Le 12 juillet 2023, le S\u00e9nat publie un nouveau rapport d\u2019information sur l\u2019IE qui met en relief \u00ab l\u2019urgence de d\u00e9finir une v\u00e9ritable strat\u00e9gie fran\u00e7aise\",\"breadcrumb\":{\"@id\":\"https:\/\/en3s.fr\/secudoc\/produits-documentaires\/publications-en3s\/securite-sociale-et-intelligence-economique\/#breadcrumb\"},\"inLanguage\":\"fr-FR\",\"potentialAction\":[{\"@type\":\"ReadAction\",\"target\":[\"https:\/\/en3s.fr\/secudoc\/produits-documentaires\/publications-en3s\/securite-sociale-et-intelligence-economique\/\"]}]},{\"@type\":\"BreadcrumbList\",\"@id\":\"https:\/\/en3s.fr\/secudoc\/produits-documentaires\/publications-en3s\/securite-sociale-et-intelligence-economique\/#breadcrumb\",\"itemListElement\":[{\"@type\":\"ListItem\",\"position\":1,\"name\":\"Accueil\",\"item\":\"https:\/\/en3s.fr\/secudoc\/\"},{\"@type\":\"ListItem\",\"position\":2,\"name\":\"Produits documentaires\",\"item\":\"https:\/\/en3s.fr\/secudoc\/produits-documentaires\/\"},{\"@type\":\"ListItem\",\"position\":3,\"name\":\"Publications EN3S\",\"item\":\"https:\/\/en3s.fr\/secudoc\/produits-documentaires\/publications-en3s\/\"},{\"@type\":\"ListItem\",\"position\":4,\"name\":\"S\u00e9curit\u00e9 sociale et intelligence \u00e9conomique\"}]},{\"@type\":\"WebSite\",\"@id\":\"https:\/\/en3s.fr\/secudoc\/#website\",\"url\":\"https:\/\/en3s.fr\/secudoc\/\",\"name\":\"S\u00e9cu Doc\",\"description\":\"Centre de ressources de la S\u00e9curit\u00e9 sociale\",\"potentialAction\":[{\"@type\":\"SearchAction\",\"target\":{\"@type\":\"EntryPoint\",\"urlTemplate\":\"https:\/\/en3s.fr\/secudoc\/?s={search_term_string}\"},\"query-input\":{\"@type\":\"PropertyValueSpecification\",\"valueRequired\":true,\"valueName\":\"search_term_string\"}}],\"inLanguage\":\"fr-FR\"}]}<\/script>\n<!-- \/ Yoast SEO plugin. -->","yoast_head_json":{"title":"S\u00e9curit\u00e9 sociale et intelligence \u00e9conomique - S\u00e9cu Doc","description":"Le 12 juillet 2023, le S\u00e9nat publie un nouveau rapport d\u2019information sur l\u2019IE qui met en relief \u00ab l\u2019urgence de d\u00e9finir une v\u00e9ritable strat\u00e9gie fran\u00e7aise","robots":{"index":"index","follow":"follow","max-snippet":"max-snippet:-1","max-image-preview":"max-image-preview:large","max-video-preview":"max-video-preview:-1"},"canonical":"https:\/\/en3s.fr\/secudoc\/produits-documentaires\/publications-en3s\/securite-sociale-et-intelligence-economique\/","og_locale":"fr_FR","og_type":"article","og_title":"S\u00e9curit\u00e9 sociale et intelligence \u00e9conomique - S\u00e9cu Doc","og_description":"Le 12 juillet 2023, le S\u00e9nat publie un nouveau rapport d\u2019information sur l\u2019IE qui met en relief \u00ab l\u2019urgence de d\u00e9finir une v\u00e9ritable strat\u00e9gie fran\u00e7aise","og_url":"https:\/\/en3s.fr\/secudoc\/produits-documentaires\/publications-en3s\/securite-sociale-et-intelligence-economique\/","og_site_name":"S\u00e9cu Doc","twitter_card":"summary_large_image","twitter_misc":{"Dur\u00e9e de lecture estim\u00e9e":"1 minute"},"schema":{"@context":"https:\/\/schema.org","@graph":[{"@type":"WebPage","@id":"https:\/\/en3s.fr\/secudoc\/produits-documentaires\/publications-en3s\/securite-sociale-et-intelligence-economique\/","url":"https:\/\/en3s.fr\/secudoc\/produits-documentaires\/publications-en3s\/securite-sociale-et-intelligence-economique\/","name":"S\u00e9curit\u00e9 sociale et intelligence \u00e9conomique - S\u00e9cu Doc","isPartOf":{"@id":"https:\/\/en3s.fr\/secudoc\/#website"},"datePublished":"2024-03-07T15:25:36+00:00","description":"Le 12 juillet 2023, le S\u00e9nat publie un nouveau rapport d\u2019information sur l\u2019IE qui met en relief \u00ab l\u2019urgence de d\u00e9finir une v\u00e9ritable strat\u00e9gie fran\u00e7aise","breadcrumb":{"@id":"https:\/\/en3s.fr\/secudoc\/produits-documentaires\/publications-en3s\/securite-sociale-et-intelligence-economique\/#breadcrumb"},"inLanguage":"fr-FR","potentialAction":[{"@type":"ReadAction","target":["https:\/\/en3s.fr\/secudoc\/produits-documentaires\/publications-en3s\/securite-sociale-et-intelligence-economique\/"]}]},{"@type":"BreadcrumbList","@id":"https:\/\/en3s.fr\/secudoc\/produits-documentaires\/publications-en3s\/securite-sociale-et-intelligence-economique\/#breadcrumb","itemListElement":[{"@type":"ListItem","position":1,"name":"Accueil","item":"https:\/\/en3s.fr\/secudoc\/"},{"@type":"ListItem","position":2,"name":"Produits documentaires","item":"https:\/\/en3s.fr\/secudoc\/produits-documentaires\/"},{"@type":"ListItem","position":3,"name":"Publications EN3S","item":"https:\/\/en3s.fr\/secudoc\/produits-documentaires\/publications-en3s\/"},{"@type":"ListItem","position":4,"name":"S\u00e9curit\u00e9 sociale et intelligence \u00e9conomique"}]},{"@type":"WebSite","@id":"https:\/\/en3s.fr\/secudoc\/#website","url":"https:\/\/en3s.fr\/secudoc\/","name":"S\u00e9cu Doc","description":"Centre de ressources de la S\u00e9curit\u00e9 sociale","potentialAction":[{"@type":"SearchAction","target":{"@type":"EntryPoint","urlTemplate":"https:\/\/en3s.fr\/secudoc\/?s={search_term_string}"},"query-input":{"@type":"PropertyValueSpecification","valueRequired":true,"valueName":"search_term_string"}}],"inLanguage":"fr-FR"}]}},"_links":{"self":[{"href":"https:\/\/en3s.fr\/secudoc\/wp-json\/wp\/v2\/pages\/4621","targetHints":{"allow":["GET"]}}],"collection":[{"href":"https:\/\/en3s.fr\/secudoc\/wp-json\/wp\/v2\/pages"}],"about":[{"href":"https:\/\/en3s.fr\/secudoc\/wp-json\/wp\/v2\/types\/page"}],"author":[{"embeddable":true,"href":"https:\/\/en3s.fr\/secudoc\/wp-json\/wp\/v2\/users\/42"}],"replies":[{"embeddable":true,"href":"https:\/\/en3s.fr\/secudoc\/wp-json\/wp\/v2\/comments?post=4621"}],"version-history":[{"count":0,"href":"https:\/\/en3s.fr\/secudoc\/wp-json\/wp\/v2\/pages\/4621\/revisions"}],"up":[{"embeddable":true,"href":"https:\/\/en3s.fr\/secudoc\/wp-json\/wp\/v2\/pages\/910"}],"wp:attachment":[{"href":"https:\/\/en3s.fr\/secudoc\/wp-json\/wp\/v2\/media?parent=4621"}],"curies":[{"name":"wp","href":"https:\/\/api.w.org\/{rel}","templated":true}]}}