{"id":6636,"date":"2025-05-13T16:08:26","date_gmt":"2025-05-13T14:08:26","guid":{"rendered":"https:\/\/en3s.fr\/secudoc\/?page_id=6636"},"modified":"2025-05-13T16:08:38","modified_gmt":"2025-05-13T14:08:38","slug":"retrouvez-nous-sur-univers-secu-puiblications-en3s","status":"publish","type":"page","link":"https:\/\/en3s.fr\/secudoc\/retrouvez-nous-sur-univers-secu-puiblications-en3s\/","title":{"rendered":"Retrouvez-nous sur Univers S\u00e9cu (publications EN3S)"},"content":{"rendered":"<p><img loading=\"lazy\" decoding=\"async\" class=\"wp-image-4685 aligncenter\" src=\"https:\/\/en3s.fr\/secudoc\/wp-content\/uploads\/sites\/4\/2025\/02\/logo-univers-secu-cmjn_rouge-en3s.jpg\" alt=\"\" width=\"226\" height=\"190\" srcset=\"https:\/\/en3s.fr\/secudoc\/wp-content\/uploads\/sites\/4\/2025\/02\/logo-univers-secu-cmjn_rouge-en3s.jpg 2048w, https:\/\/en3s.fr\/secudoc\/wp-content\/uploads\/sites\/4\/2025\/02\/logo-univers-secu-cmjn_rouge-en3s-768x645.jpg 768w, https:\/\/en3s.fr\/secudoc\/wp-content\/uploads\/sites\/4\/2025\/02\/logo-univers-secu-cmjn_rouge-en3s-1536x1289.jpg 1536w, https:\/\/en3s.fr\/secudoc\/wp-content\/uploads\/sites\/4\/2025\/02\/logo-univers-secu-cmjn_rouge-en3s-275x231.jpg 275w, https:\/\/en3s.fr\/secudoc\/wp-content\/uploads\/sites\/4\/2025\/02\/logo-univers-secu-cmjn_rouge-en3s-465x390.jpg 465w, https:\/\/en3s.fr\/secudoc\/wp-content\/uploads\/sites\/4\/2025\/02\/logo-univers-secu-cmjn_rouge-en3s-230x193.jpg 230w\" sizes=\"auto, (max-width: 226px) 100vw, 226px\" \/><\/p>\n<p>Le centre de ressources num\u00e9riques de l\u2019EN3S se renouvelle.<\/p>\n<p><span data-teams=\"true\">Le site S\u00e9cu doc est d\u00e9sormais ferm\u00e9. <strong>Retrouvez-nous sur <a href=\"https:\/\/univers-secu.en3s.fr\/publications-en3s.aspx\">univers-secu.en3s.fr<\/a><\/strong><\/span><\/p>\n","protected":false},"excerpt":{"rendered":"<p>Le centre de ressources num\u00e9riques de l\u2019EN3S se renouvelle. Le site S\u00e9cu doc est d\u00e9sormais ferm\u00e9. Retrouvez-nous sur univers-secu.en3s.fr<\/p>\n","protected":false},"author":46,"featured_media":0,"parent":0,"menu_order":0,"comment_status":"closed","ping_status":"closed","template":"","meta":{"ngg_post_thumbnail":0,"footnotes":""},"class_list":["post-6636","page","type-page","status-publish","hentry"],"yoast_head":"<!-- This site is optimized with the Yoast SEO plugin v24.9 - https:\/\/yoast.com\/wordpress\/plugins\/seo\/ -->\n<title>Retrouvez-nous sur Univers S\u00e9cu (publications EN3S) - S\u00e9cu Doc<\/title>\n<meta name=\"description\" content=\"Le centre de ressources num\u00e9riques de l\u2019EN3S se renouvelle.  Le site S\u00e9cu doc est d\u00e9sormais ferm\u00e9. Retrouvez-nous sur univers-secu.en3s.fr\" \/>\n<meta name=\"robots\" content=\"index, follow, max-snippet:-1, max-image-preview:large, max-video-preview:-1\" \/>\n<link rel=\"canonical\" href=\"https:\/\/en3s.fr\/secudoc\/retrouvez-nous-sur-univers-secu-puiblications-en3s\/\" \/>\n<meta property=\"og:locale\" content=\"fr_FR\" \/>\n<meta property=\"og:type\" content=\"article\" \/>\n<meta property=\"og:title\" content=\"Retrouvez-nous sur Univers S\u00e9cu (publications EN3S) - S\u00e9cu Doc\" \/>\n<meta property=\"og:description\" content=\"Le centre de ressources num\u00e9riques de l\u2019EN3S se renouvelle.  Le site S\u00e9cu doc est d\u00e9sormais ferm\u00e9. Retrouvez-nous sur univers-secu.en3s.fr\" \/>\n<meta property=\"og:url\" content=\"https:\/\/en3s.fr\/secudoc\/retrouvez-nous-sur-univers-secu-puiblications-en3s\/\" \/>\n<meta property=\"og:site_name\" content=\"S\u00e9cu Doc\" \/>\n<meta property=\"article:modified_time\" content=\"2025-05-13T14:08:38+00:00\" \/>\n<meta property=\"og:image\" content=\"https:\/\/en3s.fr\/secudoc\/wp-content\/uploads\/sites\/4\/2025\/02\/logo-univers-secu-cmjn_rouge-en3s.jpg\" \/>\n\t<meta property=\"og:image:width\" content=\"2048\" \/>\n\t<meta property=\"og:image:height\" content=\"1719\" \/>\n\t<meta property=\"og:image:type\" content=\"image\/jpeg\" \/>\n<meta name=\"twitter:card\" content=\"summary_large_image\" \/>\n<meta name=\"twitter:label1\" content=\"Dur\u00e9e de lecture estim\u00e9e\" \/>\n\t<meta name=\"twitter:data1\" content=\"1 minute\" \/>\n<script type=\"application\/ld+json\" class=\"yoast-schema-graph\">{\"@context\":\"https:\/\/schema.org\",\"@graph\":[{\"@type\":\"WebPage\",\"@id\":\"https:\/\/en3s.fr\/secudoc\/retrouvez-nous-sur-univers-secu-puiblications-en3s\/\",\"url\":\"https:\/\/en3s.fr\/secudoc\/retrouvez-nous-sur-univers-secu-puiblications-en3s\/\",\"name\":\"Retrouvez-nous sur Univers S\u00e9cu (publications EN3S) - S\u00e9cu Doc\",\"isPartOf\":{\"@id\":\"https:\/\/en3s.fr\/secudoc\/#website\"},\"primaryImageOfPage\":{\"@id\":\"https:\/\/en3s.fr\/secudoc\/retrouvez-nous-sur-univers-secu-puiblications-en3s\/#primaryimage\"},\"image\":{\"@id\":\"https:\/\/en3s.fr\/secudoc\/retrouvez-nous-sur-univers-secu-puiblications-en3s\/#primaryimage\"},\"thumbnailUrl\":\"https:\/\/en3s.fr\/secudoc\/wp-content\/uploads\/sites\/4\/2025\/02\/logo-univers-secu-cmjn_rouge-en3s.jpg\",\"datePublished\":\"2025-05-13T14:08:26+00:00\",\"dateModified\":\"2025-05-13T14:08:38+00:00\",\"description\":\"Le centre de ressources num\u00e9riques de l\u2019EN3S se renouvelle. Le site S\u00e9cu doc est d\u00e9sormais ferm\u00e9. Retrouvez-nous sur univers-secu.en3s.fr\",\"breadcrumb\":{\"@id\":\"https:\/\/en3s.fr\/secudoc\/retrouvez-nous-sur-univers-secu-puiblications-en3s\/#breadcrumb\"},\"inLanguage\":\"fr-FR\",\"potentialAction\":[{\"@type\":\"ReadAction\",\"target\":[\"https:\/\/en3s.fr\/secudoc\/retrouvez-nous-sur-univers-secu-puiblications-en3s\/\"]}]},{\"@type\":\"ImageObject\",\"inLanguage\":\"fr-FR\",\"@id\":\"https:\/\/en3s.fr\/secudoc\/retrouvez-nous-sur-univers-secu-puiblications-en3s\/#primaryimage\",\"url\":\"https:\/\/en3s.fr\/secudoc\/wp-content\/uploads\/sites\/4\/2025\/02\/logo-univers-secu-cmjn_rouge-en3s.jpg\",\"contentUrl\":\"https:\/\/en3s.fr\/secudoc\/wp-content\/uploads\/sites\/4\/2025\/02\/logo-univers-secu-cmjn_rouge-en3s.jpg\",\"width\":2048,\"height\":1719,\"caption\":\"LOGO UNIVERS SECU CMJN\"},{\"@type\":\"BreadcrumbList\",\"@id\":\"https:\/\/en3s.fr\/secudoc\/retrouvez-nous-sur-univers-secu-puiblications-en3s\/#breadcrumb\",\"itemListElement\":[{\"@type\":\"ListItem\",\"position\":1,\"name\":\"Accueil\",\"item\":\"https:\/\/en3s.fr\/secudoc\/\"},{\"@type\":\"ListItem\",\"position\":2,\"name\":\"Retrouvez-nous sur Univers S\u00e9cu (publications EN3S)\"}]},{\"@type\":\"WebSite\",\"@id\":\"https:\/\/en3s.fr\/secudoc\/#website\",\"url\":\"https:\/\/en3s.fr\/secudoc\/\",\"name\":\"S\u00e9cu Doc\",\"description\":\"Centre de ressources de la S\u00e9curit\u00e9 sociale\",\"potentialAction\":[{\"@type\":\"SearchAction\",\"target\":{\"@type\":\"EntryPoint\",\"urlTemplate\":\"https:\/\/en3s.fr\/secudoc\/?s={search_term_string}\"},\"query-input\":{\"@type\":\"PropertyValueSpecification\",\"valueRequired\":true,\"valueName\":\"search_term_string\"}}],\"inLanguage\":\"fr-FR\"}]}<\/script>\n<!-- \/ Yoast SEO plugin. -->","yoast_head_json":{"title":"Retrouvez-nous sur Univers S\u00e9cu (publications EN3S) - S\u00e9cu Doc","description":"Le centre de ressources num\u00e9riques de l\u2019EN3S se renouvelle.  Le site S\u00e9cu doc est d\u00e9sormais ferm\u00e9. Retrouvez-nous sur univers-secu.en3s.fr","robots":{"index":"index","follow":"follow","max-snippet":"max-snippet:-1","max-image-preview":"max-image-preview:large","max-video-preview":"max-video-preview:-1"},"canonical":"https:\/\/en3s.fr\/secudoc\/retrouvez-nous-sur-univers-secu-puiblications-en3s\/","og_locale":"fr_FR","og_type":"article","og_title":"Retrouvez-nous sur Univers S\u00e9cu (publications EN3S) - S\u00e9cu Doc","og_description":"Le centre de ressources num\u00e9riques de l\u2019EN3S se renouvelle.  Le site S\u00e9cu doc est d\u00e9sormais ferm\u00e9. Retrouvez-nous sur univers-secu.en3s.fr","og_url":"https:\/\/en3s.fr\/secudoc\/retrouvez-nous-sur-univers-secu-puiblications-en3s\/","og_site_name":"S\u00e9cu Doc","article_modified_time":"2025-05-13T14:08:38+00:00","og_image":[{"width":2048,"height":1719,"url":"https:\/\/en3s.fr\/secudoc\/wp-content\/uploads\/sites\/4\/2025\/02\/logo-univers-secu-cmjn_rouge-en3s.jpg","type":"image\/jpeg"}],"twitter_card":"summary_large_image","twitter_misc":{"Dur\u00e9e de lecture estim\u00e9e":"1 minute"},"schema":{"@context":"https:\/\/schema.org","@graph":[{"@type":"WebPage","@id":"https:\/\/en3s.fr\/secudoc\/retrouvez-nous-sur-univers-secu-puiblications-en3s\/","url":"https:\/\/en3s.fr\/secudoc\/retrouvez-nous-sur-univers-secu-puiblications-en3s\/","name":"Retrouvez-nous sur Univers S\u00e9cu (publications EN3S) - S\u00e9cu Doc","isPartOf":{"@id":"https:\/\/en3s.fr\/secudoc\/#website"},"primaryImageOfPage":{"@id":"https:\/\/en3s.fr\/secudoc\/retrouvez-nous-sur-univers-secu-puiblications-en3s\/#primaryimage"},"image":{"@id":"https:\/\/en3s.fr\/secudoc\/retrouvez-nous-sur-univers-secu-puiblications-en3s\/#primaryimage"},"thumbnailUrl":"https:\/\/en3s.fr\/secudoc\/wp-content\/uploads\/sites\/4\/2025\/02\/logo-univers-secu-cmjn_rouge-en3s.jpg","datePublished":"2025-05-13T14:08:26+00:00","dateModified":"2025-05-13T14:08:38+00:00","description":"Le centre de ressources num\u00e9riques de l\u2019EN3S se renouvelle. Le site S\u00e9cu doc est d\u00e9sormais ferm\u00e9. Retrouvez-nous sur univers-secu.en3s.fr","breadcrumb":{"@id":"https:\/\/en3s.fr\/secudoc\/retrouvez-nous-sur-univers-secu-puiblications-en3s\/#breadcrumb"},"inLanguage":"fr-FR","potentialAction":[{"@type":"ReadAction","target":["https:\/\/en3s.fr\/secudoc\/retrouvez-nous-sur-univers-secu-puiblications-en3s\/"]}]},{"@type":"ImageObject","inLanguage":"fr-FR","@id":"https:\/\/en3s.fr\/secudoc\/retrouvez-nous-sur-univers-secu-puiblications-en3s\/#primaryimage","url":"https:\/\/en3s.fr\/secudoc\/wp-content\/uploads\/sites\/4\/2025\/02\/logo-univers-secu-cmjn_rouge-en3s.jpg","contentUrl":"https:\/\/en3s.fr\/secudoc\/wp-content\/uploads\/sites\/4\/2025\/02\/logo-univers-secu-cmjn_rouge-en3s.jpg","width":2048,"height":1719,"caption":"LOGO UNIVERS SECU CMJN"},{"@type":"BreadcrumbList","@id":"https:\/\/en3s.fr\/secudoc\/retrouvez-nous-sur-univers-secu-puiblications-en3s\/#breadcrumb","itemListElement":[{"@type":"ListItem","position":1,"name":"Accueil","item":"https:\/\/en3s.fr\/secudoc\/"},{"@type":"ListItem","position":2,"name":"Retrouvez-nous sur Univers S\u00e9cu (publications EN3S)"}]},{"@type":"WebSite","@id":"https:\/\/en3s.fr\/secudoc\/#website","url":"https:\/\/en3s.fr\/secudoc\/","name":"S\u00e9cu Doc","description":"Centre de ressources de la S\u00e9curit\u00e9 sociale","potentialAction":[{"@type":"SearchAction","target":{"@type":"EntryPoint","urlTemplate":"https:\/\/en3s.fr\/secudoc\/?s={search_term_string}"},"query-input":{"@type":"PropertyValueSpecification","valueRequired":true,"valueName":"search_term_string"}}],"inLanguage":"fr-FR"}]}},"_links":{"self":[{"href":"https:\/\/en3s.fr\/secudoc\/wp-json\/wp\/v2\/pages\/6636","targetHints":{"allow":["GET"]}}],"collection":[{"href":"https:\/\/en3s.fr\/secudoc\/wp-json\/wp\/v2\/pages"}],"about":[{"href":"https:\/\/en3s.fr\/secudoc\/wp-json\/wp\/v2\/types\/page"}],"author":[{"embeddable":true,"href":"https:\/\/en3s.fr\/secudoc\/wp-json\/wp\/v2\/users\/46"}],"replies":[{"embeddable":true,"href":"https:\/\/en3s.fr\/secudoc\/wp-json\/wp\/v2\/comments?post=6636"}],"version-history":[{"count":0,"href":"https:\/\/en3s.fr\/secudoc\/wp-json\/wp\/v2\/pages\/6636\/revisions"}],"wp:attachment":[{"href":"https:\/\/en3s.fr\/secudoc\/wp-json\/wp\/v2\/media?parent=6636"}],"curies":[{"name":"wp","href":"https:\/\/api.w.org\/{rel}","templated":true}]}}